{"id":250,"date":"2021-01-17T18:41:55","date_gmt":"2021-01-17T17:41:55","guid":{"rendered":"http:\/\/didaktik-der-bildenden-kuenste.de\/kpt2021\/?page_id=250"},"modified":"2026-02-02T13:53:17","modified_gmt":"2026-02-02T12:53:17","slug":"programm","status":"publish","type":"page","link":"http:\/\/didaktik-der-bildenden-kuenste.de\/kpt2021\/programm\/","title":{"rendered":"Programm"},"content":{"rendered":"\n<div class=\"wp-block-group breadcrumb-row is-layout-flex wp-block-group-is-layout-flex\">\n<p><a href=\"https:\/\/didaktik-der-bildenden-kuenste.de\/\">Didaktik der Bildenden K\u00fcnste<\/a> ><\/p>\n\n\n<div class=\"yoast-breadcrumbs\"><span><span><a href=\"http:\/\/didaktik-der-bildenden-kuenste.de\/kpt2021\/\">Kunstp\u00e4dagogischer Tag<\/a><\/span> &gt; <span class=\"breadcrumb_last\" aria-current=\"page\">Programm<\/span><\/span><\/div><\/div>\n\n\n\n<div style=\"height:100px\" aria-hidden=\"true\" class=\"wp-block-spacer\"><\/div>\n\n\n\n<figure class=\"wp-block-table\"><table><tbody><tr><td>8.45 \u2013 9.30 Uhr<\/td><td>Einlass, Anmeldung und&nbsp; Einteilung der Workshopgruppen (Eingang Hauptgeb\u00e4ude)<\/td><\/tr><tr><td>9.30 \u2013 9.40 Uhr<\/td><td>Er\u00f6ffnung der Tagung, Begr\u00fc\u00dfung (Aula)<\/td><\/tr><tr><td>9.40 \u2013 9.50 Uhr<\/td><td>Begr\u00fc\u00dfung durch BDK NRW<\/td><\/tr><tr><td>9.50 \u2013 10.15 Uhr<\/td><td><a href=\"https:\/\/didaktik-der-bildenden-kuenste.de\/kpt2021\/vortraege\/taste-und-tasten\/\" data-type=\"link\" data-id=\"https:\/\/didaktik-der-bildenden-kuenste.de\/kpt2021\/vortraege\/taste-und-tasten\/\">Einf\u00fchrung<\/a><br>Sara Horn\u00e4k\u00a0(D\u00fcsseldorf)<br>Taste und Tasten<\/td><\/tr><tr><td>10.15 \u2013 10.45 Uhr<\/td><td>Vortrag I<br>Susanne Henning (D\u00fcsseldorf) <br>Zur\u00fcck in die Zukunft. Kunstp\u00e4dagogik im Feld k\u00fcnstlerischer, sozialer und digitaler Entwicklungen<\/td><\/tr><tr><td>11.00 \u2013 12.30 Uhr<\/td><td>Workshops Block I<\/td><\/tr><tr><td>12.30 \u2013 13.30 Uhr<\/td><td>Mittagspause und Kaffeetrinken &nbsp;<\/td><\/tr><tr><td>13.30 \u2013 14.00 Uhr<\/td><td><a href=\"http:\/\/didaktik-der-bildenden-kuenste.de\/kpt2021\/vortraege\/wie-frei-ist-die-smartness-zur-bedeutung-der-kulturellen-dimension-von-digitalitaet\/\">Vortrag II <\/a><br>Frank Jebe&nbsp; (Krefeld)<br>Wie frei ist die Smartness? Zur Bedeutung der kulturellen Dimension von Digitalit\u00e4t<\/td><\/tr><tr><td>14.00 \u2013 14.30 Uhr<\/td><td><a href=\"http:\/\/didaktik-der-bildenden-kuenste.de\/kpt2021\/vortraege\/dies-ist-mein-stein-experiment-narration-und-digitale-transformation-im-kontext-einer-materialbildung\/\">Vortrag III <\/a><br>Sara Burkhardt (Halle)<br>\u201eDies ist mein Stein.\u201c Experiment, Narration und digitale Transformation <br>im Kontext einer Materialbildung<\/td><\/tr><tr><td>14.30 \u2013 16.00 Uhr<\/td><td>Workshops Block II<\/td><\/tr><tr><td>16.00 \u2013 17.00 Uhr<\/td><td>Ausklang<\/td><\/tr><\/tbody><\/table><\/figure>\n\n\n\n\n\n<div style=\"height:100px\" aria-hidden=\"true\" class=\"wp-block-spacer\"><\/div>\n\n\n\n<p class=\"newsletter-title has-dark-gray-color has-text-color has-link-color wp-elements-3d081ee4412b4aad9057c22a505c72fb\"><a href=\"https:\/\/didaktik-der-bildenden-kuenste.de\/newsletter\/\">NEWSLETTER<\/a><br>Melden Sie sich hier zum Newsletter der Didaktik der Bildenden K\u00fcnste an.<\/p>\n\n\n\n<p class=\"has-small-font-size\"><a href=\"http:\/\/didaktik-der-bildenden-kuenste.de\/kpt2021\/wp-content\/uploads\/sites\/5\/2020\/11\/IMPRESSUM.pdf\" target=\"_blank\">IMPRESSUM<\/a><\/p>\n","protected":false},"excerpt":{"rendered":"<p>8.45 \u2013 9.30 Uhr Einlass, Anmeldung und&nbsp; Einteilung der Workshopgruppen (Eingang Hauptgeb\u00e4ude) 9.30 \u2013 9.40 Uhr Er\u00f6ffnung der Tagung, Begr\u00fc\u00dfung (Aula) 9.40 \u2013 9.50 Uhr Begr\u00fc\u00dfung durch BDK NRW 9.50 \u2013 10.15 Uhr Einf\u00fchrungSara Horn\u00e4k\u00a0(D\u00fcsseldorf)Taste und Tasten 10.15 \u2013 10.45 Uhr Vortrag ISusanne Henning (D\u00fcsseldorf) Zur\u00fcck in die Zukunft. Kunstp\u00e4dagogik im Feld k\u00fcnstlerischer, sozialer und [&hellip;]<\/p>\n","protected":false},"author":1,"featured_media":0,"parent":0,"menu_order":0,"comment_status":"closed","ping_status":"closed","template":"page-templates\/full-width.php","meta":{"footnotes":""},"class_list":["post-250","page","type-page","status-publish","hentry"],"yoast_head":"<!-- This site is optimized with the Yoast SEO plugin v26.8 - https:\/\/yoast.com\/product\/yoast-seo-wordpress\/ -->\n<title>Programm -<\/title>\n<meta name=\"robots\" content=\"index, follow, max-snippet:-1, max-image-preview:large, max-video-preview:-1\" \/>\n<link rel=\"canonical\" href=\"http:\/\/didaktik-der-bildenden-kuenste.de\/kpt2021\/programm\/\" \/>\n<meta property=\"og:locale\" content=\"de_DE\" \/>\n<meta property=\"og:type\" content=\"article\" \/>\n<meta property=\"og:title\" content=\"Programm -\" \/>\n<meta property=\"og:description\" content=\"8.45 \u2013 9.30 Uhr Einlass, Anmeldung und&nbsp; Einteilung der Workshopgruppen (Eingang Hauptgeb\u00e4ude) 9.30 \u2013 9.40 Uhr Er\u00f6ffnung der Tagung, Begr\u00fc\u00dfung (Aula) 9.40 \u2013 9.50 Uhr Begr\u00fc\u00dfung durch BDK NRW 9.50 \u2013 10.15 Uhr Einf\u00fchrungSara Horn\u00e4k\u00a0(D\u00fcsseldorf)Taste und Tasten 10.15 \u2013 10.45 Uhr Vortrag ISusanne Henning (D\u00fcsseldorf) Zur\u00fcck in die Zukunft. Kunstp\u00e4dagogik im Feld k\u00fcnstlerischer, sozialer und [&hellip;]\" \/>\n<meta property=\"og:url\" content=\"http:\/\/didaktik-der-bildenden-kuenste.de\/kpt2021\/programm\/\" \/>\n<meta property=\"article:modified_time\" content=\"2026-02-02T12:53:17+00:00\" \/>\n<meta name=\"twitter:card\" content=\"summary_large_image\" \/>\n<meta name=\"twitter:label1\" content=\"Gesch\u00e4tzte Lesezeit\" \/>\n\t<meta name=\"twitter:data1\" content=\"3\u00a0Minuten\" \/>\n<script type=\"application\/ld+json\" class=\"yoast-schema-graph\">{\"@context\":\"https:\/\/schema.org\",\"@graph\":[{\"@type\":\"WebPage\",\"@id\":\"http:\/\/didaktik-der-bildenden-kuenste.de\/kpt2021\/programm\/\",\"url\":\"http:\/\/didaktik-der-bildenden-kuenste.de\/kpt2021\/programm\/\",\"name\":\"Programm -\",\"isPartOf\":{\"@id\":\"http:\/\/didaktik-der-bildenden-kuenste.de\/kpt2021\/#website\"},\"datePublished\":\"2021-01-17T17:41:55+00:00\",\"dateModified\":\"2026-02-02T12:53:17+00:00\",\"breadcrumb\":{\"@id\":\"http:\/\/didaktik-der-bildenden-kuenste.de\/kpt2021\/programm\/#breadcrumb\"},\"inLanguage\":\"de\",\"potentialAction\":[{\"@type\":\"ReadAction\",\"target\":[\"http:\/\/didaktik-der-bildenden-kuenste.de\/kpt2021\/programm\/\"]}]},{\"@type\":\"BreadcrumbList\",\"@id\":\"http:\/\/didaktik-der-bildenden-kuenste.de\/kpt2021\/programm\/#breadcrumb\",\"itemListElement\":[{\"@type\":\"ListItem\",\"position\":1,\"name\":\"Kunstp\u00e4dagogischer Tag\",\"item\":\"http:\/\/didaktik-der-bildenden-kuenste.de\/kpt2021\/\"},{\"@type\":\"ListItem\",\"position\":2,\"name\":\"Programm\"}]},{\"@type\":\"WebSite\",\"@id\":\"http:\/\/didaktik-der-bildenden-kuenste.de\/kpt2021\/#website\",\"url\":\"http:\/\/didaktik-der-bildenden-kuenste.de\/kpt2021\/\",\"name\":\"\",\"description\":\"\",\"potentialAction\":[{\"@type\":\"SearchAction\",\"target\":{\"@type\":\"EntryPoint\",\"urlTemplate\":\"http:\/\/didaktik-der-bildenden-kuenste.de\/kpt2021\/?s={search_term_string}\"},\"query-input\":{\"@type\":\"PropertyValueSpecification\",\"valueRequired\":true,\"valueName\":\"search_term_string\"}}],\"inLanguage\":\"de\"}]}<\/script>\n<!-- \/ Yoast SEO plugin. -->","yoast_head_json":{"title":"Programm -","robots":{"index":"index","follow":"follow","max-snippet":"max-snippet:-1","max-image-preview":"max-image-preview:large","max-video-preview":"max-video-preview:-1"},"canonical":"http:\/\/didaktik-der-bildenden-kuenste.de\/kpt2021\/programm\/","og_locale":"de_DE","og_type":"article","og_title":"Programm -","og_description":"8.45 \u2013 9.30 Uhr Einlass, Anmeldung und&nbsp; Einteilung der Workshopgruppen (Eingang Hauptgeb\u00e4ude) 9.30 \u2013 9.40 Uhr Er\u00f6ffnung der Tagung, Begr\u00fc\u00dfung (Aula) 9.40 \u2013 9.50 Uhr Begr\u00fc\u00dfung durch BDK NRW 9.50 \u2013 10.15 Uhr Einf\u00fchrungSara Horn\u00e4k\u00a0(D\u00fcsseldorf)Taste und Tasten 10.15 \u2013 10.45 Uhr Vortrag ISusanne Henning (D\u00fcsseldorf) Zur\u00fcck in die Zukunft. Kunstp\u00e4dagogik im Feld k\u00fcnstlerischer, sozialer und [&hellip;]","og_url":"http:\/\/didaktik-der-bildenden-kuenste.de\/kpt2021\/programm\/","article_modified_time":"2026-02-02T12:53:17+00:00","twitter_card":"summary_large_image","twitter_misc":{"Gesch\u00e4tzte Lesezeit":"3\u00a0Minuten"},"schema":{"@context":"https:\/\/schema.org","@graph":[{"@type":"WebPage","@id":"http:\/\/didaktik-der-bildenden-kuenste.de\/kpt2021\/programm\/","url":"http:\/\/didaktik-der-bildenden-kuenste.de\/kpt2021\/programm\/","name":"Programm -","isPartOf":{"@id":"http:\/\/didaktik-der-bildenden-kuenste.de\/kpt2021\/#website"},"datePublished":"2021-01-17T17:41:55+00:00","dateModified":"2026-02-02T12:53:17+00:00","breadcrumb":{"@id":"http:\/\/didaktik-der-bildenden-kuenste.de\/kpt2021\/programm\/#breadcrumb"},"inLanguage":"de","potentialAction":[{"@type":"ReadAction","target":["http:\/\/didaktik-der-bildenden-kuenste.de\/kpt2021\/programm\/"]}]},{"@type":"BreadcrumbList","@id":"http:\/\/didaktik-der-bildenden-kuenste.de\/kpt2021\/programm\/#breadcrumb","itemListElement":[{"@type":"ListItem","position":1,"name":"Kunstp\u00e4dagogischer Tag","item":"http:\/\/didaktik-der-bildenden-kuenste.de\/kpt2021\/"},{"@type":"ListItem","position":2,"name":"Programm"}]},{"@type":"WebSite","@id":"http:\/\/didaktik-der-bildenden-kuenste.de\/kpt2021\/#website","url":"http:\/\/didaktik-der-bildenden-kuenste.de\/kpt2021\/","name":"","description":"","potentialAction":[{"@type":"SearchAction","target":{"@type":"EntryPoint","urlTemplate":"http:\/\/didaktik-der-bildenden-kuenste.de\/kpt2021\/?s={search_term_string}"},"query-input":{"@type":"PropertyValueSpecification","valueRequired":true,"valueName":"search_term_string"}}],"inLanguage":"de"}]}},"_links":{"self":[{"href":"http:\/\/didaktik-der-bildenden-kuenste.de\/kpt2021\/wp-json\/wp\/v2\/pages\/250","targetHints":{"allow":["GET"]}}],"collection":[{"href":"http:\/\/didaktik-der-bildenden-kuenste.de\/kpt2021\/wp-json\/wp\/v2\/pages"}],"about":[{"href":"http:\/\/didaktik-der-bildenden-kuenste.de\/kpt2021\/wp-json\/wp\/v2\/types\/page"}],"author":[{"embeddable":true,"href":"http:\/\/didaktik-der-bildenden-kuenste.de\/kpt2021\/wp-json\/wp\/v2\/users\/1"}],"replies":[{"embeddable":true,"href":"http:\/\/didaktik-der-bildenden-kuenste.de\/kpt2021\/wp-json\/wp\/v2\/comments?post=250"}],"version-history":[{"count":19,"href":"http:\/\/didaktik-der-bildenden-kuenste.de\/kpt2021\/wp-json\/wp\/v2\/pages\/250\/revisions"}],"predecessor-version":[{"id":797,"href":"http:\/\/didaktik-der-bildenden-kuenste.de\/kpt2021\/wp-json\/wp\/v2\/pages\/250\/revisions\/797"}],"wp:attachment":[{"href":"http:\/\/didaktik-der-bildenden-kuenste.de\/kpt2021\/wp-json\/wp\/v2\/media?parent=250"}],"curies":[{"name":"wp","href":"https:\/\/api.w.org\/{rel}","templated":true}]}}