{"id":317,"date":"2021-02-01T15:52:59","date_gmt":"2021-02-01T14:52:59","guid":{"rendered":"http:\/\/didaktik-der-bildenden-kuenste.de\/kpt2021\/?page_id=317"},"modified":"2026-02-02T13:54:39","modified_gmt":"2026-02-02T12:54:39","slug":"ton-steine-handys","status":"publish","type":"page","link":"http:\/\/didaktik-der-bildenden-kuenste.de\/kpt2021\/abstracts\/ton-steine-handys\/","title":{"rendered":"Ton, Steine, Handys"},"content":{"rendered":"\n<div class=\"wp-block-group breadcrumb-row is-layout-flex wp-block-group-is-layout-flex\">\n<p><a href=\"https:\/\/didaktik-der-bildenden-kuenste.de\/\">Didaktik der Bildenden K\u00fcnste<\/a> ><\/p>\n\n\n<div class=\"yoast-breadcrumbs\"><span><span><a href=\"http:\/\/didaktik-der-bildenden-kuenste.de\/kpt2021\/\">Kunstp\u00e4dagogischer Tag<\/a><\/span> &gt; <span><a href=\"http:\/\/didaktik-der-bildenden-kuenste.de\/kpt2021\/abstracts\/\">Workshops<\/a><\/span> &gt; <span class=\"breadcrumb_last\" aria-current=\"page\">Ton, Steine, Handys<\/span><\/span><\/div><\/div>\n\n\n\n<div style=\"height:100px\" aria-hidden=\"true\" class=\"wp-block-spacer\"><\/div>\n\n\n\n<figure class=\"wp-block-image size-large\"><img loading=\"lazy\" decoding=\"async\" width=\"1024\" height=\"683\" src=\"http:\/\/didaktik-der-bildenden-kuenste.de\/kpt2021\/wp-content\/uploads\/sites\/5\/2021\/10\/Banner5_comp-1024x683.png\" alt=\"\" class=\"wp-image-613\" srcset=\"http:\/\/didaktik-der-bildenden-kuenste.de\/kpt2021\/wp-content\/uploads\/sites\/5\/2021\/10\/Banner5_comp-1024x683.png 1024w, http:\/\/didaktik-der-bildenden-kuenste.de\/kpt2021\/wp-content\/uploads\/sites\/5\/2021\/10\/Banner5_comp-300x200.png 300w, http:\/\/didaktik-der-bildenden-kuenste.de\/kpt2021\/wp-content\/uploads\/sites\/5\/2021\/10\/Banner5_comp-768x512.png 768w, http:\/\/didaktik-der-bildenden-kuenste.de\/kpt2021\/wp-content\/uploads\/sites\/5\/2021\/10\/Banner5_comp-1536x1024.png 1536w, http:\/\/didaktik-der-bildenden-kuenste.de\/kpt2021\/wp-content\/uploads\/sites\/5\/2021\/10\/Banner5_comp-2048x1365.png 2048w, http:\/\/didaktik-der-bildenden-kuenste.de\/kpt2021\/wp-content\/uploads\/sites\/5\/2021\/10\/Banner5_comp-624x416.png 624w, http:\/\/didaktik-der-bildenden-kuenste.de\/kpt2021\/wp-content\/uploads\/sites\/5\/2021\/10\/Banner5_comp-400x267.png 400w\" sizes=\"auto, (max-width: 1024px) 100vw, 1024px\" \/><\/figure>\n\n\n\n<p>Martin Schepers \/ Christine Moldrickx<\/p>\n\n\n\n<p>Googelt man das Wort \u201edigital\u201c, erscheint an erster Stelle dieser W\u00f6rterbucheintrag:<\/p>\n\n\n\n<ol class=\"wp-block-list\"><li>MEDIZIN mithilfe des Fingers erfolgend<br>\u201eetwas digital untersuchen\u201c<\/li><li>PHYSIK in Stufen erfolgend; in Einzelschritte aufgel\u00f6st<br>\u201edigitales Signal (Digitalsignal)\u201c<\/li><\/ol>\n\n\n\n<p>Von diesen beiden Bedeutungsebenen ausgehend, erkunden wir das Wesen des Digitalen in der Kunst mit einer kollektiven k\u00fcnstlerischen Arbeit, die w\u00e4hrend des Workshops entsteht.<\/p>\n\n\n\n<p>Die Gruppe teilt sich in Zweierteams auf. Zu Beginn bekommen alle ein St\u00fcck Ton und modulieren daraus frei mit den H\u00e4nden eine Figur. Die fertigen Figuren werden zwischen den Partner*innen ausgetauscht. Jetzt beginnt der zweite Teil: die ausgetauschten Figuren werden inszeniert und mit dem Smartphone fotografiert. Das kann drau\u00dfen im \u00f6ffentlichen Raum, aber auch in der Akademie passieren. Diese Bilder werden dann direkt im Handy mit den verschieden digitalen Werkzeugen der Bildbearbeitungs-App (Farben, Markierungen, Filtern usw.) bearbeitet.<\/p>\n\n\n\n<p>Am Ende entsteht ein Ensemble aus haptischen Skulpturen und ihren digital in Szene gesetzten Doppelg\u00e4ngern. Die Fotos werden mit einem Beamer projiziert. In der Projektion k\u00f6nnen sie extrem vergr\u00f6\u00dfert werden und unterscheiden sich so von den Tonobjekten nicht nur in ihrer Materialit\u00e4t, sondern auch in ihrer neuen Dimension.<\/p>\n\n\n\n<p>Der deutsche Philosoph Ernst Kapp formulierte in der Mitte des 19. Jahrhunderts in seinem Buch \u201eGrundlinien einer Philosophie der Technik\u201c die Organprojektionsthese: Alles was der Mensch technisch entwirft, ist eine Projektion seiner Leiblichkeit. Der Hammer imitiert die Faust, die S\u00e4ge imitiert die Schneidez\u00e4hne. In der Technik, so Kapp, formuliert der Mensch die Bedingungen seiner Erkenntnism\u00f6glichkeiten, die ihm zuvor nicht bewusst waren. Wie ist das Verh\u00e4ltnis der digitalen Technik zu unserem K\u00f6rper? Das ist die leitende Frage dieses Workshops, die jenseits von einem digitalen Dualismus erforscht wird.<\/p>\n\n\n\n<p><\/p>\n\n\n\n<p>MARTIN SCHEPERS ist bildender K\u00fcnstler aus Berlin und hat seit Oktober 2018 einen Lehrauftrag f\u00fcr Malerei an der Kunstakademie D\u00fcsseldorf in der Grundlehre. Studium der Bildenden Kunst an den Kunstakademien in M\u00fcnster und D\u00fcsseldorf (bei Ulrich Erben, Helmut Federle und Siegfried Anzinger, mit Abschluss als dessen Meistersch\u00fcler) sowie der Philosophie an der Universit\u00e4t M\u00fcnster. Martin Schepers war Stipendiat des Cusanuswerks, der Kunstakademie D\u00fcsseldorf, des Centre international d&#8217;art et du paysage &#8211; \u00cele de Vassivi\u00e8re (F), der Stiftung Kunst Fonds Bonn, der Ruhr Kunstvereine. sowie der Kunststiftung NRW. Katalogf\u00f6rderung der Stiftung Zukunft NRW und der LWL Kulturf\u00f6rderung.<\/p>\n\n\n\n\n\n<div style=\"height:100px\" aria-hidden=\"true\" class=\"wp-block-spacer\"><\/div>\n\n\n\n<p class=\"newsletter-title has-dark-gray-color has-text-color has-link-color wp-elements-3d081ee4412b4aad9057c22a505c72fb\"><a href=\"https:\/\/didaktik-der-bildenden-kuenste.de\/newsletter\/\">NEWSLETTER<\/a><br>Melden Sie sich hier zum Newsletter der Didaktik der Bildenden K\u00fcnste an.<\/p>\n\n\n\n<p class=\"has-small-font-size\"><a href=\"http:\/\/didaktik-der-bildenden-kuenste.de\/kpt2021\/wp-content\/uploads\/sites\/5\/2020\/11\/IMPRESSUM.pdf\" target=\"_blank\">IMPRESSUM<\/a><\/p>\n","protected":false},"excerpt":{"rendered":"<p>Martin Schepers \/ Christine Moldrickx Googelt man das Wort \u201edigital\u201c, erscheint an erster Stelle dieser W\u00f6rterbucheintrag: MEDIZIN mithilfe des Fingers erfolgend\u201eetwas digital untersuchen\u201c PHYSIK in Stufen erfolgend; in Einzelschritte aufgel\u00f6st\u201edigitales Signal (Digitalsignal)\u201c Von diesen beiden Bedeutungsebenen ausgehend, erkunden wir das Wesen des Digitalen in der Kunst mit einer kollektiven k\u00fcnstlerischen Arbeit, die w\u00e4hrend des Workshops [&hellip;]<\/p>\n","protected":false},"author":1,"featured_media":0,"parent":81,"menu_order":0,"comment_status":"closed","ping_status":"closed","template":"page-templates\/full-width.php","meta":{"footnotes":""},"class_list":["post-317","page","type-page","status-publish","hentry"],"yoast_head":"<!-- This site is optimized with the Yoast SEO plugin v26.8 - https:\/\/yoast.com\/product\/yoast-seo-wordpress\/ -->\n<title>Ton, Steine, Handys -<\/title>\n<meta name=\"robots\" content=\"index, follow, max-snippet:-1, max-image-preview:large, max-video-preview:-1\" \/>\n<link rel=\"canonical\" href=\"http:\/\/didaktik-der-bildenden-kuenste.de\/kpt2021\/abstracts\/ton-steine-handys\/\" \/>\n<meta property=\"og:locale\" content=\"de_DE\" \/>\n<meta property=\"og:type\" content=\"article\" \/>\n<meta property=\"og:title\" content=\"Ton, Steine, Handys -\" \/>\n<meta property=\"og:description\" content=\"Martin Schepers \/ Christine Moldrickx Googelt man das Wort \u201edigital\u201c, erscheint an erster Stelle dieser W\u00f6rterbucheintrag: MEDIZIN mithilfe des Fingers erfolgend\u201eetwas digital untersuchen\u201c PHYSIK in Stufen erfolgend; in Einzelschritte aufgel\u00f6st\u201edigitales Signal (Digitalsignal)\u201c Von diesen beiden Bedeutungsebenen ausgehend, erkunden wir das Wesen des Digitalen in der Kunst mit einer kollektiven k\u00fcnstlerischen Arbeit, die w\u00e4hrend des Workshops [&hellip;]\" \/>\n<meta property=\"og:url\" content=\"http:\/\/didaktik-der-bildenden-kuenste.de\/kpt2021\/abstracts\/ton-steine-handys\/\" \/>\n<meta property=\"article:modified_time\" content=\"2026-02-02T12:54:39+00:00\" \/>\n<meta property=\"og:image\" content=\"http:\/\/didaktik-der-bildenden-kuenste.de\/kpt2021\/wp-content\/uploads\/sites\/5\/2021\/10\/Banner5_comp-1024x683.png\" \/>\n<meta name=\"twitter:card\" content=\"summary_large_image\" \/>\n<meta name=\"twitter:label1\" content=\"Gesch\u00e4tzte Lesezeit\" \/>\n\t<meta name=\"twitter:data1\" content=\"7\u00a0Minuten\" \/>\n<script type=\"application\/ld+json\" class=\"yoast-schema-graph\">{\"@context\":\"https:\/\/schema.org\",\"@graph\":[{\"@type\":\"WebPage\",\"@id\":\"http:\/\/didaktik-der-bildenden-kuenste.de\/kpt2021\/abstracts\/ton-steine-handys\/\",\"url\":\"http:\/\/didaktik-der-bildenden-kuenste.de\/kpt2021\/abstracts\/ton-steine-handys\/\",\"name\":\"Ton, Steine, Handys -\",\"isPartOf\":{\"@id\":\"http:\/\/didaktik-der-bildenden-kuenste.de\/kpt2021\/#website\"},\"primaryImageOfPage\":{\"@id\":\"http:\/\/didaktik-der-bildenden-kuenste.de\/kpt2021\/abstracts\/ton-steine-handys\/#primaryimage\"},\"image\":{\"@id\":\"http:\/\/didaktik-der-bildenden-kuenste.de\/kpt2021\/abstracts\/ton-steine-handys\/#primaryimage\"},\"thumbnailUrl\":\"http:\/\/didaktik-der-bildenden-kuenste.de\/kpt2021\/wp-content\/uploads\/sites\/5\/2021\/10\/Banner5_comp-1024x683.png\",\"datePublished\":\"2021-02-01T14:52:59+00:00\",\"dateModified\":\"2026-02-02T12:54:39+00:00\",\"breadcrumb\":{\"@id\":\"http:\/\/didaktik-der-bildenden-kuenste.de\/kpt2021\/abstracts\/ton-steine-handys\/#breadcrumb\"},\"inLanguage\":\"de\",\"potentialAction\":[{\"@type\":\"ReadAction\",\"target\":[\"http:\/\/didaktik-der-bildenden-kuenste.de\/kpt2021\/abstracts\/ton-steine-handys\/\"]}]},{\"@type\":\"ImageObject\",\"inLanguage\":\"de\",\"@id\":\"http:\/\/didaktik-der-bildenden-kuenste.de\/kpt2021\/abstracts\/ton-steine-handys\/#primaryimage\",\"url\":\"http:\/\/didaktik-der-bildenden-kuenste.de\/kpt2021\/wp-content\/uploads\/sites\/5\/2021\/10\/Banner5_comp.png\",\"contentUrl\":\"http:\/\/didaktik-der-bildenden-kuenste.de\/kpt2021\/wp-content\/uploads\/sites\/5\/2021\/10\/Banner5_comp.png\",\"width\":2508,\"height\":1672},{\"@type\":\"BreadcrumbList\",\"@id\":\"http:\/\/didaktik-der-bildenden-kuenste.de\/kpt2021\/abstracts\/ton-steine-handys\/#breadcrumb\",\"itemListElement\":[{\"@type\":\"ListItem\",\"position\":1,\"name\":\"Kunstp\u00e4dagogischer Tag\",\"item\":\"http:\/\/didaktik-der-bildenden-kuenste.de\/kpt2021\/\"},{\"@type\":\"ListItem\",\"position\":2,\"name\":\"Workshops\",\"item\":\"http:\/\/didaktik-der-bildenden-kuenste.de\/kpt2021\/abstracts\/\"},{\"@type\":\"ListItem\",\"position\":3,\"name\":\"Ton, Steine, Handys\"}]},{\"@type\":\"WebSite\",\"@id\":\"http:\/\/didaktik-der-bildenden-kuenste.de\/kpt2021\/#website\",\"url\":\"http:\/\/didaktik-der-bildenden-kuenste.de\/kpt2021\/\",\"name\":\"\",\"description\":\"\",\"potentialAction\":[{\"@type\":\"SearchAction\",\"target\":{\"@type\":\"EntryPoint\",\"urlTemplate\":\"http:\/\/didaktik-der-bildenden-kuenste.de\/kpt2021\/?s={search_term_string}\"},\"query-input\":{\"@type\":\"PropertyValueSpecification\",\"valueRequired\":true,\"valueName\":\"search_term_string\"}}],\"inLanguage\":\"de\"}]}<\/script>\n<!-- \/ Yoast SEO plugin. -->","yoast_head_json":{"title":"Ton, Steine, Handys -","robots":{"index":"index","follow":"follow","max-snippet":"max-snippet:-1","max-image-preview":"max-image-preview:large","max-video-preview":"max-video-preview:-1"},"canonical":"http:\/\/didaktik-der-bildenden-kuenste.de\/kpt2021\/abstracts\/ton-steine-handys\/","og_locale":"de_DE","og_type":"article","og_title":"Ton, Steine, Handys -","og_description":"Martin Schepers \/ Christine Moldrickx Googelt man das Wort \u201edigital\u201c, erscheint an erster Stelle dieser W\u00f6rterbucheintrag: MEDIZIN mithilfe des Fingers erfolgend\u201eetwas digital untersuchen\u201c PHYSIK in Stufen erfolgend; in Einzelschritte aufgel\u00f6st\u201edigitales Signal (Digitalsignal)\u201c Von diesen beiden Bedeutungsebenen ausgehend, erkunden wir das Wesen des Digitalen in der Kunst mit einer kollektiven k\u00fcnstlerischen Arbeit, die w\u00e4hrend des Workshops [&hellip;]","og_url":"http:\/\/didaktik-der-bildenden-kuenste.de\/kpt2021\/abstracts\/ton-steine-handys\/","article_modified_time":"2026-02-02T12:54:39+00:00","og_image":[{"url":"http:\/\/didaktik-der-bildenden-kuenste.de\/kpt2021\/wp-content\/uploads\/sites\/5\/2021\/10\/Banner5_comp-1024x683.png","type":"","width":"","height":""}],"twitter_card":"summary_large_image","twitter_misc":{"Gesch\u00e4tzte Lesezeit":"7\u00a0Minuten"},"schema":{"@context":"https:\/\/schema.org","@graph":[{"@type":"WebPage","@id":"http:\/\/didaktik-der-bildenden-kuenste.de\/kpt2021\/abstracts\/ton-steine-handys\/","url":"http:\/\/didaktik-der-bildenden-kuenste.de\/kpt2021\/abstracts\/ton-steine-handys\/","name":"Ton, Steine, Handys -","isPartOf":{"@id":"http:\/\/didaktik-der-bildenden-kuenste.de\/kpt2021\/#website"},"primaryImageOfPage":{"@id":"http:\/\/didaktik-der-bildenden-kuenste.de\/kpt2021\/abstracts\/ton-steine-handys\/#primaryimage"},"image":{"@id":"http:\/\/didaktik-der-bildenden-kuenste.de\/kpt2021\/abstracts\/ton-steine-handys\/#primaryimage"},"thumbnailUrl":"http:\/\/didaktik-der-bildenden-kuenste.de\/kpt2021\/wp-content\/uploads\/sites\/5\/2021\/10\/Banner5_comp-1024x683.png","datePublished":"2021-02-01T14:52:59+00:00","dateModified":"2026-02-02T12:54:39+00:00","breadcrumb":{"@id":"http:\/\/didaktik-der-bildenden-kuenste.de\/kpt2021\/abstracts\/ton-steine-handys\/#breadcrumb"},"inLanguage":"de","potentialAction":[{"@type":"ReadAction","target":["http:\/\/didaktik-der-bildenden-kuenste.de\/kpt2021\/abstracts\/ton-steine-handys\/"]}]},{"@type":"ImageObject","inLanguage":"de","@id":"http:\/\/didaktik-der-bildenden-kuenste.de\/kpt2021\/abstracts\/ton-steine-handys\/#primaryimage","url":"http:\/\/didaktik-der-bildenden-kuenste.de\/kpt2021\/wp-content\/uploads\/sites\/5\/2021\/10\/Banner5_comp.png","contentUrl":"http:\/\/didaktik-der-bildenden-kuenste.de\/kpt2021\/wp-content\/uploads\/sites\/5\/2021\/10\/Banner5_comp.png","width":2508,"height":1672},{"@type":"BreadcrumbList","@id":"http:\/\/didaktik-der-bildenden-kuenste.de\/kpt2021\/abstracts\/ton-steine-handys\/#breadcrumb","itemListElement":[{"@type":"ListItem","position":1,"name":"Kunstp\u00e4dagogischer Tag","item":"http:\/\/didaktik-der-bildenden-kuenste.de\/kpt2021\/"},{"@type":"ListItem","position":2,"name":"Workshops","item":"http:\/\/didaktik-der-bildenden-kuenste.de\/kpt2021\/abstracts\/"},{"@type":"ListItem","position":3,"name":"Ton, Steine, Handys"}]},{"@type":"WebSite","@id":"http:\/\/didaktik-der-bildenden-kuenste.de\/kpt2021\/#website","url":"http:\/\/didaktik-der-bildenden-kuenste.de\/kpt2021\/","name":"","description":"","potentialAction":[{"@type":"SearchAction","target":{"@type":"EntryPoint","urlTemplate":"http:\/\/didaktik-der-bildenden-kuenste.de\/kpt2021\/?s={search_term_string}"},"query-input":{"@type":"PropertyValueSpecification","valueRequired":true,"valueName":"search_term_string"}}],"inLanguage":"de"}]}},"_links":{"self":[{"href":"http:\/\/didaktik-der-bildenden-kuenste.de\/kpt2021\/wp-json\/wp\/v2\/pages\/317","targetHints":{"allow":["GET"]}}],"collection":[{"href":"http:\/\/didaktik-der-bildenden-kuenste.de\/kpt2021\/wp-json\/wp\/v2\/pages"}],"about":[{"href":"http:\/\/didaktik-der-bildenden-kuenste.de\/kpt2021\/wp-json\/wp\/v2\/types\/page"}],"author":[{"embeddable":true,"href":"http:\/\/didaktik-der-bildenden-kuenste.de\/kpt2021\/wp-json\/wp\/v2\/users\/1"}],"replies":[{"embeddable":true,"href":"http:\/\/didaktik-der-bildenden-kuenste.de\/kpt2021\/wp-json\/wp\/v2\/comments?post=317"}],"version-history":[{"count":18,"href":"http:\/\/didaktik-der-bildenden-kuenste.de\/kpt2021\/wp-json\/wp\/v2\/pages\/317\/revisions"}],"predecessor-version":[{"id":810,"href":"http:\/\/didaktik-der-bildenden-kuenste.de\/kpt2021\/wp-json\/wp\/v2\/pages\/317\/revisions\/810"}],"up":[{"embeddable":true,"href":"http:\/\/didaktik-der-bildenden-kuenste.de\/kpt2021\/wp-json\/wp\/v2\/pages\/81"}],"wp:attachment":[{"href":"http:\/\/didaktik-der-bildenden-kuenste.de\/kpt2021\/wp-json\/wp\/v2\/media?parent=317"}],"curies":[{"name":"wp","href":"https:\/\/api.w.org\/{rel}","templated":true}]}}