{"id":13,"date":"2024-01-11T13:14:31","date_gmt":"2024-01-11T12:14:31","guid":{"rendered":"http:\/\/didaktik-der-bildenden-kuenste.de\/hybrideszeichnen\/?page_id=13"},"modified":"2026-01-27T15:01:21","modified_gmt":"2026-01-27T14:01:21","slug":"programm","status":"publish","type":"page","link":"https:\/\/didaktik-der-bildenden-kuenste.de\/hybrideszeichnen\/programm\/","title":{"rendered":"Programm"},"content":{"rendered":"\n<figure class=\"wp-block-image aligncenter size-large\"><img loading=\"lazy\" decoding=\"async\" width=\"718\" height=\"1024\" src=\"http:\/\/didaktik-der-bildenden-kuenste.de\/hybrideszeichnen\/wp-content\/uploads\/sites\/16\/2024\/02\/Bildschirmfoto-2024-02-14-um-11.52.15-718x1024.png\" alt=\"Das Bild zeigt in wei\u00dfer Schrift auf schwarzem Grund ein Plakat f\u00fcr die kunstp\u00e4dagogische Tagung. \nDer Titel lautet: Hybride Prozesse des Zeichnens. \nDer Untertitel lautet: William Kentridge im Unterricht, Kunstp\u00e4dagogischer Tag  am 08.03.2024 an der Kunstakademie D\u00fcsseldorf.\n\nAls Programm ist folgendes aufgelistet:\nVon 09.00 bis 09.30 Uhr: Anmeldung.\nVon 09.30 bis 09.45 Uhr: Vortrag von Sara Horn\u00e4k (D\u00fcsseldorf) mit dem Titel &quot;Drawing Lessons - Kentridge als P\u00e4dagoge?&quot;.\nVon 09.45 bis 10.30 Uhr: Vortrag von Angela Breidbach (L\u00fcneburg) mit dem Titel: &quot;Das Zeichnen auf die B\u00fchne bringen. Zur k\u00fcnstlerischen Praxis von William Kentridge&quot;.\nVon 10.30 bis 10.45 Uhr: Diskussion.\nVon 10.45 bis 11.00 Uhr: Pause.\nVon 11.00 bis 12.30 Uhr: Workshopblock 1.\nVon 12.30 bis 13.30 Uhr: Pause.\nVon 13.30 bis 15.00 Uhr: Workshopblock 2.\nVon 15.00 bis 15.45 Uhr: Abschlusspr\u00e4sentation.\n\nAls Workshops sind aufgelistet: \n\nWorkshop 1 mit dem Titel &quot;Kontaktzonen zwischen\nIdentit\u00e4t und Territorium&quot; von Dora Celentano, Lisa Thal und Studierende (D\u00fcsseldorf),\n\nWorkshop 2 mit dem Titel &quot;Umgang mit Fl\u00fcchtigkeit und\nReferentialit\u00e4t in digitalen\nBildwelten&quot; von Anna Kreysing,\nCanan Tercan (D\u00fcsseldorf).\n\nWorkshop 3 mit dem Titel &quot;Poetische Bildprachen\nim Animationsfilm&quot; von Gesine Hopstein.\n\nAm unteren Plakatrand wird auf Folgendes hingewiesen: \nInformationen und Anmeldung bis zum 18.02.2024 unter: http:\/\/didaktik-der-bildenden-kuenste.de\/hybrideszeichnen\/\nKonzeption: Canan Tercan, Dr. Anna Kreysing, Prof.in Dr. Sara Horn\u00e4k. Didaktik der Bildenen K\u00fcnste, Eiskellerstra\u00dfe 1, 40213 D\u00fcsseldorf.\n\nAm untersten Bildrand befinden sich Logos mit den folgenden Titeln: \n&quot;Finanziert von der Europ\u00e4schen Union NextGenerationEU&quot;, &quot;Gef\u00f6rdert vom Bundesministerium f\u00fcr Bildung und Forschung&quot;, &quot;Ein Projektverbund von lernen:digital Kompetenzzentrum Musik\/Kunst\/Sport&quot; und &quot;Kunstakademie D\u00fcsseldorf&quot;.\n\nDas Schriftbild durch eine Komposition von jeweils drei parallelen, eng aneinander verlaufenden wei\u00dfe Linien erg\u00e4nzt. Diese Linien verkn\u00fcpfen die Textelemente miteinander.\" class=\"wp-image-450\" srcset=\"https:\/\/didaktik-der-bildenden-kuenste.de\/hybrideszeichnen\/wp-content\/uploads\/sites\/16\/2024\/02\/Bildschirmfoto-2024-02-14-um-11.52.15-718x1024.png 718w, https:\/\/didaktik-der-bildenden-kuenste.de\/hybrideszeichnen\/wp-content\/uploads\/sites\/16\/2024\/02\/Bildschirmfoto-2024-02-14-um-11.52.15-210x300.png 210w, https:\/\/didaktik-der-bildenden-kuenste.de\/hybrideszeichnen\/wp-content\/uploads\/sites\/16\/2024\/02\/Bildschirmfoto-2024-02-14-um-11.52.15-768x1095.png 768w, https:\/\/didaktik-der-bildenden-kuenste.de\/hybrideszeichnen\/wp-content\/uploads\/sites\/16\/2024\/02\/Bildschirmfoto-2024-02-14-um-11.52.15-1078x1536.png 1078w, https:\/\/didaktik-der-bildenden-kuenste.de\/hybrideszeichnen\/wp-content\/uploads\/sites\/16\/2024\/02\/Bildschirmfoto-2024-02-14-um-11.52.15.png 1246w\" sizes=\"auto, (max-width: 718px) 100vw, 718px\" \/><\/figure>\n","protected":false},"excerpt":{"rendered":"","protected":false},"author":12,"featured_media":0,"parent":0,"menu_order":0,"comment_status":"closed","ping_status":"closed","template":"","meta":{"footnotes":""},"class_list":["post-13","page","type-page","status-publish","hentry"],"yoast_head":"<!-- This site is optimized with the Yoast SEO plugin v26.8 - https:\/\/yoast.com\/product\/yoast-seo-wordpress\/ -->\n<title>Programm - KUNSTP\u00c4DAGOGISCHER TAG<\/title>\n<meta name=\"description\" content=\"Kentridge Didaktik der Bildenden K\u00fcnste Hybride Prozesse des Zeichnens. William Kentridge im Unterricht. Kunstp\u00e4dagogischer Tag der Didaktik der Bildenen K\u00fcnste an der Kunstakademie D\u00fcsseldorf am 08.03.2024. Kentridge Tagung D\u00fcsseldorf - William Kentridge Kunstp\u00e4dagogik - Kunstp\u00e4dagogischer Tag Kunstakademie Sara Horn\u00e4k (D\u00fcsseldorf) Vortrag Drawing Lessons - Kentridge als P\u00e4dagoge? Angela Breidbach (L\u00fcneburg) Vortrag Das Zeichnen auf die B\u00fchne bringen - Zur k\u00fcnstlerischen Praxis von William Kentridge Workshop Dora Celentano, Lisa Thal und Studierende (D\u00fcsseldorf) Kontaktzonen zwischen Identit\u00e4t und Territorium Workshop Anna Kreysing Canan Tercan (D\u00fcsseldorf) Umgang mit Fl\u00fcchtigkeit und Referentialit\u00e4t in digitalen Bildwelten Workshop Gesine Hopstein (K\u00f6ln) Poetische Bildprachen im Animationsfilm\" \/>\n<meta name=\"robots\" content=\"index, follow, max-snippet:-1, max-image-preview:large, max-video-preview:-1\" \/>\n<link rel=\"canonical\" href=\"http:\/\/didaktik-der-bildenden-kuenste.de\/hybrideszeichnen\/programm\/\" \/>\n<meta property=\"og:locale\" content=\"de_DE\" \/>\n<meta property=\"og:type\" content=\"article\" \/>\n<meta property=\"og:title\" content=\"Programm - KUNSTP\u00c4DAGOGISCHER TAG\" \/>\n<meta property=\"og:description\" content=\"Kentridge Didaktik der Bildenden K\u00fcnste Hybride Prozesse des Zeichnens. William Kentridge im Unterricht. Kunstp\u00e4dagogischer Tag der Didaktik der Bildenen K\u00fcnste an der Kunstakademie D\u00fcsseldorf am 08.03.2024. Kentridge Tagung D\u00fcsseldorf - William Kentridge Kunstp\u00e4dagogik - Kunstp\u00e4dagogischer Tag Kunstakademie Sara Horn\u00e4k (D\u00fcsseldorf) Vortrag Drawing Lessons - Kentridge als P\u00e4dagoge? Angela Breidbach (L\u00fcneburg) Vortrag Das Zeichnen auf die B\u00fchne bringen - Zur k\u00fcnstlerischen Praxis von William Kentridge Workshop Dora Celentano, Lisa Thal und Studierende (D\u00fcsseldorf) Kontaktzonen zwischen Identit\u00e4t und Territorium Workshop Anna Kreysing Canan Tercan (D\u00fcsseldorf) Umgang mit Fl\u00fcchtigkeit und Referentialit\u00e4t in digitalen Bildwelten Workshop Gesine Hopstein (K\u00f6ln) Poetische Bildprachen im Animationsfilm\" \/>\n<meta property=\"og:url\" content=\"http:\/\/didaktik-der-bildenden-kuenste.de\/hybrideszeichnen\/programm\/\" \/>\n<meta property=\"og:site_name\" content=\"KUNSTP\u00c4DAGOGISCHER TAG\" \/>\n<meta property=\"article:modified_time\" content=\"2026-01-27T14:01:21+00:00\" \/>\n<meta property=\"og:image\" content=\"http:\/\/didaktik-der-bildenden-kuenste.de\/hybrideszeichnen\/wp-content\/uploads\/sites\/16\/2024\/02\/Bildschirmfoto-2024-02-14-um-11.52.15-718x1024.png\" \/>\n<meta name=\"twitter:card\" content=\"summary_large_image\" \/>\n<meta name=\"twitter:label1\" content=\"Gesch\u00e4tzte Lesezeit\" \/>\n\t<meta name=\"twitter:data1\" content=\"1\u00a0Minute\" \/>\n<script type=\"application\/ld+json\" class=\"yoast-schema-graph\">{\"@context\":\"https:\/\/schema.org\",\"@graph\":[{\"@type\":\"WebPage\",\"@id\":\"http:\/\/didaktik-der-bildenden-kuenste.de\/hybrideszeichnen\/programm\/\",\"url\":\"http:\/\/didaktik-der-bildenden-kuenste.de\/hybrideszeichnen\/programm\/\",\"name\":\"Programm - KUNSTP\u00c4DAGOGISCHER TAG\",\"isPartOf\":{\"@id\":\"https:\/\/didaktik-der-bildenden-kuenste.de\/hybrideszeichnen\/#website\"},\"primaryImageOfPage\":{\"@id\":\"http:\/\/didaktik-der-bildenden-kuenste.de\/hybrideszeichnen\/programm\/#primaryimage\"},\"image\":{\"@id\":\"http:\/\/didaktik-der-bildenden-kuenste.de\/hybrideszeichnen\/programm\/#primaryimage\"},\"thumbnailUrl\":\"http:\/\/didaktik-der-bildenden-kuenste.de\/hybrideszeichnen\/wp-content\/uploads\/sites\/16\/2024\/02\/Bildschirmfoto-2024-02-14-um-11.52.15-718x1024.png\",\"datePublished\":\"2024-01-11T12:14:31+00:00\",\"dateModified\":\"2026-01-27T14:01:21+00:00\",\"description\":\"Kentridge Didaktik der Bildenden K\u00fcnste Hybride Prozesse des Zeichnens. William Kentridge im Unterricht. Kunstp\u00e4dagogischer Tag der Didaktik der Bildenen K\u00fcnste an der Kunstakademie D\u00fcsseldorf am 08.03.2024. Kentridge Tagung D\u00fcsseldorf - William Kentridge Kunstp\u00e4dagogik - Kunstp\u00e4dagogischer Tag Kunstakademie Sara Horn\u00e4k (D\u00fcsseldorf) Vortrag Drawing Lessons - Kentridge als P\u00e4dagoge? Angela Breidbach (L\u00fcneburg) Vortrag Das Zeichnen auf die B\u00fchne bringen - Zur k\u00fcnstlerischen Praxis von William Kentridge Workshop Dora Celentano, Lisa Thal und Studierende (D\u00fcsseldorf) Kontaktzonen zwischen Identit\u00e4t und Territorium Workshop Anna Kreysing Canan Tercan (D\u00fcsseldorf) Umgang mit Fl\u00fcchtigkeit und Referentialit\u00e4t in digitalen Bildwelten Workshop Gesine Hopstein (K\u00f6ln) Poetische Bildprachen im Animationsfilm\",\"breadcrumb\":{\"@id\":\"http:\/\/didaktik-der-bildenden-kuenste.de\/hybrideszeichnen\/programm\/#breadcrumb\"},\"inLanguage\":\"de\",\"potentialAction\":[{\"@type\":\"ReadAction\",\"target\":[\"http:\/\/didaktik-der-bildenden-kuenste.de\/hybrideszeichnen\/programm\/\"]}]},{\"@type\":\"ImageObject\",\"inLanguage\":\"de\",\"@id\":\"http:\/\/didaktik-der-bildenden-kuenste.de\/hybrideszeichnen\/programm\/#primaryimage\",\"url\":\"https:\/\/didaktik-der-bildenden-kuenste.de\/hybrideszeichnen\/wp-content\/uploads\/sites\/16\/2024\/02\/Bildschirmfoto-2024-02-14-um-11.52.15.png\",\"contentUrl\":\"https:\/\/didaktik-der-bildenden-kuenste.de\/hybrideszeichnen\/wp-content\/uploads\/sites\/16\/2024\/02\/Bildschirmfoto-2024-02-14-um-11.52.15.png\",\"width\":1246,\"height\":1776},{\"@type\":\"BreadcrumbList\",\"@id\":\"http:\/\/didaktik-der-bildenden-kuenste.de\/hybrideszeichnen\/programm\/#breadcrumb\",\"itemListElement\":[{\"@type\":\"ListItem\",\"position\":1,\"name\":\"Kunstp\u00e4dagogischer Tag\",\"item\":\"https:\/\/didaktik-der-bildenden-kuenste.de\/hybrideszeichnen\/\"},{\"@type\":\"ListItem\",\"position\":2,\"name\":\"Programm\"}]},{\"@type\":\"WebSite\",\"@id\":\"https:\/\/didaktik-der-bildenden-kuenste.de\/hybrideszeichnen\/#website\",\"url\":\"https:\/\/didaktik-der-bildenden-kuenste.de\/hybrideszeichnen\/\",\"name\":\"KUNSTP\u00c4DAGOGISCHER TAG\",\"description\":\"\",\"potentialAction\":[{\"@type\":\"SearchAction\",\"target\":{\"@type\":\"EntryPoint\",\"urlTemplate\":\"https:\/\/didaktik-der-bildenden-kuenste.de\/hybrideszeichnen\/?s={search_term_string}\"},\"query-input\":{\"@type\":\"PropertyValueSpecification\",\"valueRequired\":true,\"valueName\":\"search_term_string\"}}],\"inLanguage\":\"de\"}]}<\/script>\n<!-- \/ Yoast SEO plugin. -->","yoast_head_json":{"title":"Programm - KUNSTP\u00c4DAGOGISCHER TAG","description":"Kentridge Didaktik der Bildenden K\u00fcnste Hybride Prozesse des Zeichnens. William Kentridge im Unterricht. Kunstp\u00e4dagogischer Tag der Didaktik der Bildenen K\u00fcnste an der Kunstakademie D\u00fcsseldorf am 08.03.2024. Kentridge Tagung D\u00fcsseldorf - William Kentridge Kunstp\u00e4dagogik - Kunstp\u00e4dagogischer Tag Kunstakademie Sara Horn\u00e4k (D\u00fcsseldorf) Vortrag Drawing Lessons - Kentridge als P\u00e4dagoge? Angela Breidbach (L\u00fcneburg) Vortrag Das Zeichnen auf die B\u00fchne bringen - Zur k\u00fcnstlerischen Praxis von William Kentridge Workshop Dora Celentano, Lisa Thal und Studierende (D\u00fcsseldorf) Kontaktzonen zwischen Identit\u00e4t und Territorium Workshop Anna Kreysing Canan Tercan (D\u00fcsseldorf) Umgang mit Fl\u00fcchtigkeit und Referentialit\u00e4t in digitalen Bildwelten Workshop Gesine Hopstein (K\u00f6ln) Poetische Bildprachen im Animationsfilm","robots":{"index":"index","follow":"follow","max-snippet":"max-snippet:-1","max-image-preview":"max-image-preview:large","max-video-preview":"max-video-preview:-1"},"canonical":"http:\/\/didaktik-der-bildenden-kuenste.de\/hybrideszeichnen\/programm\/","og_locale":"de_DE","og_type":"article","og_title":"Programm - KUNSTP\u00c4DAGOGISCHER TAG","og_description":"Kentridge Didaktik der Bildenden K\u00fcnste Hybride Prozesse des Zeichnens. William Kentridge im Unterricht. Kunstp\u00e4dagogischer Tag der Didaktik der Bildenen K\u00fcnste an der Kunstakademie D\u00fcsseldorf am 08.03.2024. Kentridge Tagung D\u00fcsseldorf - William Kentridge Kunstp\u00e4dagogik - Kunstp\u00e4dagogischer Tag Kunstakademie Sara Horn\u00e4k (D\u00fcsseldorf) Vortrag Drawing Lessons - Kentridge als P\u00e4dagoge? Angela Breidbach (L\u00fcneburg) Vortrag Das Zeichnen auf die B\u00fchne bringen - Zur k\u00fcnstlerischen Praxis von William Kentridge Workshop Dora Celentano, Lisa Thal und Studierende (D\u00fcsseldorf) Kontaktzonen zwischen Identit\u00e4t und Territorium Workshop Anna Kreysing Canan Tercan (D\u00fcsseldorf) Umgang mit Fl\u00fcchtigkeit und Referentialit\u00e4t in digitalen Bildwelten Workshop Gesine Hopstein (K\u00f6ln) Poetische Bildprachen im Animationsfilm","og_url":"http:\/\/didaktik-der-bildenden-kuenste.de\/hybrideszeichnen\/programm\/","og_site_name":"KUNSTP\u00c4DAGOGISCHER TAG","article_modified_time":"2026-01-27T14:01:21+00:00","og_image":[{"url":"http:\/\/didaktik-der-bildenden-kuenste.de\/hybrideszeichnen\/wp-content\/uploads\/sites\/16\/2024\/02\/Bildschirmfoto-2024-02-14-um-11.52.15-718x1024.png","type":"","width":"","height":""}],"twitter_card":"summary_large_image","twitter_misc":{"Gesch\u00e4tzte Lesezeit":"1\u00a0Minute"},"schema":{"@context":"https:\/\/schema.org","@graph":[{"@type":"WebPage","@id":"http:\/\/didaktik-der-bildenden-kuenste.de\/hybrideszeichnen\/programm\/","url":"http:\/\/didaktik-der-bildenden-kuenste.de\/hybrideszeichnen\/programm\/","name":"Programm - KUNSTP\u00c4DAGOGISCHER TAG","isPartOf":{"@id":"https:\/\/didaktik-der-bildenden-kuenste.de\/hybrideszeichnen\/#website"},"primaryImageOfPage":{"@id":"http:\/\/didaktik-der-bildenden-kuenste.de\/hybrideszeichnen\/programm\/#primaryimage"},"image":{"@id":"http:\/\/didaktik-der-bildenden-kuenste.de\/hybrideszeichnen\/programm\/#primaryimage"},"thumbnailUrl":"http:\/\/didaktik-der-bildenden-kuenste.de\/hybrideszeichnen\/wp-content\/uploads\/sites\/16\/2024\/02\/Bildschirmfoto-2024-02-14-um-11.52.15-718x1024.png","datePublished":"2024-01-11T12:14:31+00:00","dateModified":"2026-01-27T14:01:21+00:00","description":"Kentridge Didaktik der Bildenden K\u00fcnste Hybride Prozesse des Zeichnens. William Kentridge im Unterricht. Kunstp\u00e4dagogischer Tag der Didaktik der Bildenen K\u00fcnste an der Kunstakademie D\u00fcsseldorf am 08.03.2024. Kentridge Tagung D\u00fcsseldorf - William Kentridge Kunstp\u00e4dagogik - Kunstp\u00e4dagogischer Tag Kunstakademie Sara Horn\u00e4k (D\u00fcsseldorf) Vortrag Drawing Lessons - Kentridge als P\u00e4dagoge? Angela Breidbach (L\u00fcneburg) Vortrag Das Zeichnen auf die B\u00fchne bringen - Zur k\u00fcnstlerischen Praxis von William Kentridge Workshop Dora Celentano, Lisa Thal und Studierende (D\u00fcsseldorf) Kontaktzonen zwischen Identit\u00e4t und Territorium Workshop Anna Kreysing Canan Tercan (D\u00fcsseldorf) Umgang mit Fl\u00fcchtigkeit und Referentialit\u00e4t in digitalen Bildwelten Workshop Gesine Hopstein (K\u00f6ln) Poetische Bildprachen im Animationsfilm","breadcrumb":{"@id":"http:\/\/didaktik-der-bildenden-kuenste.de\/hybrideszeichnen\/programm\/#breadcrumb"},"inLanguage":"de","potentialAction":[{"@type":"ReadAction","target":["http:\/\/didaktik-der-bildenden-kuenste.de\/hybrideszeichnen\/programm\/"]}]},{"@type":"ImageObject","inLanguage":"de","@id":"http:\/\/didaktik-der-bildenden-kuenste.de\/hybrideszeichnen\/programm\/#primaryimage","url":"https:\/\/didaktik-der-bildenden-kuenste.de\/hybrideszeichnen\/wp-content\/uploads\/sites\/16\/2024\/02\/Bildschirmfoto-2024-02-14-um-11.52.15.png","contentUrl":"https:\/\/didaktik-der-bildenden-kuenste.de\/hybrideszeichnen\/wp-content\/uploads\/sites\/16\/2024\/02\/Bildschirmfoto-2024-02-14-um-11.52.15.png","width":1246,"height":1776},{"@type":"BreadcrumbList","@id":"http:\/\/didaktik-der-bildenden-kuenste.de\/hybrideszeichnen\/programm\/#breadcrumb","itemListElement":[{"@type":"ListItem","position":1,"name":"Kunstp\u00e4dagogischer Tag","item":"https:\/\/didaktik-der-bildenden-kuenste.de\/hybrideszeichnen\/"},{"@type":"ListItem","position":2,"name":"Programm"}]},{"@type":"WebSite","@id":"https:\/\/didaktik-der-bildenden-kuenste.de\/hybrideszeichnen\/#website","url":"https:\/\/didaktik-der-bildenden-kuenste.de\/hybrideszeichnen\/","name":"KUNSTP\u00c4DAGOGISCHER TAG","description":"","potentialAction":[{"@type":"SearchAction","target":{"@type":"EntryPoint","urlTemplate":"https:\/\/didaktik-der-bildenden-kuenste.de\/hybrideszeichnen\/?s={search_term_string}"},"query-input":{"@type":"PropertyValueSpecification","valueRequired":true,"valueName":"search_term_string"}}],"inLanguage":"de"}]}},"_links":{"self":[{"href":"https:\/\/didaktik-der-bildenden-kuenste.de\/hybrideszeichnen\/wp-json\/wp\/v2\/pages\/13","targetHints":{"allow":["GET"]}}],"collection":[{"href":"https:\/\/didaktik-der-bildenden-kuenste.de\/hybrideszeichnen\/wp-json\/wp\/v2\/pages"}],"about":[{"href":"https:\/\/didaktik-der-bildenden-kuenste.de\/hybrideszeichnen\/wp-json\/wp\/v2\/types\/page"}],"author":[{"embeddable":true,"href":"https:\/\/didaktik-der-bildenden-kuenste.de\/hybrideszeichnen\/wp-json\/wp\/v2\/users\/12"}],"replies":[{"embeddable":true,"href":"https:\/\/didaktik-der-bildenden-kuenste.de\/hybrideszeichnen\/wp-json\/wp\/v2\/comments?post=13"}],"version-history":[{"count":7,"href":"https:\/\/didaktik-der-bildenden-kuenste.de\/hybrideszeichnen\/wp-json\/wp\/v2\/pages\/13\/revisions"}],"predecessor-version":[{"id":1310,"href":"https:\/\/didaktik-der-bildenden-kuenste.de\/hybrideszeichnen\/wp-json\/wp\/v2\/pages\/13\/revisions\/1310"}],"wp:attachment":[{"href":"https:\/\/didaktik-der-bildenden-kuenste.de\/hybrideszeichnen\/wp-json\/wp\/v2\/media?parent=13"}],"curies":[{"name":"wp","href":"https:\/\/api.w.org\/{rel}","templated":true}]}}