{"id":134,"date":"2024-01-24T18:10:14","date_gmt":"2024-01-24T17:10:14","guid":{"rendered":"http:\/\/didaktik-der-bildenden-kuenste.de\/hybrideszeichnen\/?page_id=134"},"modified":"2026-02-02T16:25:18","modified_gmt":"2026-02-02T15:25:18","slug":"workshops","status":"publish","type":"page","link":"https:\/\/didaktik-der-bildenden-kuenste.de\/hybrideszeichnen\/workshops\/","title":{"rendered":"Workshops"},"content":{"rendered":"\n<p><sub>Im Folgenden erhalten Sie r\u00fcckschauend einen \u00dcberblick \u00fcber die drei Workshops der kunstp\u00e4dagogischen Tagung.  <\/sub><br><sub>Klicken Sie auf einen Workshoptitel, um zu weiteren Informationen und zu den Workshopmaterialien zu gelangen.<\/sub> <\/p>\n\n\n\n<p class=\"has-pale-pink-color has-text-color has-link-color has-dm-sans-font-family wp-elements-f3c0e0b1c9c30c2d87f52a9968945454\"><a href=\"https:\/\/didaktik-der-bildenden-kuenste.de\/hybrideszeichnen\/kontaktzonen-zwischen-identitaet-und-territorium\/\">I Kontaktzonen zwischen Identit\u00e4t und Territorium<br>Dora Celentano, Lisa Thal und Kevin Schnabelrauch (D\u00fcsseldorf)<\/a><\/p>\n\n\n\n<p class=\"has-link-color has-dm-sans-font-family wp-elements-a1751feb58dd0aebf2cff642da358931\"><a href=\"https:\/\/didaktik-der-bildenden-kuenste.de\/hybrideszeichnen\/umgang-mit-fluechtigkeit-und-referentialitaet-in-digitalen-bildwelten\/\">II Umgang mit Fl\u00fcchtigkeit und Referentialit\u00e4t in digitalen Bildwelten<br>Anna Kreysing, Canan Tercan (D\u00fcsseldorf)<\/a><\/p>\n\n\n\n<p class=\"has-link-color has-dm-sans-font-family wp-elements-ccdd8b3754e40973e548070001432ade\"><a href=\"https:\/\/didaktik-der-bildenden-kuenste.de\/hybrideszeichnen\/poetische-bildprachen-im-animationsfilm\/\">III Poetische Bildprachen im Animationsfilm<br>Gesine Hopstein (K\u00f6ln)<\/a><\/p>\n","protected":false},"excerpt":{"rendered":"<p>Im Folgenden erhalten Sie r\u00fcckschauend einen \u00dcberblick \u00fcber die drei Workshops der kunstp\u00e4dagogischen Tagung. Klicken Sie auf einen Workshoptitel, um zu weiteren Informationen und zu den Workshopmaterialien zu gelangen. I Kontaktzonen zwischen Identit\u00e4t und TerritoriumDora Celentano, Lisa Thal und Kevin Schnabelrauch (D\u00fcsseldorf) II Umgang mit Fl\u00fcchtigkeit und Referentialit\u00e4t in digitalen BildweltenAnna Kreysing, Canan Tercan (D\u00fcsseldorf) [&hellip;]<\/p>\n","protected":false},"author":12,"featured_media":0,"parent":0,"menu_order":0,"comment_status":"closed","ping_status":"closed","template":"","meta":{"footnotes":""},"class_list":["post-134","page","type-page","status-publish","hentry"],"yoast_head":"<!-- This site is optimized with the Yoast SEO plugin v26.8 - https:\/\/yoast.com\/product\/yoast-seo-wordpress\/ -->\n<title>Workshops - KUNSTP\u00c4DAGOGISCHER TAG<\/title>\n<meta name=\"description\" content=\"Hybrides Zeichnen - William Kentridge im Unterricht. Kunstp\u00e4dagogischer Tag 08.03.2024 der Didaktik der Bildenen K\u00fcnste an der Kunstakademie D\u00fcsseldorf\" \/>\n<meta name=\"robots\" content=\"index, follow, max-snippet:-1, max-image-preview:large, max-video-preview:-1\" \/>\n<link rel=\"canonical\" href=\"http:\/\/didaktik-der-bildenden-kuenste.de\/hybrideszeichnen\/workshops\/\" \/>\n<meta property=\"og:locale\" content=\"de_DE\" \/>\n<meta property=\"og:type\" content=\"article\" \/>\n<meta property=\"og:title\" content=\"Workshops - KUNSTP\u00c4DAGOGISCHER TAG\" \/>\n<meta property=\"og:description\" content=\"Hybrides Zeichnen - William Kentridge im Unterricht. Kunstp\u00e4dagogischer Tag 08.03.2024 der Didaktik der Bildenen K\u00fcnste an der Kunstakademie D\u00fcsseldorf\" \/>\n<meta property=\"og:url\" content=\"http:\/\/didaktik-der-bildenden-kuenste.de\/hybrideszeichnen\/workshops\/\" \/>\n<meta property=\"og:site_name\" content=\"KUNSTP\u00c4DAGOGISCHER TAG\" \/>\n<meta property=\"article:modified_time\" content=\"2026-02-02T15:25:18+00:00\" \/>\n<meta name=\"twitter:card\" content=\"summary_large_image\" \/>\n<meta name=\"twitter:label1\" content=\"Gesch\u00e4tzte Lesezeit\" \/>\n\t<meta name=\"twitter:data1\" content=\"1\u00a0Minute\" \/>\n<script type=\"application\/ld+json\" class=\"yoast-schema-graph\">{\"@context\":\"https:\/\/schema.org\",\"@graph\":[{\"@type\":\"WebPage\",\"@id\":\"http:\/\/didaktik-der-bildenden-kuenste.de\/hybrideszeichnen\/workshops\/\",\"url\":\"http:\/\/didaktik-der-bildenden-kuenste.de\/hybrideszeichnen\/workshops\/\",\"name\":\"Workshops - KUNSTP\u00c4DAGOGISCHER TAG\",\"isPartOf\":{\"@id\":\"https:\/\/didaktik-der-bildenden-kuenste.de\/hybrideszeichnen\/#website\"},\"datePublished\":\"2024-01-24T17:10:14+00:00\",\"dateModified\":\"2026-02-02T15:25:18+00:00\",\"description\":\"Hybrides Zeichnen - William Kentridge im Unterricht. Kunstp\u00e4dagogischer Tag 08.03.2024 der Didaktik der Bildenen K\u00fcnste an der Kunstakademie D\u00fcsseldorf\",\"breadcrumb\":{\"@id\":\"http:\/\/didaktik-der-bildenden-kuenste.de\/hybrideszeichnen\/workshops\/#breadcrumb\"},\"inLanguage\":\"de\",\"potentialAction\":[{\"@type\":\"ReadAction\",\"target\":[\"http:\/\/didaktik-der-bildenden-kuenste.de\/hybrideszeichnen\/workshops\/\"]}]},{\"@type\":\"BreadcrumbList\",\"@id\":\"http:\/\/didaktik-der-bildenden-kuenste.de\/hybrideszeichnen\/workshops\/#breadcrumb\",\"itemListElement\":[{\"@type\":\"ListItem\",\"position\":1,\"name\":\"Kunstp\u00e4dagogischer Tag\",\"item\":\"https:\/\/didaktik-der-bildenden-kuenste.de\/hybrideszeichnen\/\"},{\"@type\":\"ListItem\",\"position\":2,\"name\":\"Workshops\"}]},{\"@type\":\"WebSite\",\"@id\":\"https:\/\/didaktik-der-bildenden-kuenste.de\/hybrideszeichnen\/#website\",\"url\":\"https:\/\/didaktik-der-bildenden-kuenste.de\/hybrideszeichnen\/\",\"name\":\"KUNSTP\u00c4DAGOGISCHER TAG\",\"description\":\"\",\"potentialAction\":[{\"@type\":\"SearchAction\",\"target\":{\"@type\":\"EntryPoint\",\"urlTemplate\":\"https:\/\/didaktik-der-bildenden-kuenste.de\/hybrideszeichnen\/?s={search_term_string}\"},\"query-input\":{\"@type\":\"PropertyValueSpecification\",\"valueRequired\":true,\"valueName\":\"search_term_string\"}}],\"inLanguage\":\"de\"}]}<\/script>\n<!-- \/ Yoast SEO plugin. -->","yoast_head_json":{"title":"Workshops - KUNSTP\u00c4DAGOGISCHER TAG","description":"Hybrides Zeichnen - William Kentridge im Unterricht. Kunstp\u00e4dagogischer Tag 08.03.2024 der Didaktik der Bildenen K\u00fcnste an der Kunstakademie D\u00fcsseldorf","robots":{"index":"index","follow":"follow","max-snippet":"max-snippet:-1","max-image-preview":"max-image-preview:large","max-video-preview":"max-video-preview:-1"},"canonical":"http:\/\/didaktik-der-bildenden-kuenste.de\/hybrideszeichnen\/workshops\/","og_locale":"de_DE","og_type":"article","og_title":"Workshops - KUNSTP\u00c4DAGOGISCHER TAG","og_description":"Hybrides Zeichnen - William Kentridge im Unterricht. Kunstp\u00e4dagogischer Tag 08.03.2024 der Didaktik der Bildenen K\u00fcnste an der Kunstakademie D\u00fcsseldorf","og_url":"http:\/\/didaktik-der-bildenden-kuenste.de\/hybrideszeichnen\/workshops\/","og_site_name":"KUNSTP\u00c4DAGOGISCHER TAG","article_modified_time":"2026-02-02T15:25:18+00:00","twitter_card":"summary_large_image","twitter_misc":{"Gesch\u00e4tzte Lesezeit":"1\u00a0Minute"},"schema":{"@context":"https:\/\/schema.org","@graph":[{"@type":"WebPage","@id":"http:\/\/didaktik-der-bildenden-kuenste.de\/hybrideszeichnen\/workshops\/","url":"http:\/\/didaktik-der-bildenden-kuenste.de\/hybrideszeichnen\/workshops\/","name":"Workshops - KUNSTP\u00c4DAGOGISCHER TAG","isPartOf":{"@id":"https:\/\/didaktik-der-bildenden-kuenste.de\/hybrideszeichnen\/#website"},"datePublished":"2024-01-24T17:10:14+00:00","dateModified":"2026-02-02T15:25:18+00:00","description":"Hybrides Zeichnen - William Kentridge im Unterricht. Kunstp\u00e4dagogischer Tag 08.03.2024 der Didaktik der Bildenen K\u00fcnste an der Kunstakademie D\u00fcsseldorf","breadcrumb":{"@id":"http:\/\/didaktik-der-bildenden-kuenste.de\/hybrideszeichnen\/workshops\/#breadcrumb"},"inLanguage":"de","potentialAction":[{"@type":"ReadAction","target":["http:\/\/didaktik-der-bildenden-kuenste.de\/hybrideszeichnen\/workshops\/"]}]},{"@type":"BreadcrumbList","@id":"http:\/\/didaktik-der-bildenden-kuenste.de\/hybrideszeichnen\/workshops\/#breadcrumb","itemListElement":[{"@type":"ListItem","position":1,"name":"Kunstp\u00e4dagogischer Tag","item":"https:\/\/didaktik-der-bildenden-kuenste.de\/hybrideszeichnen\/"},{"@type":"ListItem","position":2,"name":"Workshops"}]},{"@type":"WebSite","@id":"https:\/\/didaktik-der-bildenden-kuenste.de\/hybrideszeichnen\/#website","url":"https:\/\/didaktik-der-bildenden-kuenste.de\/hybrideszeichnen\/","name":"KUNSTP\u00c4DAGOGISCHER TAG","description":"","potentialAction":[{"@type":"SearchAction","target":{"@type":"EntryPoint","urlTemplate":"https:\/\/didaktik-der-bildenden-kuenste.de\/hybrideszeichnen\/?s={search_term_string}"},"query-input":{"@type":"PropertyValueSpecification","valueRequired":true,"valueName":"search_term_string"}}],"inLanguage":"de"}]}},"_links":{"self":[{"href":"https:\/\/didaktik-der-bildenden-kuenste.de\/hybrideszeichnen\/wp-json\/wp\/v2\/pages\/134","targetHints":{"allow":["GET"]}}],"collection":[{"href":"https:\/\/didaktik-der-bildenden-kuenste.de\/hybrideszeichnen\/wp-json\/wp\/v2\/pages"}],"about":[{"href":"https:\/\/didaktik-der-bildenden-kuenste.de\/hybrideszeichnen\/wp-json\/wp\/v2\/types\/page"}],"author":[{"embeddable":true,"href":"https:\/\/didaktik-der-bildenden-kuenste.de\/hybrideszeichnen\/wp-json\/wp\/v2\/users\/12"}],"replies":[{"embeddable":true,"href":"https:\/\/didaktik-der-bildenden-kuenste.de\/hybrideszeichnen\/wp-json\/wp\/v2\/comments?post=134"}],"version-history":[{"count":56,"href":"https:\/\/didaktik-der-bildenden-kuenste.de\/hybrideszeichnen\/wp-json\/wp\/v2\/pages\/134\/revisions"}],"predecessor-version":[{"id":1327,"href":"https:\/\/didaktik-der-bildenden-kuenste.de\/hybrideszeichnen\/wp-json\/wp\/v2\/pages\/134\/revisions\/1327"}],"wp:attachment":[{"href":"https:\/\/didaktik-der-bildenden-kuenste.de\/hybrideszeichnen\/wp-json\/wp\/v2\/media?parent=134"}],"curies":[{"name":"wp","href":"https:\/\/api.w.org\/{rel}","templated":true}]}}