{"id":128,"date":"2018-05-28T15:11:02","date_gmt":"2018-05-28T13:11:02","guid":{"rendered":"http:\/\/blogs.uni-siegen.de\/kpt2018\/?page_id=128"},"modified":"2020-10-07T19:46:09","modified_gmt":"2020-10-07T17:46:09","slug":"ideenwerkstatt-kooperative-klassenprojekte","status":"publish","type":"page","link":"https:\/\/didaktik-der-bildenden-kuenste.de\/kpt2018\/abstracts\/ideenwerkstatt-kooperative-klassenprojekte\/","title":{"rendered":"Ideenwerkstatt Kooperative Klassenprojekte"},"content":{"rendered":"<p><img loading=\"lazy\" decoding=\"async\" class=\"alignnone size-full wp-image-589\" src=\"http:\/\/blogs.uni-siegen.de\/kpt2018\/files\/2018\/10\/obst2.jpg\" alt=\"\" width=\"960\" height=\"250\" srcset=\"https:\/\/didaktik-der-bildenden-kuenste.de\/kpt2018\/wp-content\/uploads\/sites\/4\/2018\/10\/obst2.jpg 960w, https:\/\/didaktik-der-bildenden-kuenste.de\/kpt2018\/wp-content\/uploads\/sites\/4\/2018\/10\/obst2-300x78.jpg 300w, https:\/\/didaktik-der-bildenden-kuenste.de\/kpt2018\/wp-content\/uploads\/sites\/4\/2018\/10\/obst2-768x200.jpg 768w, https:\/\/didaktik-der-bildenden-kuenste.de\/kpt2018\/wp-content\/uploads\/sites\/4\/2018\/10\/obst2-624x163.jpg 624w\" sizes=\"auto, (max-width: 960px) 100vw, 960px\" \/><\/p>\n<p>Workshop von Jeanette Obst<\/p>\n<p>Kooperative, k\u00fcnstlerische Klassenprojekte erfordern in besonderem Ma\u00df Kommunikation, Kollaboration sowie Kooperation. Sie erzeugen Ko-Kreativit\u00e4t und erm\u00f6glichen fachliches, fach\u00fcbergreifendes, f\u00e4cherverbindendes und soziales Lernen zugleich \u2013 eine gro\u00dfe Chance zur F\u00f6rderung und Inklusion von Lernenden mit besonderem F\u00f6rderbedarf.<br \/>\nVor diesem Hintergrund werden zwei Projekte mit sechsten Klassen am Gymnasium vorgestellt: Klassenfotos als Multimedia-Projekt und zum Thema Zeichnung ein Wimmelbild-Projekt. Die anschlie\u00dfende Durchf\u00fchrung eines kooperativen Mini-Projekts mit Plastilin bietet Gelegenheit zum Sammeln und Diskutieren weiterer Ideen f\u00fcr k\u00fcnstlerische und kunstp\u00e4dagogische Vorgehensweisen.<\/p>\n<p>Jeannette Obst, Kunstp\u00e4dagogin am Walburgisgymnasium und an der Walburgisrealschule in Menden\/Sauerland. Mitglied im BDK-NRW.<\/p>\n<p>_____________________________<\/p>\n<p>MATERIAL<\/p>\n<p>Pr\u00e4sentation zum Workshop<br \/>\n[sdm_download id=&#8220;561&#8243; fancy=&#8220;0&#8243;]<\/p>\n","protected":false},"excerpt":{"rendered":"<p>Workshop von Jeanette Obst Kooperative, k\u00fcnstlerische Klassenprojekte erfordern in besonderem Ma\u00df Kommunikation, Kollaboration sowie Kooperation. Sie erzeugen Ko-Kreativit\u00e4t und erm\u00f6glichen fachliches, fach\u00fcbergreifendes, f\u00e4cherverbindendes und soziales Lernen zugleich \u2013 eine gro\u00dfe Chance zur F\u00f6rderung und Inklusion von Lernenden mit besonderem F\u00f6rderbedarf. Vor diesem Hintergrund werden zwei Projekte mit sechsten Klassen am Gymnasium vorgestellt: Klassenfotos als Multimedia-Projekt [&hellip;]<\/p>\n","protected":false},"author":1,"featured_media":0,"parent":67,"menu_order":0,"comment_status":"closed","ping_status":"closed","template":"page-templates\/full-width.php","meta":{"footnotes":""},"class_list":["post-128","page","type-page","status-publish","hentry"],"yoast_head":"<!-- This site is optimized with the Yoast SEO plugin v26.8 - https:\/\/yoast.com\/product\/yoast-seo-wordpress\/ -->\n<title>Ideenwerkstatt Kooperative Klassenprojekte - Kunstp\u00e4dagogischer Tag 2018 I K\u00fcnstlerisches Handeln zwischen Kooperation, Differenzierung, Partizipation und Individualisierung<\/title>\n<meta name=\"robots\" content=\"index, follow, max-snippet:-1, max-image-preview:large, max-video-preview:-1\" \/>\n<link rel=\"canonical\" href=\"http:\/\/didaktik-der-bildenden-kuenste.de\/kpt2018\/abstracts\/ideenwerkstatt-kooperative-klassenprojekte\/\" \/>\n<meta property=\"og:locale\" content=\"de_DE\" \/>\n<meta property=\"og:type\" content=\"article\" \/>\n<meta property=\"og:title\" content=\"Ideenwerkstatt Kooperative Klassenprojekte - Kunstp\u00e4dagogischer Tag 2018 I K\u00fcnstlerisches Handeln zwischen Kooperation, Differenzierung, Partizipation und Individualisierung\" \/>\n<meta property=\"og:description\" content=\"Workshop von Jeanette Obst Kooperative, k\u00fcnstlerische Klassenprojekte erfordern in besonderem Ma\u00df Kommunikation, Kollaboration sowie Kooperation. Sie erzeugen Ko-Kreativit\u00e4t und erm\u00f6glichen fachliches, fach\u00fcbergreifendes, f\u00e4cherverbindendes und soziales Lernen zugleich \u2013 eine gro\u00dfe Chance zur F\u00f6rderung und Inklusion von Lernenden mit besonderem F\u00f6rderbedarf. Vor diesem Hintergrund werden zwei Projekte mit sechsten Klassen am Gymnasium vorgestellt: Klassenfotos als Multimedia-Projekt [&hellip;]\" \/>\n<meta property=\"og:url\" content=\"http:\/\/didaktik-der-bildenden-kuenste.de\/kpt2018\/abstracts\/ideenwerkstatt-kooperative-klassenprojekte\/\" \/>\n<meta property=\"og:site_name\" content=\"Kunstp\u00e4dagogischer Tag 2018 I K\u00fcnstlerisches Handeln zwischen Kooperation, Differenzierung, Partizipation und Individualisierung\" \/>\n<meta property=\"article:modified_time\" content=\"2020-10-07T17:46:09+00:00\" \/>\n<meta property=\"og:image\" content=\"http:\/\/blogs.uni-siegen.de\/kpt2018\/files\/2018\/10\/obst2.jpg\" \/>\n<meta name=\"twitter:card\" content=\"summary_large_image\" \/>\n<meta name=\"twitter:label1\" content=\"Gesch\u00e4tzte Lesezeit\" \/>\n\t<meta name=\"twitter:data1\" content=\"1\u00a0Minute\" \/>\n<script type=\"application\/ld+json\" class=\"yoast-schema-graph\">{\"@context\":\"https:\/\/schema.org\",\"@graph\":[{\"@type\":\"WebPage\",\"@id\":\"http:\/\/didaktik-der-bildenden-kuenste.de\/kpt2018\/abstracts\/ideenwerkstatt-kooperative-klassenprojekte\/\",\"url\":\"http:\/\/didaktik-der-bildenden-kuenste.de\/kpt2018\/abstracts\/ideenwerkstatt-kooperative-klassenprojekte\/\",\"name\":\"Ideenwerkstatt Kooperative Klassenprojekte - Kunstp\u00e4dagogischer Tag 2018 I K\u00fcnstlerisches Handeln zwischen Kooperation, Differenzierung, Partizipation und Individualisierung\",\"isPartOf\":{\"@id\":\"http:\/\/didaktik-der-bildenden-kuenste.de\/kpt2018\/#website\"},\"primaryImageOfPage\":{\"@id\":\"http:\/\/didaktik-der-bildenden-kuenste.de\/kpt2018\/abstracts\/ideenwerkstatt-kooperative-klassenprojekte\/#primaryimage\"},\"image\":{\"@id\":\"http:\/\/didaktik-der-bildenden-kuenste.de\/kpt2018\/abstracts\/ideenwerkstatt-kooperative-klassenprojekte\/#primaryimage\"},\"thumbnailUrl\":\"http:\/\/blogs.uni-siegen.de\/kpt2018\/files\/2018\/10\/obst2.jpg\",\"datePublished\":\"2018-05-28T13:11:02+00:00\",\"dateModified\":\"2020-10-07T17:46:09+00:00\",\"breadcrumb\":{\"@id\":\"http:\/\/didaktik-der-bildenden-kuenste.de\/kpt2018\/abstracts\/ideenwerkstatt-kooperative-klassenprojekte\/#breadcrumb\"},\"inLanguage\":\"de\",\"potentialAction\":[{\"@type\":\"ReadAction\",\"target\":[\"http:\/\/didaktik-der-bildenden-kuenste.de\/kpt2018\/abstracts\/ideenwerkstatt-kooperative-klassenprojekte\/\"]}]},{\"@type\":\"ImageObject\",\"inLanguage\":\"de\",\"@id\":\"http:\/\/didaktik-der-bildenden-kuenste.de\/kpt2018\/abstracts\/ideenwerkstatt-kooperative-klassenprojekte\/#primaryimage\",\"url\":\"http:\/\/blogs.uni-siegen.de\/kpt2018\/files\/2018\/10\/obst2.jpg\",\"contentUrl\":\"http:\/\/blogs.uni-siegen.de\/kpt2018\/files\/2018\/10\/obst2.jpg\"},{\"@type\":\"BreadcrumbList\",\"@id\":\"http:\/\/didaktik-der-bildenden-kuenste.de\/kpt2018\/abstracts\/ideenwerkstatt-kooperative-klassenprojekte\/#breadcrumb\",\"itemListElement\":[{\"@type\":\"ListItem\",\"position\":1,\"name\":\"Home\",\"item\":\"http:\/\/didaktik-der-bildenden-kuenste.de\/kpt2018\/\"},{\"@type\":\"ListItem\",\"position\":2,\"name\":\"Workshops\/Materialien\",\"item\":\"https:\/\/didaktik-der-bildenden-kuenste.de\/kpt2018\/abstracts\/\"},{\"@type\":\"ListItem\",\"position\":3,\"name\":\"Ideenwerkstatt Kooperative Klassenprojekte\"}]},{\"@type\":\"WebSite\",\"@id\":\"http:\/\/didaktik-der-bildenden-kuenste.de\/kpt2018\/#website\",\"url\":\"http:\/\/didaktik-der-bildenden-kuenste.de\/kpt2018\/\",\"name\":\"Kunstp\u00e4dagogischer Tag 2018 I K\u00fcnstlerisches Handeln zwischen Kooperation, Differenzierung, Partizipation und Individualisierung\",\"description\":\"Eine weitere Didaktik der bildenden K\u00fcnste Websites Website\",\"potentialAction\":[{\"@type\":\"SearchAction\",\"target\":{\"@type\":\"EntryPoint\",\"urlTemplate\":\"http:\/\/didaktik-der-bildenden-kuenste.de\/kpt2018\/?s={search_term_string}\"},\"query-input\":{\"@type\":\"PropertyValueSpecification\",\"valueRequired\":true,\"valueName\":\"search_term_string\"}}],\"inLanguage\":\"de\"}]}<\/script>\n<!-- \/ Yoast SEO plugin. -->","yoast_head_json":{"title":"Ideenwerkstatt Kooperative Klassenprojekte - Kunstp\u00e4dagogischer Tag 2018 I K\u00fcnstlerisches Handeln zwischen Kooperation, Differenzierung, Partizipation und Individualisierung","robots":{"index":"index","follow":"follow","max-snippet":"max-snippet:-1","max-image-preview":"max-image-preview:large","max-video-preview":"max-video-preview:-1"},"canonical":"http:\/\/didaktik-der-bildenden-kuenste.de\/kpt2018\/abstracts\/ideenwerkstatt-kooperative-klassenprojekte\/","og_locale":"de_DE","og_type":"article","og_title":"Ideenwerkstatt Kooperative Klassenprojekte - Kunstp\u00e4dagogischer Tag 2018 I K\u00fcnstlerisches Handeln zwischen Kooperation, Differenzierung, Partizipation und Individualisierung","og_description":"Workshop von Jeanette Obst Kooperative, k\u00fcnstlerische Klassenprojekte erfordern in besonderem Ma\u00df Kommunikation, Kollaboration sowie Kooperation. Sie erzeugen Ko-Kreativit\u00e4t und erm\u00f6glichen fachliches, fach\u00fcbergreifendes, f\u00e4cherverbindendes und soziales Lernen zugleich \u2013 eine gro\u00dfe Chance zur F\u00f6rderung und Inklusion von Lernenden mit besonderem F\u00f6rderbedarf. Vor diesem Hintergrund werden zwei Projekte mit sechsten Klassen am Gymnasium vorgestellt: Klassenfotos als Multimedia-Projekt [&hellip;]","og_url":"http:\/\/didaktik-der-bildenden-kuenste.de\/kpt2018\/abstracts\/ideenwerkstatt-kooperative-klassenprojekte\/","og_site_name":"Kunstp\u00e4dagogischer Tag 2018 I K\u00fcnstlerisches Handeln zwischen Kooperation, Differenzierung, Partizipation und Individualisierung","article_modified_time":"2020-10-07T17:46:09+00:00","og_image":[{"url":"http:\/\/blogs.uni-siegen.de\/kpt2018\/files\/2018\/10\/obst2.jpg","type":"","width":"","height":""}],"twitter_card":"summary_large_image","twitter_misc":{"Gesch\u00e4tzte Lesezeit":"1\u00a0Minute"},"schema":{"@context":"https:\/\/schema.org","@graph":[{"@type":"WebPage","@id":"http:\/\/didaktik-der-bildenden-kuenste.de\/kpt2018\/abstracts\/ideenwerkstatt-kooperative-klassenprojekte\/","url":"http:\/\/didaktik-der-bildenden-kuenste.de\/kpt2018\/abstracts\/ideenwerkstatt-kooperative-klassenprojekte\/","name":"Ideenwerkstatt Kooperative Klassenprojekte - Kunstp\u00e4dagogischer Tag 2018 I K\u00fcnstlerisches Handeln zwischen Kooperation, Differenzierung, Partizipation und Individualisierung","isPartOf":{"@id":"http:\/\/didaktik-der-bildenden-kuenste.de\/kpt2018\/#website"},"primaryImageOfPage":{"@id":"http:\/\/didaktik-der-bildenden-kuenste.de\/kpt2018\/abstracts\/ideenwerkstatt-kooperative-klassenprojekte\/#primaryimage"},"image":{"@id":"http:\/\/didaktik-der-bildenden-kuenste.de\/kpt2018\/abstracts\/ideenwerkstatt-kooperative-klassenprojekte\/#primaryimage"},"thumbnailUrl":"http:\/\/blogs.uni-siegen.de\/kpt2018\/files\/2018\/10\/obst2.jpg","datePublished":"2018-05-28T13:11:02+00:00","dateModified":"2020-10-07T17:46:09+00:00","breadcrumb":{"@id":"http:\/\/didaktik-der-bildenden-kuenste.de\/kpt2018\/abstracts\/ideenwerkstatt-kooperative-klassenprojekte\/#breadcrumb"},"inLanguage":"de","potentialAction":[{"@type":"ReadAction","target":["http:\/\/didaktik-der-bildenden-kuenste.de\/kpt2018\/abstracts\/ideenwerkstatt-kooperative-klassenprojekte\/"]}]},{"@type":"ImageObject","inLanguage":"de","@id":"http:\/\/didaktik-der-bildenden-kuenste.de\/kpt2018\/abstracts\/ideenwerkstatt-kooperative-klassenprojekte\/#primaryimage","url":"http:\/\/blogs.uni-siegen.de\/kpt2018\/files\/2018\/10\/obst2.jpg","contentUrl":"http:\/\/blogs.uni-siegen.de\/kpt2018\/files\/2018\/10\/obst2.jpg"},{"@type":"BreadcrumbList","@id":"http:\/\/didaktik-der-bildenden-kuenste.de\/kpt2018\/abstracts\/ideenwerkstatt-kooperative-klassenprojekte\/#breadcrumb","itemListElement":[{"@type":"ListItem","position":1,"name":"Home","item":"http:\/\/didaktik-der-bildenden-kuenste.de\/kpt2018\/"},{"@type":"ListItem","position":2,"name":"Workshops\/Materialien","item":"https:\/\/didaktik-der-bildenden-kuenste.de\/kpt2018\/abstracts\/"},{"@type":"ListItem","position":3,"name":"Ideenwerkstatt Kooperative Klassenprojekte"}]},{"@type":"WebSite","@id":"http:\/\/didaktik-der-bildenden-kuenste.de\/kpt2018\/#website","url":"http:\/\/didaktik-der-bildenden-kuenste.de\/kpt2018\/","name":"Kunstp\u00e4dagogischer Tag 2018 I K\u00fcnstlerisches Handeln zwischen Kooperation, Differenzierung, Partizipation und Individualisierung","description":"Eine weitere Didaktik der bildenden K\u00fcnste Websites Website","potentialAction":[{"@type":"SearchAction","target":{"@type":"EntryPoint","urlTemplate":"http:\/\/didaktik-der-bildenden-kuenste.de\/kpt2018\/?s={search_term_string}"},"query-input":{"@type":"PropertyValueSpecification","valueRequired":true,"valueName":"search_term_string"}}],"inLanguage":"de"}]}},"_links":{"self":[{"href":"https:\/\/didaktik-der-bildenden-kuenste.de\/kpt2018\/wp-json\/wp\/v2\/pages\/128","targetHints":{"allow":["GET"]}}],"collection":[{"href":"https:\/\/didaktik-der-bildenden-kuenste.de\/kpt2018\/wp-json\/wp\/v2\/pages"}],"about":[{"href":"https:\/\/didaktik-der-bildenden-kuenste.de\/kpt2018\/wp-json\/wp\/v2\/types\/page"}],"author":[{"embeddable":true,"href":"https:\/\/didaktik-der-bildenden-kuenste.de\/kpt2018\/wp-json\/wp\/v2\/users\/1"}],"replies":[{"embeddable":true,"href":"https:\/\/didaktik-der-bildenden-kuenste.de\/kpt2018\/wp-json\/wp\/v2\/comments?post=128"}],"version-history":[{"count":1,"href":"https:\/\/didaktik-der-bildenden-kuenste.de\/kpt2018\/wp-json\/wp\/v2\/pages\/128\/revisions"}],"predecessor-version":[{"id":660,"href":"https:\/\/didaktik-der-bildenden-kuenste.de\/kpt2018\/wp-json\/wp\/v2\/pages\/128\/revisions\/660"}],"up":[{"embeddable":true,"href":"https:\/\/didaktik-der-bildenden-kuenste.de\/kpt2018\/wp-json\/wp\/v2\/pages\/67"}],"wp:attachment":[{"href":"https:\/\/didaktik-der-bildenden-kuenste.de\/kpt2018\/wp-json\/wp\/v2\/media?parent=128"}],"curies":[{"name":"wp","href":"https:\/\/api.w.org\/{rel}","templated":true}]}}