{"id":175,"date":"2018-05-28T18:59:05","date_gmt":"2018-05-28T16:59:05","guid":{"rendered":"http:\/\/blogs.uni-siegen.de\/kpt2018\/?page_id=175"},"modified":"2020-10-07T19:27:02","modified_gmt":"2020-10-07T17:27:02","slug":"kontakt","status":"publish","type":"page","link":"https:\/\/didaktik-der-bildenden-kuenste.de\/kpt2018\/kontakt\/","title":{"rendered":"Kontakt"},"content":{"rendered":"<p>Verantwortlich f\u00fcr die Universit\u00e4t Siegen: Prof. Dr. Sara Horn\u00e4k (<a href=\"mailto:sara.hornaek@uni-siegen.de\">sara.hornaek@kunstakademie-duesseldorf.de<\/a><u>)<\/u>, Susanne Henning (<a href=\"mailto:susanne.henning@uni-siegen.de\">susanne.henning@kunstakademie-duesseldorf.de<\/a><u>)<\/u><\/p>\n<p>Verantwortlich f\u00fcr den BDK: Dr. J\u00f6rg Gr\u00fctjen (<a href=\"mailto:JoergGruetjen@t-online.de\">JoergGruetjen@t-online.de<\/a>), Jeannette Obst (<a href=\"mailto:jeannetteobst@gmx.de\">jeannetteobst@gmx.de<\/a>), Elfi Alfermann (<a href=\"mailto:e.alfermann@t-online.de\">e.alfermann@t-online.de<\/a>),<\/p>\n<p><a href=\"http:\/\/www.uni-siegen.de\/start\/kontakt\/datenschutzerklaerung.html\">Datenschutzer<\/a><a href=\"http:\/\/www.uni-siegen.de\/start\/kontakt\/datenschutzerklaerung.html\">kl\u00e4rung<\/a><\/p>\n<p>&nbsp;<\/p>\n<p>&nbsp;<\/p>\n<p>&nbsp;<\/p>\n<p>&nbsp;<\/p>\n","protected":false},"excerpt":{"rendered":"<p>Verantwortlich f\u00fcr die Universit\u00e4t Siegen: Prof. Dr. Sara Horn\u00e4k (sara.hornaek@kunstakademie-duesseldorf.de), Susanne Henning (susanne.henning@kunstakademie-duesseldorf.de) Verantwortlich f\u00fcr den BDK: Dr. J\u00f6rg Gr\u00fctjen (JoergGruetjen@t-online.de), Jeannette Obst (jeannetteobst@gmx.de), Elfi Alfermann (e.alfermann@t-online.de), Datenschutzerkl\u00e4rung &nbsp; &nbsp; &nbsp; &nbsp;<\/p>\n","protected":false},"author":1,"featured_media":0,"parent":0,"menu_order":0,"comment_status":"closed","ping_status":"closed","template":"page-templates\/full-width.php","meta":{"footnotes":""},"class_list":["post-175","page","type-page","status-publish","hentry"],"yoast_head":"<!-- This site is optimized with the Yoast SEO plugin v26.8 - https:\/\/yoast.com\/product\/yoast-seo-wordpress\/ -->\n<title>Kontakt - Kunstp\u00e4dagogischer Tag 2018 I K\u00fcnstlerisches Handeln zwischen Kooperation, Differenzierung, Partizipation und Individualisierung<\/title>\n<meta name=\"robots\" content=\"index, follow, max-snippet:-1, max-image-preview:large, max-video-preview:-1\" \/>\n<link rel=\"canonical\" href=\"http:\/\/didaktik-der-bildenden-kuenste.de\/kpt2018\/kontakt\/\" \/>\n<meta property=\"og:locale\" content=\"de_DE\" \/>\n<meta property=\"og:type\" content=\"article\" \/>\n<meta property=\"og:title\" content=\"Kontakt - Kunstp\u00e4dagogischer Tag 2018 I K\u00fcnstlerisches Handeln zwischen Kooperation, Differenzierung, Partizipation und Individualisierung\" \/>\n<meta property=\"og:description\" content=\"Verantwortlich f\u00fcr die Universit\u00e4t Siegen: Prof. Dr. Sara Horn\u00e4k (sara.hornaek@kunstakademie-duesseldorf.de), Susanne Henning (susanne.henning@kunstakademie-duesseldorf.de) Verantwortlich f\u00fcr den BDK: Dr. J\u00f6rg Gr\u00fctjen (JoergGruetjen@t-online.de), Jeannette Obst (jeannetteobst@gmx.de), Elfi Alfermann (e.alfermann@t-online.de), Datenschutzerkl\u00e4rung &nbsp; &nbsp; &nbsp; &nbsp;\" \/>\n<meta property=\"og:url\" content=\"http:\/\/didaktik-der-bildenden-kuenste.de\/kpt2018\/kontakt\/\" \/>\n<meta property=\"og:site_name\" content=\"Kunstp\u00e4dagogischer Tag 2018 I K\u00fcnstlerisches Handeln zwischen Kooperation, Differenzierung, Partizipation und Individualisierung\" \/>\n<meta property=\"article:modified_time\" content=\"2020-10-07T17:27:02+00:00\" \/>\n<meta name=\"twitter:card\" content=\"summary_large_image\" \/>\n<script type=\"application\/ld+json\" class=\"yoast-schema-graph\">{\"@context\":\"https:\/\/schema.org\",\"@graph\":[{\"@type\":\"WebPage\",\"@id\":\"http:\/\/didaktik-der-bildenden-kuenste.de\/kpt2018\/kontakt\/\",\"url\":\"http:\/\/didaktik-der-bildenden-kuenste.de\/kpt2018\/kontakt\/\",\"name\":\"Kontakt - Kunstp\u00e4dagogischer Tag 2018 I K\u00fcnstlerisches Handeln zwischen Kooperation, Differenzierung, Partizipation und Individualisierung\",\"isPartOf\":{\"@id\":\"http:\/\/didaktik-der-bildenden-kuenste.de\/kpt2018\/#website\"},\"datePublished\":\"2018-05-28T16:59:05+00:00\",\"dateModified\":\"2020-10-07T17:27:02+00:00\",\"breadcrumb\":{\"@id\":\"http:\/\/didaktik-der-bildenden-kuenste.de\/kpt2018\/kontakt\/#breadcrumb\"},\"inLanguage\":\"de\",\"potentialAction\":[{\"@type\":\"ReadAction\",\"target\":[\"http:\/\/didaktik-der-bildenden-kuenste.de\/kpt2018\/kontakt\/\"]}]},{\"@type\":\"BreadcrumbList\",\"@id\":\"http:\/\/didaktik-der-bildenden-kuenste.de\/kpt2018\/kontakt\/#breadcrumb\",\"itemListElement\":[{\"@type\":\"ListItem\",\"position\":1,\"name\":\"Home\",\"item\":\"http:\/\/didaktik-der-bildenden-kuenste.de\/kpt2018\/\"},{\"@type\":\"ListItem\",\"position\":2,\"name\":\"Kontakt\"}]},{\"@type\":\"WebSite\",\"@id\":\"http:\/\/didaktik-der-bildenden-kuenste.de\/kpt2018\/#website\",\"url\":\"http:\/\/didaktik-der-bildenden-kuenste.de\/kpt2018\/\",\"name\":\"Kunstp\u00e4dagogischer Tag 2018 I K\u00fcnstlerisches Handeln zwischen Kooperation, Differenzierung, Partizipation und Individualisierung\",\"description\":\"Eine weitere Didaktik der bildenden K\u00fcnste Websites Website\",\"potentialAction\":[{\"@type\":\"SearchAction\",\"target\":{\"@type\":\"EntryPoint\",\"urlTemplate\":\"http:\/\/didaktik-der-bildenden-kuenste.de\/kpt2018\/?s={search_term_string}\"},\"query-input\":{\"@type\":\"PropertyValueSpecification\",\"valueRequired\":true,\"valueName\":\"search_term_string\"}}],\"inLanguage\":\"de\"}]}<\/script>\n<!-- \/ Yoast SEO plugin. -->","yoast_head_json":{"title":"Kontakt - Kunstp\u00e4dagogischer Tag 2018 I K\u00fcnstlerisches Handeln zwischen Kooperation, Differenzierung, Partizipation und Individualisierung","robots":{"index":"index","follow":"follow","max-snippet":"max-snippet:-1","max-image-preview":"max-image-preview:large","max-video-preview":"max-video-preview:-1"},"canonical":"http:\/\/didaktik-der-bildenden-kuenste.de\/kpt2018\/kontakt\/","og_locale":"de_DE","og_type":"article","og_title":"Kontakt - Kunstp\u00e4dagogischer Tag 2018 I K\u00fcnstlerisches Handeln zwischen Kooperation, Differenzierung, Partizipation und Individualisierung","og_description":"Verantwortlich f\u00fcr die Universit\u00e4t Siegen: Prof. Dr. Sara Horn\u00e4k (sara.hornaek@kunstakademie-duesseldorf.de), Susanne Henning (susanne.henning@kunstakademie-duesseldorf.de) Verantwortlich f\u00fcr den BDK: Dr. J\u00f6rg Gr\u00fctjen (JoergGruetjen@t-online.de), Jeannette Obst (jeannetteobst@gmx.de), Elfi Alfermann (e.alfermann@t-online.de), Datenschutzerkl\u00e4rung &nbsp; &nbsp; &nbsp; &nbsp;","og_url":"http:\/\/didaktik-der-bildenden-kuenste.de\/kpt2018\/kontakt\/","og_site_name":"Kunstp\u00e4dagogischer Tag 2018 I K\u00fcnstlerisches Handeln zwischen Kooperation, Differenzierung, Partizipation und Individualisierung","article_modified_time":"2020-10-07T17:27:02+00:00","twitter_card":"summary_large_image","schema":{"@context":"https:\/\/schema.org","@graph":[{"@type":"WebPage","@id":"http:\/\/didaktik-der-bildenden-kuenste.de\/kpt2018\/kontakt\/","url":"http:\/\/didaktik-der-bildenden-kuenste.de\/kpt2018\/kontakt\/","name":"Kontakt - Kunstp\u00e4dagogischer Tag 2018 I K\u00fcnstlerisches Handeln zwischen Kooperation, Differenzierung, Partizipation und Individualisierung","isPartOf":{"@id":"http:\/\/didaktik-der-bildenden-kuenste.de\/kpt2018\/#website"},"datePublished":"2018-05-28T16:59:05+00:00","dateModified":"2020-10-07T17:27:02+00:00","breadcrumb":{"@id":"http:\/\/didaktik-der-bildenden-kuenste.de\/kpt2018\/kontakt\/#breadcrumb"},"inLanguage":"de","potentialAction":[{"@type":"ReadAction","target":["http:\/\/didaktik-der-bildenden-kuenste.de\/kpt2018\/kontakt\/"]}]},{"@type":"BreadcrumbList","@id":"http:\/\/didaktik-der-bildenden-kuenste.de\/kpt2018\/kontakt\/#breadcrumb","itemListElement":[{"@type":"ListItem","position":1,"name":"Home","item":"http:\/\/didaktik-der-bildenden-kuenste.de\/kpt2018\/"},{"@type":"ListItem","position":2,"name":"Kontakt"}]},{"@type":"WebSite","@id":"http:\/\/didaktik-der-bildenden-kuenste.de\/kpt2018\/#website","url":"http:\/\/didaktik-der-bildenden-kuenste.de\/kpt2018\/","name":"Kunstp\u00e4dagogischer Tag 2018 I K\u00fcnstlerisches Handeln zwischen Kooperation, Differenzierung, Partizipation und Individualisierung","description":"Eine weitere Didaktik der bildenden K\u00fcnste Websites Website","potentialAction":[{"@type":"SearchAction","target":{"@type":"EntryPoint","urlTemplate":"http:\/\/didaktik-der-bildenden-kuenste.de\/kpt2018\/?s={search_term_string}"},"query-input":{"@type":"PropertyValueSpecification","valueRequired":true,"valueName":"search_term_string"}}],"inLanguage":"de"}]}},"_links":{"self":[{"href":"https:\/\/didaktik-der-bildenden-kuenste.de\/kpt2018\/wp-json\/wp\/v2\/pages\/175","targetHints":{"allow":["GET"]}}],"collection":[{"href":"https:\/\/didaktik-der-bildenden-kuenste.de\/kpt2018\/wp-json\/wp\/v2\/pages"}],"about":[{"href":"https:\/\/didaktik-der-bildenden-kuenste.de\/kpt2018\/wp-json\/wp\/v2\/types\/page"}],"author":[{"embeddable":true,"href":"https:\/\/didaktik-der-bildenden-kuenste.de\/kpt2018\/wp-json\/wp\/v2\/users\/1"}],"replies":[{"embeddable":true,"href":"https:\/\/didaktik-der-bildenden-kuenste.de\/kpt2018\/wp-json\/wp\/v2\/comments?post=175"}],"version-history":[{"count":1,"href":"https:\/\/didaktik-der-bildenden-kuenste.de\/kpt2018\/wp-json\/wp\/v2\/pages\/175\/revisions"}],"predecessor-version":[{"id":646,"href":"https:\/\/didaktik-der-bildenden-kuenste.de\/kpt2018\/wp-json\/wp\/v2\/pages\/175\/revisions\/646"}],"wp:attachment":[{"href":"https:\/\/didaktik-der-bildenden-kuenste.de\/kpt2018\/wp-json\/wp\/v2\/media?parent=175"}],"curies":[{"name":"wp","href":"https:\/\/api.w.org\/{rel}","templated":true}]}}