{"id":275,"date":"2018-06-11T09:10:32","date_gmt":"2018-06-11T07:10:32","guid":{"rendered":"http:\/\/blogs.uni-siegen.de\/kpt2018\/?page_id=275"},"modified":"2020-10-07T19:38:25","modified_gmt":"2020-10-07T17:38:25","slug":"come-together-kuenstlerische-kollaborationen-als-moeglichkeit-einer-inklusiven-kunstpaedagogik","status":"publish","type":"page","link":"https:\/\/didaktik-der-bildenden-kuenste.de\/kpt2018\/abstracts\/come-together-kuenstlerische-kollaborationen-als-moeglichkeit-einer-inklusiven-kunstpaedagogik\/","title":{"rendered":"Come Together"},"content":{"rendered":"<p>K\u00fcnstlerische Kollaborationen als M\u00f6glichkeit einer Inklusiven Kunstp\u00e4dagogik<\/p>\n<p><img loading=\"lazy\" decoding=\"async\" class=\"alignnone size-full wp-image-480\" src=\"http:\/\/blogs.uni-siegen.de\/kpt2018\/files\/2018\/10\/brenne.jpg\" alt=\"\" width=\"960\" height=\"267\" srcset=\"https:\/\/didaktik-der-bildenden-kuenste.de\/kpt2018\/wp-content\/uploads\/sites\/4\/2018\/10\/brenne.jpg 960w, https:\/\/didaktik-der-bildenden-kuenste.de\/kpt2018\/wp-content\/uploads\/sites\/4\/2018\/10\/brenne-300x83.jpg 300w, https:\/\/didaktik-der-bildenden-kuenste.de\/kpt2018\/wp-content\/uploads\/sites\/4\/2018\/10\/brenne-768x214.jpg 768w, https:\/\/didaktik-der-bildenden-kuenste.de\/kpt2018\/wp-content\/uploads\/sites\/4\/2018\/10\/brenne-624x174.jpg 624w\" sizes=\"auto, (max-width: 960px) 100vw, 960px\" \/><\/p>\n<p>Workshop von&nbsp; Andreas Brenne<\/p>\n<p>Im Kontext von Schule erscheint die institutionalisierte Begegnung mit dem \u201eAnderen\u201c oftmals angstbesetzt, und man bef\u00fcrchtet, dass tragf\u00e4hige Kommunikationsprozesse nicht mehr stattfinden k\u00f6nnen und die unterrichtlichen Bem\u00fchungen ins Leere laufen. Grund f\u00fcr diese Einstellungen sind zumeist manifeste \u00dcberzeugungen, die auf der eigenen Lernbiographie basieren. Damit gemeinsames Lernen fruchtbar werden kann, bedarf es nicht nur der Toleranz und Offenheit im Umgang mit dem Fremden, sondern auch einer produktiven Auseinandersetzung mit Gegens\u00e4tzen, ohne diese aufl\u00f6sen zu wollen. Denn der \u201eAndere\u201c (Levinas) stellt das Selbst nicht nur radikal in Frage, sondern ist auch dessen Voraussetzung. Die Unterscheidungen von z.B. Selbst und Fremd, sind Grundlagen jeglicher Erkenntnis. Es braucht den \u201eAnderen\u201c, um Strukturen zu erkennen, so dass neue Welten entdeckt bzw. entwickelt werden k\u00f6nnen.<\/p>\n<p>Im Feld der Kunst wird dieses Weltenmachen erlebbar. \u201eMaking Worlds\u201c (Nelson Goodman) ist demnach eine Kompetenz der Kunst, die plurale Perspektiven als sinnstiftend und zukunftsweisend kennzeichnet.<\/p>\n<p>In diesem Workshop soll anhand eines Fallbeispiels diskutiert werden, wie sich im Rahmen unterrichtlicher Kunstproduktion kollaborative Strategien produktiv umsetzen lassen.<\/p>\n<p>Andreas Brenne, Dr. phil. (Jg. 1966) ist Professor f\u00fcr Kunstdidaktik\/Kunstp\u00e4dagogik an der Universit\u00e4t Osnabr\u00fcck. Er studierte Lehramt Primarstufe an der Westf\u00e4lische-Wilhelms-Universit\u00e4t M\u00fcnster, sowie freie Kunst an der Kunstakademie M\u00fcnster. Von 2000 -2007 war er Lehrer an Grundschulen im Kreis Warendorf. Von 2007-2012 war er Professor f\u00fcr \u201e\u00c4sthetische Bildung und Bewegungserziehung\u201c an der Universit\u00e4t Kassel. Er fungiert als Vorstandsmitglied der Wissenschaftlichen Soziet\u00e4t Kunst Medien Bildung. Seine Arbeitsschwerpunkte sind Kunstp\u00e4dagogik, K\u00fcnstlerisch-\u00e4sthetische Forschung, Grundschulp\u00e4dagogik, Qualitativ-empirische Unterrichtsforschung und Kulturelle Bildung.<\/p>\n","protected":false},"excerpt":{"rendered":"<p>K\u00fcnstlerische Kollaborationen als M\u00f6glichkeit einer Inklusiven Kunstp\u00e4dagogik Workshop von&nbsp; Andreas Brenne Im Kontext von Schule erscheint die institutionalisierte Begegnung mit dem \u201eAnderen\u201c oftmals angstbesetzt, und man bef\u00fcrchtet, dass tragf\u00e4hige Kommunikationsprozesse nicht mehr stattfinden k\u00f6nnen und die unterrichtlichen Bem\u00fchungen ins Leere laufen. Grund f\u00fcr diese Einstellungen sind zumeist manifeste \u00dcberzeugungen, die auf der eigenen Lernbiographie basieren. [&hellip;]<\/p>\n","protected":false},"author":1,"featured_media":0,"parent":67,"menu_order":0,"comment_status":"closed","ping_status":"closed","template":"page-templates\/full-width.php","meta":{"footnotes":""},"class_list":["post-275","page","type-page","status-publish","hentry"],"yoast_head":"<!-- This site is optimized with the Yoast SEO plugin v26.8 - https:\/\/yoast.com\/product\/yoast-seo-wordpress\/ -->\n<title>Come Together - Kunstp\u00e4dagogischer Tag 2018 I K\u00fcnstlerisches Handeln zwischen Kooperation, Differenzierung, Partizipation und Individualisierung<\/title>\n<meta name=\"robots\" content=\"index, follow, max-snippet:-1, max-image-preview:large, max-video-preview:-1\" \/>\n<link rel=\"canonical\" href=\"https:\/\/didaktik-der-bildenden-kuenste.de\/kpt2018\/abstracts\/come-together-kuenstlerische-kollaborationen-als-moeglichkeit-einer-inklusiven-kunstpaedagogik\/\" \/>\n<meta property=\"og:locale\" content=\"de_DE\" \/>\n<meta property=\"og:type\" content=\"article\" \/>\n<meta property=\"og:title\" content=\"Come Together - Kunstp\u00e4dagogischer Tag 2018 I K\u00fcnstlerisches Handeln zwischen Kooperation, Differenzierung, Partizipation und Individualisierung\" \/>\n<meta property=\"og:description\" content=\"K\u00fcnstlerische Kollaborationen als M\u00f6glichkeit einer Inklusiven Kunstp\u00e4dagogik Workshop von&nbsp; Andreas Brenne Im Kontext von Schule erscheint die institutionalisierte Begegnung mit dem \u201eAnderen\u201c oftmals angstbesetzt, und man bef\u00fcrchtet, dass tragf\u00e4hige Kommunikationsprozesse nicht mehr stattfinden k\u00f6nnen und die unterrichtlichen Bem\u00fchungen ins Leere laufen. Grund f\u00fcr diese Einstellungen sind zumeist manifeste \u00dcberzeugungen, die auf der eigenen Lernbiographie basieren. [&hellip;]\" \/>\n<meta property=\"og:url\" content=\"https:\/\/didaktik-der-bildenden-kuenste.de\/kpt2018\/abstracts\/come-together-kuenstlerische-kollaborationen-als-moeglichkeit-einer-inklusiven-kunstpaedagogik\/\" \/>\n<meta property=\"og:site_name\" content=\"Kunstp\u00e4dagogischer Tag 2018 I K\u00fcnstlerisches Handeln zwischen Kooperation, Differenzierung, Partizipation und Individualisierung\" \/>\n<meta property=\"article:modified_time\" content=\"2020-10-07T17:38:25+00:00\" \/>\n<meta property=\"og:image\" content=\"http:\/\/blogs.uni-siegen.de\/kpt2018\/files\/2018\/10\/brenne.jpg\" \/>\n<meta name=\"twitter:card\" content=\"summary_large_image\" \/>\n<meta name=\"twitter:label1\" content=\"Gesch\u00e4tzte Lesezeit\" \/>\n\t<meta name=\"twitter:data1\" content=\"1\u00a0Minute\" \/>\n<script type=\"application\/ld+json\" class=\"yoast-schema-graph\">{\"@context\":\"https:\/\/schema.org\",\"@graph\":[{\"@type\":\"WebPage\",\"@id\":\"https:\/\/didaktik-der-bildenden-kuenste.de\/kpt2018\/abstracts\/come-together-kuenstlerische-kollaborationen-als-moeglichkeit-einer-inklusiven-kunstpaedagogik\/\",\"url\":\"https:\/\/didaktik-der-bildenden-kuenste.de\/kpt2018\/abstracts\/come-together-kuenstlerische-kollaborationen-als-moeglichkeit-einer-inklusiven-kunstpaedagogik\/\",\"name\":\"Come Together - Kunstp\u00e4dagogischer Tag 2018 I K\u00fcnstlerisches Handeln zwischen Kooperation, Differenzierung, Partizipation und Individualisierung\",\"isPartOf\":{\"@id\":\"http:\/\/didaktik-der-bildenden-kuenste.de\/kpt2018\/#website\"},\"primaryImageOfPage\":{\"@id\":\"https:\/\/didaktik-der-bildenden-kuenste.de\/kpt2018\/abstracts\/come-together-kuenstlerische-kollaborationen-als-moeglichkeit-einer-inklusiven-kunstpaedagogik\/#primaryimage\"},\"image\":{\"@id\":\"https:\/\/didaktik-der-bildenden-kuenste.de\/kpt2018\/abstracts\/come-together-kuenstlerische-kollaborationen-als-moeglichkeit-einer-inklusiven-kunstpaedagogik\/#primaryimage\"},\"thumbnailUrl\":\"http:\/\/blogs.uni-siegen.de\/kpt2018\/files\/2018\/10\/brenne.jpg\",\"datePublished\":\"2018-06-11T07:10:32+00:00\",\"dateModified\":\"2020-10-07T17:38:25+00:00\",\"breadcrumb\":{\"@id\":\"https:\/\/didaktik-der-bildenden-kuenste.de\/kpt2018\/abstracts\/come-together-kuenstlerische-kollaborationen-als-moeglichkeit-einer-inklusiven-kunstpaedagogik\/#breadcrumb\"},\"inLanguage\":\"de\",\"potentialAction\":[{\"@type\":\"ReadAction\",\"target\":[\"https:\/\/didaktik-der-bildenden-kuenste.de\/kpt2018\/abstracts\/come-together-kuenstlerische-kollaborationen-als-moeglichkeit-einer-inklusiven-kunstpaedagogik\/\"]}]},{\"@type\":\"ImageObject\",\"inLanguage\":\"de\",\"@id\":\"https:\/\/didaktik-der-bildenden-kuenste.de\/kpt2018\/abstracts\/come-together-kuenstlerische-kollaborationen-als-moeglichkeit-einer-inklusiven-kunstpaedagogik\/#primaryimage\",\"url\":\"http:\/\/blogs.uni-siegen.de\/kpt2018\/files\/2018\/10\/brenne.jpg\",\"contentUrl\":\"http:\/\/blogs.uni-siegen.de\/kpt2018\/files\/2018\/10\/brenne.jpg\"},{\"@type\":\"BreadcrumbList\",\"@id\":\"https:\/\/didaktik-der-bildenden-kuenste.de\/kpt2018\/abstracts\/come-together-kuenstlerische-kollaborationen-als-moeglichkeit-einer-inklusiven-kunstpaedagogik\/#breadcrumb\",\"itemListElement\":[{\"@type\":\"ListItem\",\"position\":1,\"name\":\"Home\",\"item\":\"http:\/\/didaktik-der-bildenden-kuenste.de\/kpt2018\/\"},{\"@type\":\"ListItem\",\"position\":2,\"name\":\"Workshops\/Materialien\",\"item\":\"https:\/\/didaktik-der-bildenden-kuenste.de\/kpt2018\/abstracts\/\"},{\"@type\":\"ListItem\",\"position\":3,\"name\":\"Come Together\"}]},{\"@type\":\"WebSite\",\"@id\":\"http:\/\/didaktik-der-bildenden-kuenste.de\/kpt2018\/#website\",\"url\":\"http:\/\/didaktik-der-bildenden-kuenste.de\/kpt2018\/\",\"name\":\"Kunstp\u00e4dagogischer Tag 2018 I K\u00fcnstlerisches Handeln zwischen Kooperation, Differenzierung, Partizipation und Individualisierung\",\"description\":\"Eine weitere Didaktik der bildenden K\u00fcnste Websites Website\",\"potentialAction\":[{\"@type\":\"SearchAction\",\"target\":{\"@type\":\"EntryPoint\",\"urlTemplate\":\"http:\/\/didaktik-der-bildenden-kuenste.de\/kpt2018\/?s={search_term_string}\"},\"query-input\":{\"@type\":\"PropertyValueSpecification\",\"valueRequired\":true,\"valueName\":\"search_term_string\"}}],\"inLanguage\":\"de\"}]}<\/script>\n<!-- \/ Yoast SEO plugin. -->","yoast_head_json":{"title":"Come Together - Kunstp\u00e4dagogischer Tag 2018 I K\u00fcnstlerisches Handeln zwischen Kooperation, Differenzierung, Partizipation und Individualisierung","robots":{"index":"index","follow":"follow","max-snippet":"max-snippet:-1","max-image-preview":"max-image-preview:large","max-video-preview":"max-video-preview:-1"},"canonical":"https:\/\/didaktik-der-bildenden-kuenste.de\/kpt2018\/abstracts\/come-together-kuenstlerische-kollaborationen-als-moeglichkeit-einer-inklusiven-kunstpaedagogik\/","og_locale":"de_DE","og_type":"article","og_title":"Come Together - Kunstp\u00e4dagogischer Tag 2018 I K\u00fcnstlerisches Handeln zwischen Kooperation, Differenzierung, Partizipation und Individualisierung","og_description":"K\u00fcnstlerische Kollaborationen als M\u00f6glichkeit einer Inklusiven Kunstp\u00e4dagogik Workshop von&nbsp; Andreas Brenne Im Kontext von Schule erscheint die institutionalisierte Begegnung mit dem \u201eAnderen\u201c oftmals angstbesetzt, und man bef\u00fcrchtet, dass tragf\u00e4hige Kommunikationsprozesse nicht mehr stattfinden k\u00f6nnen und die unterrichtlichen Bem\u00fchungen ins Leere laufen. Grund f\u00fcr diese Einstellungen sind zumeist manifeste \u00dcberzeugungen, die auf der eigenen Lernbiographie basieren. [&hellip;]","og_url":"https:\/\/didaktik-der-bildenden-kuenste.de\/kpt2018\/abstracts\/come-together-kuenstlerische-kollaborationen-als-moeglichkeit-einer-inklusiven-kunstpaedagogik\/","og_site_name":"Kunstp\u00e4dagogischer Tag 2018 I K\u00fcnstlerisches Handeln zwischen Kooperation, Differenzierung, Partizipation und Individualisierung","article_modified_time":"2020-10-07T17:38:25+00:00","og_image":[{"url":"http:\/\/blogs.uni-siegen.de\/kpt2018\/files\/2018\/10\/brenne.jpg","type":"","width":"","height":""}],"twitter_card":"summary_large_image","twitter_misc":{"Gesch\u00e4tzte Lesezeit":"1\u00a0Minute"},"schema":{"@context":"https:\/\/schema.org","@graph":[{"@type":"WebPage","@id":"https:\/\/didaktik-der-bildenden-kuenste.de\/kpt2018\/abstracts\/come-together-kuenstlerische-kollaborationen-als-moeglichkeit-einer-inklusiven-kunstpaedagogik\/","url":"https:\/\/didaktik-der-bildenden-kuenste.de\/kpt2018\/abstracts\/come-together-kuenstlerische-kollaborationen-als-moeglichkeit-einer-inklusiven-kunstpaedagogik\/","name":"Come Together - Kunstp\u00e4dagogischer Tag 2018 I K\u00fcnstlerisches Handeln zwischen Kooperation, Differenzierung, Partizipation und Individualisierung","isPartOf":{"@id":"http:\/\/didaktik-der-bildenden-kuenste.de\/kpt2018\/#website"},"primaryImageOfPage":{"@id":"https:\/\/didaktik-der-bildenden-kuenste.de\/kpt2018\/abstracts\/come-together-kuenstlerische-kollaborationen-als-moeglichkeit-einer-inklusiven-kunstpaedagogik\/#primaryimage"},"image":{"@id":"https:\/\/didaktik-der-bildenden-kuenste.de\/kpt2018\/abstracts\/come-together-kuenstlerische-kollaborationen-als-moeglichkeit-einer-inklusiven-kunstpaedagogik\/#primaryimage"},"thumbnailUrl":"http:\/\/blogs.uni-siegen.de\/kpt2018\/files\/2018\/10\/brenne.jpg","datePublished":"2018-06-11T07:10:32+00:00","dateModified":"2020-10-07T17:38:25+00:00","breadcrumb":{"@id":"https:\/\/didaktik-der-bildenden-kuenste.de\/kpt2018\/abstracts\/come-together-kuenstlerische-kollaborationen-als-moeglichkeit-einer-inklusiven-kunstpaedagogik\/#breadcrumb"},"inLanguage":"de","potentialAction":[{"@type":"ReadAction","target":["https:\/\/didaktik-der-bildenden-kuenste.de\/kpt2018\/abstracts\/come-together-kuenstlerische-kollaborationen-als-moeglichkeit-einer-inklusiven-kunstpaedagogik\/"]}]},{"@type":"ImageObject","inLanguage":"de","@id":"https:\/\/didaktik-der-bildenden-kuenste.de\/kpt2018\/abstracts\/come-together-kuenstlerische-kollaborationen-als-moeglichkeit-einer-inklusiven-kunstpaedagogik\/#primaryimage","url":"http:\/\/blogs.uni-siegen.de\/kpt2018\/files\/2018\/10\/brenne.jpg","contentUrl":"http:\/\/blogs.uni-siegen.de\/kpt2018\/files\/2018\/10\/brenne.jpg"},{"@type":"BreadcrumbList","@id":"https:\/\/didaktik-der-bildenden-kuenste.de\/kpt2018\/abstracts\/come-together-kuenstlerische-kollaborationen-als-moeglichkeit-einer-inklusiven-kunstpaedagogik\/#breadcrumb","itemListElement":[{"@type":"ListItem","position":1,"name":"Home","item":"http:\/\/didaktik-der-bildenden-kuenste.de\/kpt2018\/"},{"@type":"ListItem","position":2,"name":"Workshops\/Materialien","item":"https:\/\/didaktik-der-bildenden-kuenste.de\/kpt2018\/abstracts\/"},{"@type":"ListItem","position":3,"name":"Come Together"}]},{"@type":"WebSite","@id":"http:\/\/didaktik-der-bildenden-kuenste.de\/kpt2018\/#website","url":"http:\/\/didaktik-der-bildenden-kuenste.de\/kpt2018\/","name":"Kunstp\u00e4dagogischer Tag 2018 I K\u00fcnstlerisches Handeln zwischen Kooperation, Differenzierung, Partizipation und Individualisierung","description":"Eine weitere Didaktik der bildenden K\u00fcnste Websites Website","potentialAction":[{"@type":"SearchAction","target":{"@type":"EntryPoint","urlTemplate":"http:\/\/didaktik-der-bildenden-kuenste.de\/kpt2018\/?s={search_term_string}"},"query-input":{"@type":"PropertyValueSpecification","valueRequired":true,"valueName":"search_term_string"}}],"inLanguage":"de"}]}},"_links":{"self":[{"href":"https:\/\/didaktik-der-bildenden-kuenste.de\/kpt2018\/wp-json\/wp\/v2\/pages\/275","targetHints":{"allow":["GET"]}}],"collection":[{"href":"https:\/\/didaktik-der-bildenden-kuenste.de\/kpt2018\/wp-json\/wp\/v2\/pages"}],"about":[{"href":"https:\/\/didaktik-der-bildenden-kuenste.de\/kpt2018\/wp-json\/wp\/v2\/types\/page"}],"author":[{"embeddable":true,"href":"https:\/\/didaktik-der-bildenden-kuenste.de\/kpt2018\/wp-json\/wp\/v2\/users\/1"}],"replies":[{"embeddable":true,"href":"https:\/\/didaktik-der-bildenden-kuenste.de\/kpt2018\/wp-json\/wp\/v2\/comments?post=275"}],"version-history":[{"count":1,"href":"https:\/\/didaktik-der-bildenden-kuenste.de\/kpt2018\/wp-json\/wp\/v2\/pages\/275\/revisions"}],"predecessor-version":[{"id":656,"href":"https:\/\/didaktik-der-bildenden-kuenste.de\/kpt2018\/wp-json\/wp\/v2\/pages\/275\/revisions\/656"}],"up":[{"embeddable":true,"href":"https:\/\/didaktik-der-bildenden-kuenste.de\/kpt2018\/wp-json\/wp\/v2\/pages\/67"}],"wp:attachment":[{"href":"https:\/\/didaktik-der-bildenden-kuenste.de\/kpt2018\/wp-json\/wp\/v2\/media?parent=275"}],"curies":[{"name":"wp","href":"https:\/\/api.w.org\/{rel}","templated":true}]}}