{"id":404,"date":"2019-04-03T10:55:23","date_gmt":"2019-04-03T08:55:23","guid":{"rendered":"http:\/\/blogs.uni-siegen.de\/kunstpaedagogik-und\/?page_id=404"},"modified":"2019-04-03T10:55:23","modified_gmt":"2019-04-03T08:55:23","slug":"tanja-wetzel","status":"publish","type":"page","link":"https:\/\/didaktik-der-bildenden-kuenste.de\/kunstpaedagogik-und\/abstracts\/tanja-wetzel\/","title":{"rendered":"TANJA WETZEL"},"content":{"rendered":"<p>PROF. DR. TANJA WETZEL<br \/>\nKunsthochschule Kassel<\/p>\n<h4>KUNSTP\u00c4DAGOGIK UND BILDUNGSWISSENSCHAFTEN<\/h4>\n<h4>Ins Gespr\u00e4ch kommen \u00fcber die \u00e4sthetische Praxis im Kunstunterricht<\/h4>\n<p>Die \u00e4sthetische Praxis von Sch\u00fclerinnen und Sch\u00fclern bildet mehr oder weniger das Zentrum von Kunstunterricht. Sch\u00fclerinnen und Sch\u00fcler arbeiten an eigenen Bildern, Projekten, Vorhaben und bed\u00fcrfen der Beratung der Lehrenden. So sind diese vor die Herausforderung gestellt, sehr viele Sch\u00fclerinnen und Sch\u00fcler in unterschiedlichen Kursen und Klassen mit ihren jeweiligen Skizzen, Bildern, \u00dcberlegungen und Konzepten in den Blick zu nehmen und beratend zu unterst\u00fctzen. Wie kann das gelingen?<\/p>\n<p>Um Beratungskompetenz auszubilden, sind zum einen \u201etechnische\u201c Kompetenzen notwendig, die neben vertieften fachlichen Kenntnissen auch Methoden und Theorien von Beratung einschlie\u00dfen, zum anderen bedarf es auch \u201epers\u00f6nlicher\u201c Kompetenzen, f\u00fcr die die F\u00e4higkeit zur kritischen Selbstreflexion elementar ist. Beide Pole arbeiten mit an der Ausbildung einer eigenen (kunstp\u00e4dagogischen) Haltung, in der Prozesse \u00e4sthetischer Praxis begleitet und unterst\u00fctzt werden, \u00a0und dies in einem lebenslang nicht abgeschlossenen Prozess. Offen ist, ob und inwieweit kunstp\u00e4dagogische Beratung lernbar oder gar lehrbar ist.<\/p>\n<p>Im Anschluss an eine Darstellung dieser Zusammenh\u00e4nge wird die Methode der kollegialen Fallarbeit vorgestellt als eine M\u00f6glichkeit, im gemeinsamen Austausch \u00fcber eigene explizite oder gar implizite Vorstellungen und Sichtweisen, diese in Hinblick auf die eigene Beratungskompetenz zu erweitern, zu relativierten oder auch zu best\u00e4tigen.<\/p>\n<p>&nbsp;<\/p>\n<p>_____________________________<\/p>\n<p class=\"x_MsoNormal\"><span class=\"\">TANJA WETZEL, Prof. Dr.,\u00a0<\/span>Studium der Philosophie, der Bildenden Kunst sowie Kunst und Sozialkunde f\u00fcr das Lehramt in Berlin und Kassel, Lehrauftr\u00e4ge in Kassel und Frankfurt, Mitarbeiterin an der Hochschule in Vechta, Promotion am Graduiertenkolleg in Hamburg \u00fcber \u201eDas Spiel in der \u00c4sthetischen Bildung\u201c, Lehrerin f\u00fcr Kunst und Sozialkunde in Bad Homburg, seit 2005 Professorin f\u00fcr Kunstp\u00e4dagogik an der Kunsthochschule Kassel.<\/p>\n","protected":false},"excerpt":{"rendered":"<p>PROF. DR. TANJA WETZEL Kunsthochschule Kassel KUNSTP\u00c4DAGOGIK UND BILDUNGSWISSENSCHAFTEN Ins Gespr\u00e4ch kommen \u00fcber die \u00e4sthetische Praxis im Kunstunterricht Die \u00e4sthetische Praxis von Sch\u00fclerinnen und Sch\u00fclern bildet mehr oder weniger das Zentrum von Kunstunterricht. Sch\u00fclerinnen und Sch\u00fcler arbeiten an eigenen Bildern, Projekten, Vorhaben und bed\u00fcrfen der Beratung der Lehrenden. So sind diese vor die Herausforderung gestellt, [&hellip;]<\/p>\n","protected":false},"author":1,"featured_media":0,"parent":49,"menu_order":0,"comment_status":"closed","ping_status":"closed","template":"page-templates\/full-width.php","meta":{"footnotes":""},"class_list":["post-404","page","type-page","status-publish","hentry"],"yoast_head":"<!-- This site is optimized with the Yoast SEO plugin v26.8 - https:\/\/yoast.com\/product\/yoast-seo-wordpress\/ -->\n<title>TANJA WETZEL - Kunstp\u00e4dagogik und ...<\/title>\n<meta name=\"robots\" content=\"index, follow, max-snippet:-1, max-image-preview:large, max-video-preview:-1\" \/>\n<link rel=\"canonical\" href=\"https:\/\/didaktik-der-bildenden-kuenste.de\/kunstpaedagogik-und\/abstracts\/tanja-wetzel\/\" \/>\n<meta property=\"og:locale\" content=\"de_DE\" \/>\n<meta property=\"og:type\" content=\"article\" \/>\n<meta property=\"og:title\" content=\"TANJA WETZEL - Kunstp\u00e4dagogik und ...\" \/>\n<meta property=\"og:description\" content=\"PROF. DR. TANJA WETZEL Kunsthochschule Kassel KUNSTP\u00c4DAGOGIK UND BILDUNGSWISSENSCHAFTEN Ins Gespr\u00e4ch kommen \u00fcber die \u00e4sthetische Praxis im Kunstunterricht Die \u00e4sthetische Praxis von Sch\u00fclerinnen und Sch\u00fclern bildet mehr oder weniger das Zentrum von Kunstunterricht. Sch\u00fclerinnen und Sch\u00fcler arbeiten an eigenen Bildern, Projekten, Vorhaben und bed\u00fcrfen der Beratung der Lehrenden. So sind diese vor die Herausforderung gestellt, [&hellip;]\" \/>\n<meta property=\"og:url\" content=\"https:\/\/didaktik-der-bildenden-kuenste.de\/kunstpaedagogik-und\/abstracts\/tanja-wetzel\/\" \/>\n<meta property=\"og:site_name\" content=\"Kunstp\u00e4dagogik und ...\" \/>\n<meta name=\"twitter:card\" content=\"summary_large_image\" \/>\n<meta name=\"twitter:label1\" content=\"Gesch\u00e4tzte Lesezeit\" \/>\n\t<meta name=\"twitter:data1\" content=\"1\u00a0Minute\" \/>\n<script type=\"application\/ld+json\" class=\"yoast-schema-graph\">{\"@context\":\"https:\/\/schema.org\",\"@graph\":[{\"@type\":\"WebPage\",\"@id\":\"https:\/\/didaktik-der-bildenden-kuenste.de\/kunstpaedagogik-und\/abstracts\/tanja-wetzel\/\",\"url\":\"https:\/\/didaktik-der-bildenden-kuenste.de\/kunstpaedagogik-und\/abstracts\/tanja-wetzel\/\",\"name\":\"TANJA WETZEL - Kunstp\u00e4dagogik und ...\",\"isPartOf\":{\"@id\":\"http:\/\/didaktik-der-bildenden-kuenste.de\/kunstpaedagogik-und\/#website\"},\"datePublished\":\"2019-04-03T08:55:23+00:00\",\"breadcrumb\":{\"@id\":\"https:\/\/didaktik-der-bildenden-kuenste.de\/kunstpaedagogik-und\/abstracts\/tanja-wetzel\/#breadcrumb\"},\"inLanguage\":\"de\",\"potentialAction\":[{\"@type\":\"ReadAction\",\"target\":[\"https:\/\/didaktik-der-bildenden-kuenste.de\/kunstpaedagogik-und\/abstracts\/tanja-wetzel\/\"]}]},{\"@type\":\"BreadcrumbList\",\"@id\":\"https:\/\/didaktik-der-bildenden-kuenste.de\/kunstpaedagogik-und\/abstracts\/tanja-wetzel\/#breadcrumb\",\"itemListElement\":[{\"@type\":\"ListItem\",\"position\":1,\"name\":\"Home\",\"item\":\"http:\/\/didaktik-der-bildenden-kuenste.de\/kunstpaedagogik-und\/\"},{\"@type\":\"ListItem\",\"position\":2,\"name\":\"VORTR\u00c4GE\",\"item\":\"http:\/\/didaktik-der-bildenden-kuenste.de\/kunstpaedagogik-und\/abstracts\/\"},{\"@type\":\"ListItem\",\"position\":3,\"name\":\"TANJA WETZEL\"}]},{\"@type\":\"WebSite\",\"@id\":\"http:\/\/didaktik-der-bildenden-kuenste.de\/kunstpaedagogik-und\/#website\",\"url\":\"http:\/\/didaktik-der-bildenden-kuenste.de\/kunstpaedagogik-und\/\",\"name\":\"Kunstp\u00e4dagogik und ...\",\"description\":\"Eine weitere Didaktik der bildenden K\u00fcnste Websites Website\",\"potentialAction\":[{\"@type\":\"SearchAction\",\"target\":{\"@type\":\"EntryPoint\",\"urlTemplate\":\"http:\/\/didaktik-der-bildenden-kuenste.de\/kunstpaedagogik-und\/?s={search_term_string}\"},\"query-input\":{\"@type\":\"PropertyValueSpecification\",\"valueRequired\":true,\"valueName\":\"search_term_string\"}}],\"inLanguage\":\"de\"}]}<\/script>\n<!-- \/ Yoast SEO plugin. -->","yoast_head_json":{"title":"TANJA WETZEL - Kunstp\u00e4dagogik und ...","robots":{"index":"index","follow":"follow","max-snippet":"max-snippet:-1","max-image-preview":"max-image-preview:large","max-video-preview":"max-video-preview:-1"},"canonical":"https:\/\/didaktik-der-bildenden-kuenste.de\/kunstpaedagogik-und\/abstracts\/tanja-wetzel\/","og_locale":"de_DE","og_type":"article","og_title":"TANJA WETZEL - Kunstp\u00e4dagogik und ...","og_description":"PROF. DR. TANJA WETZEL Kunsthochschule Kassel KUNSTP\u00c4DAGOGIK UND BILDUNGSWISSENSCHAFTEN Ins Gespr\u00e4ch kommen \u00fcber die \u00e4sthetische Praxis im Kunstunterricht Die \u00e4sthetische Praxis von Sch\u00fclerinnen und Sch\u00fclern bildet mehr oder weniger das Zentrum von Kunstunterricht. Sch\u00fclerinnen und Sch\u00fcler arbeiten an eigenen Bildern, Projekten, Vorhaben und bed\u00fcrfen der Beratung der Lehrenden. So sind diese vor die Herausforderung gestellt, [&hellip;]","og_url":"https:\/\/didaktik-der-bildenden-kuenste.de\/kunstpaedagogik-und\/abstracts\/tanja-wetzel\/","og_site_name":"Kunstp\u00e4dagogik und ...","twitter_card":"summary_large_image","twitter_misc":{"Gesch\u00e4tzte Lesezeit":"1\u00a0Minute"},"schema":{"@context":"https:\/\/schema.org","@graph":[{"@type":"WebPage","@id":"https:\/\/didaktik-der-bildenden-kuenste.de\/kunstpaedagogik-und\/abstracts\/tanja-wetzel\/","url":"https:\/\/didaktik-der-bildenden-kuenste.de\/kunstpaedagogik-und\/abstracts\/tanja-wetzel\/","name":"TANJA WETZEL - Kunstp\u00e4dagogik und ...","isPartOf":{"@id":"http:\/\/didaktik-der-bildenden-kuenste.de\/kunstpaedagogik-und\/#website"},"datePublished":"2019-04-03T08:55:23+00:00","breadcrumb":{"@id":"https:\/\/didaktik-der-bildenden-kuenste.de\/kunstpaedagogik-und\/abstracts\/tanja-wetzel\/#breadcrumb"},"inLanguage":"de","potentialAction":[{"@type":"ReadAction","target":["https:\/\/didaktik-der-bildenden-kuenste.de\/kunstpaedagogik-und\/abstracts\/tanja-wetzel\/"]}]},{"@type":"BreadcrumbList","@id":"https:\/\/didaktik-der-bildenden-kuenste.de\/kunstpaedagogik-und\/abstracts\/tanja-wetzel\/#breadcrumb","itemListElement":[{"@type":"ListItem","position":1,"name":"Home","item":"http:\/\/didaktik-der-bildenden-kuenste.de\/kunstpaedagogik-und\/"},{"@type":"ListItem","position":2,"name":"VORTR\u00c4GE","item":"http:\/\/didaktik-der-bildenden-kuenste.de\/kunstpaedagogik-und\/abstracts\/"},{"@type":"ListItem","position":3,"name":"TANJA WETZEL"}]},{"@type":"WebSite","@id":"http:\/\/didaktik-der-bildenden-kuenste.de\/kunstpaedagogik-und\/#website","url":"http:\/\/didaktik-der-bildenden-kuenste.de\/kunstpaedagogik-und\/","name":"Kunstp\u00e4dagogik und ...","description":"Eine weitere Didaktik der bildenden K\u00fcnste Websites Website","potentialAction":[{"@type":"SearchAction","target":{"@type":"EntryPoint","urlTemplate":"http:\/\/didaktik-der-bildenden-kuenste.de\/kunstpaedagogik-und\/?s={search_term_string}"},"query-input":{"@type":"PropertyValueSpecification","valueRequired":true,"valueName":"search_term_string"}}],"inLanguage":"de"}]}},"_links":{"self":[{"href":"https:\/\/didaktik-der-bildenden-kuenste.de\/kunstpaedagogik-und\/wp-json\/wp\/v2\/pages\/404","targetHints":{"allow":["GET"]}}],"collection":[{"href":"https:\/\/didaktik-der-bildenden-kuenste.de\/kunstpaedagogik-und\/wp-json\/wp\/v2\/pages"}],"about":[{"href":"https:\/\/didaktik-der-bildenden-kuenste.de\/kunstpaedagogik-und\/wp-json\/wp\/v2\/types\/page"}],"author":[{"embeddable":true,"href":"https:\/\/didaktik-der-bildenden-kuenste.de\/kunstpaedagogik-und\/wp-json\/wp\/v2\/users\/1"}],"replies":[{"embeddable":true,"href":"https:\/\/didaktik-der-bildenden-kuenste.de\/kunstpaedagogik-und\/wp-json\/wp\/v2\/comments?post=404"}],"version-history":[{"count":0,"href":"https:\/\/didaktik-der-bildenden-kuenste.de\/kunstpaedagogik-und\/wp-json\/wp\/v2\/pages\/404\/revisions"}],"up":[{"embeddable":true,"href":"https:\/\/didaktik-der-bildenden-kuenste.de\/kunstpaedagogik-und\/wp-json\/wp\/v2\/pages\/49"}],"wp:attachment":[{"href":"https:\/\/didaktik-der-bildenden-kuenste.de\/kunstpaedagogik-und\/wp-json\/wp\/v2\/media?parent=404"}],"curies":[{"name":"wp","href":"https:\/\/api.w.org\/{rel}","templated":true}]}}