{"id":411,"date":"2019-04-03T11:16:25","date_gmt":"2019-04-03T09:16:25","guid":{"rendered":"http:\/\/blogs.uni-siegen.de\/kunstpaedagogik-und\/?page_id=411"},"modified":"2022-02-11T10:34:31","modified_gmt":"2022-02-11T09:34:31","slug":"sommersemester-2019-2","status":"publish","type":"page","link":"https:\/\/didaktik-der-bildenden-kuenste.de\/kunstpaedagogik-und\/archiv\/sommersemester-2019-2\/","title":{"rendered":"Sommersemester 2019"},"content":{"rendered":"<h4>Programm Sommersemester 2019<br \/>\nmittwochs 10.15 \u2013 11.45 Uhr<\/h4>\n<h4>KUNSTP\u00c4DAGOGIK UND &#8230;<\/h4>\n<table width=\"695\">\n<tbody>\n<tr>\n<td width=\"212\">\n<p><strong>24.04.2019<\/strong><\/td>\n<td width=\"695\"><strong>&#8230; GESTALTUNGSLEHRE<\/strong><\/p>\n<p>Prof. Stefan Lausch (Folkwang Universit\u00e4t Essen)<\/p>\n<p><a href=\"http:\/\/didaktik-der-bildenden-kuenste.de\/kunstpaedagogik-und\/abstracts\/stefan-lausch\/\">K\u00f6nnen Experimente beauftragt werden?<\/a><\/td>\n<\/tr>\n<tr>\n<td width=\"212\"><strong>\u00a0<\/strong><\/p>\n<p><strong>08.05.2019<\/strong><\/td>\n<td width=\"695\"><strong>&#8230; POETIK<\/strong><\/p>\n<p>Prof. Dr. Christina Griebel (Staatliche Akademie der Bildenden K\u00fcnste Karlsruhe)<\/p>\n<p><a href=\"http:\/\/didaktik-der-bildenden-kuenste.de\/kunstpaedagogik-und\/abstracts\/christina-griebel\/\">Reflexive Praxen<\/a><\/td>\n<\/tr>\n<tr>\n<td width=\"212\">\n<p><strong>03.07.2019<\/strong><\/td>\n<td width=\"695\"><strong>&#8230; BILDUNGSWISSENSCHAFTEN<\/strong><\/p>\n<p>Prof. Dr. Tanja Wetzel (Kunsthochschule Kassel)<\/p>\n<p><a href=\"http:\/\/didaktik-der-bildenden-kuenste.de\/kunstpaedagogik-und\/abstracts\/tanja-wetzel\/\">Ins Gespr\u00e4ch kommen \u00fcber die \u00e4sthetische Praxis im Kunstunterricht<\/a><\/td>\n<\/tr>\n<\/tbody>\n<\/table>\n<p><img loading=\"lazy\" decoding=\"async\" class=\"alignnone size-full wp-image-438\" src=\"http:\/\/blogs.uni-siegen.de\/kunstpaedagogik-und\/files\/2019\/04\/ringvorlesung_finalfinalBeschnitt_04_04_19.jpg\" alt=\"\" width=\"3489\" height=\"4954\" \/><\/p>\n","protected":false},"excerpt":{"rendered":"<p>Programm Sommersemester 2019 mittwochs 10.15 \u2013 11.45 Uhr KUNSTP\u00c4DAGOGIK UND &#8230; 24.04.2019 &#8230; GESTALTUNGSLEHRE Prof. Stefan Lausch (Folkwang Universit\u00e4t Essen) K\u00f6nnen Experimente beauftragt werden? \u00a0 08.05.2019 &#8230; POETIK Prof. Dr. Christina Griebel (Staatliche Akademie der Bildenden K\u00fcnste Karlsruhe) Reflexive Praxen 03.07.2019 &#8230; BILDUNGSWISSENSCHAFTEN Prof. Dr. Tanja Wetzel (Kunsthochschule Kassel) Ins Gespr\u00e4ch kommen \u00fcber die \u00e4sthetische [&hellip;]<\/p>\n","protected":false},"author":1,"featured_media":0,"parent":476,"menu_order":0,"comment_status":"closed","ping_status":"closed","template":"page-templates\/full-width.php","meta":{"footnotes":""},"class_list":["post-411","page","type-page","status-publish","hentry"],"yoast_head":"<!-- This site is optimized with the Yoast SEO plugin v26.8 - https:\/\/yoast.com\/product\/yoast-seo-wordpress\/ -->\n<title>Sommersemester 2019 - Kunstp\u00e4dagogik und ...<\/title>\n<meta name=\"robots\" content=\"index, follow, max-snippet:-1, max-image-preview:large, max-video-preview:-1\" \/>\n<link rel=\"canonical\" href=\"https:\/\/didaktik-der-bildenden-kuenste.de\/kunstpaedagogik-und\/archiv\/sommersemester-2019-2\/\" \/>\n<meta property=\"og:locale\" content=\"de_DE\" \/>\n<meta property=\"og:type\" content=\"article\" \/>\n<meta property=\"og:title\" content=\"Sommersemester 2019 - Kunstp\u00e4dagogik und ...\" \/>\n<meta property=\"og:description\" content=\"Programm Sommersemester 2019 mittwochs 10.15 \u2013 11.45 Uhr KUNSTP\u00c4DAGOGIK UND &#8230; 24.04.2019 &#8230; GESTALTUNGSLEHRE Prof. Stefan Lausch (Folkwang Universit\u00e4t Essen) K\u00f6nnen Experimente beauftragt werden? \u00a0 08.05.2019 &#8230; POETIK Prof. Dr. Christina Griebel (Staatliche Akademie der Bildenden K\u00fcnste Karlsruhe) Reflexive Praxen 03.07.2019 &#8230; BILDUNGSWISSENSCHAFTEN Prof. Dr. Tanja Wetzel (Kunsthochschule Kassel) Ins Gespr\u00e4ch kommen \u00fcber die \u00e4sthetische [&hellip;]\" \/>\n<meta property=\"og:url\" content=\"https:\/\/didaktik-der-bildenden-kuenste.de\/kunstpaedagogik-und\/archiv\/sommersemester-2019-2\/\" \/>\n<meta property=\"og:site_name\" content=\"Kunstp\u00e4dagogik und ...\" \/>\n<meta property=\"article:modified_time\" content=\"2022-02-11T09:34:31+00:00\" \/>\n<meta property=\"og:image\" content=\"http:\/\/blogs.uni-siegen.de\/kunstpaedagogik-und\/files\/2019\/04\/ringvorlesung_finalfinalBeschnitt_04_04_19.jpg\" \/>\n<meta name=\"twitter:card\" content=\"summary_large_image\" \/>\n<script type=\"application\/ld+json\" class=\"yoast-schema-graph\">{\"@context\":\"https:\/\/schema.org\",\"@graph\":[{\"@type\":\"WebPage\",\"@id\":\"https:\/\/didaktik-der-bildenden-kuenste.de\/kunstpaedagogik-und\/archiv\/sommersemester-2019-2\/\",\"url\":\"https:\/\/didaktik-der-bildenden-kuenste.de\/kunstpaedagogik-und\/archiv\/sommersemester-2019-2\/\",\"name\":\"Sommersemester 2019 - Kunstp\u00e4dagogik und ...\",\"isPartOf\":{\"@id\":\"http:\/\/didaktik-der-bildenden-kuenste.de\/kunstpaedagogik-und\/#website\"},\"primaryImageOfPage\":{\"@id\":\"https:\/\/didaktik-der-bildenden-kuenste.de\/kunstpaedagogik-und\/archiv\/sommersemester-2019-2\/#primaryimage\"},\"image\":{\"@id\":\"https:\/\/didaktik-der-bildenden-kuenste.de\/kunstpaedagogik-und\/archiv\/sommersemester-2019-2\/#primaryimage\"},\"thumbnailUrl\":\"http:\/\/blogs.uni-siegen.de\/kunstpaedagogik-und\/files\/2019\/04\/ringvorlesung_finalfinalBeschnitt_04_04_19.jpg\",\"datePublished\":\"2019-04-03T09:16:25+00:00\",\"dateModified\":\"2022-02-11T09:34:31+00:00\",\"breadcrumb\":{\"@id\":\"https:\/\/didaktik-der-bildenden-kuenste.de\/kunstpaedagogik-und\/archiv\/sommersemester-2019-2\/#breadcrumb\"},\"inLanguage\":\"de\",\"potentialAction\":[{\"@type\":\"ReadAction\",\"target\":[\"https:\/\/didaktik-der-bildenden-kuenste.de\/kunstpaedagogik-und\/archiv\/sommersemester-2019-2\/\"]}]},{\"@type\":\"ImageObject\",\"inLanguage\":\"de\",\"@id\":\"https:\/\/didaktik-der-bildenden-kuenste.de\/kunstpaedagogik-und\/archiv\/sommersemester-2019-2\/#primaryimage\",\"url\":\"http:\/\/blogs.uni-siegen.de\/kunstpaedagogik-und\/files\/2019\/04\/ringvorlesung_finalfinalBeschnitt_04_04_19.jpg\",\"contentUrl\":\"http:\/\/blogs.uni-siegen.de\/kunstpaedagogik-und\/files\/2019\/04\/ringvorlesung_finalfinalBeschnitt_04_04_19.jpg\"},{\"@type\":\"BreadcrumbList\",\"@id\":\"https:\/\/didaktik-der-bildenden-kuenste.de\/kunstpaedagogik-und\/archiv\/sommersemester-2019-2\/#breadcrumb\",\"itemListElement\":[{\"@type\":\"ListItem\",\"position\":1,\"name\":\"Home\",\"item\":\"http:\/\/didaktik-der-bildenden-kuenste.de\/kunstpaedagogik-und\/\"},{\"@type\":\"ListItem\",\"position\":2,\"name\":\"Archiv\",\"item\":\"https:\/\/didaktik-der-bildenden-kuenste.de\/kunstpaedagogik-und\/archiv\/\"},{\"@type\":\"ListItem\",\"position\":3,\"name\":\"Sommersemester 2019\"}]},{\"@type\":\"WebSite\",\"@id\":\"http:\/\/didaktik-der-bildenden-kuenste.de\/kunstpaedagogik-und\/#website\",\"url\":\"http:\/\/didaktik-der-bildenden-kuenste.de\/kunstpaedagogik-und\/\",\"name\":\"Kunstp\u00e4dagogik und ...\",\"description\":\"Eine weitere Didaktik der bildenden K\u00fcnste Websites Website\",\"potentialAction\":[{\"@type\":\"SearchAction\",\"target\":{\"@type\":\"EntryPoint\",\"urlTemplate\":\"http:\/\/didaktik-der-bildenden-kuenste.de\/kunstpaedagogik-und\/?s={search_term_string}\"},\"query-input\":{\"@type\":\"PropertyValueSpecification\",\"valueRequired\":true,\"valueName\":\"search_term_string\"}}],\"inLanguage\":\"de\"}]}<\/script>\n<!-- \/ Yoast SEO plugin. -->","yoast_head_json":{"title":"Sommersemester 2019 - Kunstp\u00e4dagogik und ...","robots":{"index":"index","follow":"follow","max-snippet":"max-snippet:-1","max-image-preview":"max-image-preview:large","max-video-preview":"max-video-preview:-1"},"canonical":"https:\/\/didaktik-der-bildenden-kuenste.de\/kunstpaedagogik-und\/archiv\/sommersemester-2019-2\/","og_locale":"de_DE","og_type":"article","og_title":"Sommersemester 2019 - Kunstp\u00e4dagogik und ...","og_description":"Programm Sommersemester 2019 mittwochs 10.15 \u2013 11.45 Uhr KUNSTP\u00c4DAGOGIK UND &#8230; 24.04.2019 &#8230; GESTALTUNGSLEHRE Prof. Stefan Lausch (Folkwang Universit\u00e4t Essen) K\u00f6nnen Experimente beauftragt werden? \u00a0 08.05.2019 &#8230; POETIK Prof. Dr. Christina Griebel (Staatliche Akademie der Bildenden K\u00fcnste Karlsruhe) Reflexive Praxen 03.07.2019 &#8230; BILDUNGSWISSENSCHAFTEN Prof. Dr. Tanja Wetzel (Kunsthochschule Kassel) Ins Gespr\u00e4ch kommen \u00fcber die \u00e4sthetische [&hellip;]","og_url":"https:\/\/didaktik-der-bildenden-kuenste.de\/kunstpaedagogik-und\/archiv\/sommersemester-2019-2\/","og_site_name":"Kunstp\u00e4dagogik und ...","article_modified_time":"2022-02-11T09:34:31+00:00","og_image":[{"url":"http:\/\/blogs.uni-siegen.de\/kunstpaedagogik-und\/files\/2019\/04\/ringvorlesung_finalfinalBeschnitt_04_04_19.jpg","type":"","width":"","height":""}],"twitter_card":"summary_large_image","schema":{"@context":"https:\/\/schema.org","@graph":[{"@type":"WebPage","@id":"https:\/\/didaktik-der-bildenden-kuenste.de\/kunstpaedagogik-und\/archiv\/sommersemester-2019-2\/","url":"https:\/\/didaktik-der-bildenden-kuenste.de\/kunstpaedagogik-und\/archiv\/sommersemester-2019-2\/","name":"Sommersemester 2019 - Kunstp\u00e4dagogik und ...","isPartOf":{"@id":"http:\/\/didaktik-der-bildenden-kuenste.de\/kunstpaedagogik-und\/#website"},"primaryImageOfPage":{"@id":"https:\/\/didaktik-der-bildenden-kuenste.de\/kunstpaedagogik-und\/archiv\/sommersemester-2019-2\/#primaryimage"},"image":{"@id":"https:\/\/didaktik-der-bildenden-kuenste.de\/kunstpaedagogik-und\/archiv\/sommersemester-2019-2\/#primaryimage"},"thumbnailUrl":"http:\/\/blogs.uni-siegen.de\/kunstpaedagogik-und\/files\/2019\/04\/ringvorlesung_finalfinalBeschnitt_04_04_19.jpg","datePublished":"2019-04-03T09:16:25+00:00","dateModified":"2022-02-11T09:34:31+00:00","breadcrumb":{"@id":"https:\/\/didaktik-der-bildenden-kuenste.de\/kunstpaedagogik-und\/archiv\/sommersemester-2019-2\/#breadcrumb"},"inLanguage":"de","potentialAction":[{"@type":"ReadAction","target":["https:\/\/didaktik-der-bildenden-kuenste.de\/kunstpaedagogik-und\/archiv\/sommersemester-2019-2\/"]}]},{"@type":"ImageObject","inLanguage":"de","@id":"https:\/\/didaktik-der-bildenden-kuenste.de\/kunstpaedagogik-und\/archiv\/sommersemester-2019-2\/#primaryimage","url":"http:\/\/blogs.uni-siegen.de\/kunstpaedagogik-und\/files\/2019\/04\/ringvorlesung_finalfinalBeschnitt_04_04_19.jpg","contentUrl":"http:\/\/blogs.uni-siegen.de\/kunstpaedagogik-und\/files\/2019\/04\/ringvorlesung_finalfinalBeschnitt_04_04_19.jpg"},{"@type":"BreadcrumbList","@id":"https:\/\/didaktik-der-bildenden-kuenste.de\/kunstpaedagogik-und\/archiv\/sommersemester-2019-2\/#breadcrumb","itemListElement":[{"@type":"ListItem","position":1,"name":"Home","item":"http:\/\/didaktik-der-bildenden-kuenste.de\/kunstpaedagogik-und\/"},{"@type":"ListItem","position":2,"name":"Archiv","item":"https:\/\/didaktik-der-bildenden-kuenste.de\/kunstpaedagogik-und\/archiv\/"},{"@type":"ListItem","position":3,"name":"Sommersemester 2019"}]},{"@type":"WebSite","@id":"http:\/\/didaktik-der-bildenden-kuenste.de\/kunstpaedagogik-und\/#website","url":"http:\/\/didaktik-der-bildenden-kuenste.de\/kunstpaedagogik-und\/","name":"Kunstp\u00e4dagogik und ...","description":"Eine weitere Didaktik der bildenden K\u00fcnste Websites Website","potentialAction":[{"@type":"SearchAction","target":{"@type":"EntryPoint","urlTemplate":"http:\/\/didaktik-der-bildenden-kuenste.de\/kunstpaedagogik-und\/?s={search_term_string}"},"query-input":{"@type":"PropertyValueSpecification","valueRequired":true,"valueName":"search_term_string"}}],"inLanguage":"de"}]}},"_links":{"self":[{"href":"https:\/\/didaktik-der-bildenden-kuenste.de\/kunstpaedagogik-und\/wp-json\/wp\/v2\/pages\/411","targetHints":{"allow":["GET"]}}],"collection":[{"href":"https:\/\/didaktik-der-bildenden-kuenste.de\/kunstpaedagogik-und\/wp-json\/wp\/v2\/pages"}],"about":[{"href":"https:\/\/didaktik-der-bildenden-kuenste.de\/kunstpaedagogik-und\/wp-json\/wp\/v2\/types\/page"}],"author":[{"embeddable":true,"href":"https:\/\/didaktik-der-bildenden-kuenste.de\/kunstpaedagogik-und\/wp-json\/wp\/v2\/users\/1"}],"replies":[{"embeddable":true,"href":"https:\/\/didaktik-der-bildenden-kuenste.de\/kunstpaedagogik-und\/wp-json\/wp\/v2\/comments?post=411"}],"version-history":[{"count":1,"href":"https:\/\/didaktik-der-bildenden-kuenste.de\/kunstpaedagogik-und\/wp-json\/wp\/v2\/pages\/411\/revisions"}],"predecessor-version":[{"id":643,"href":"https:\/\/didaktik-der-bildenden-kuenste.de\/kunstpaedagogik-und\/wp-json\/wp\/v2\/pages\/411\/revisions\/643"}],"up":[{"embeddable":true,"href":"https:\/\/didaktik-der-bildenden-kuenste.de\/kunstpaedagogik-und\/wp-json\/wp\/v2\/pages\/476"}],"wp:attachment":[{"href":"https:\/\/didaktik-der-bildenden-kuenste.de\/kunstpaedagogik-und\/wp-json\/wp\/v2\/media?parent=411"}],"curies":[{"name":"wp","href":"https:\/\/api.w.org\/{rel}","templated":true}]}}