{"id":190,"date":"2025-01-13T13:33:09","date_gmt":"2025-01-13T12:33:09","guid":{"rendered":"http:\/\/didaktik-der-bildenden-kuenste.de\/visualempowerment\/?page_id=190"},"modified":"2026-02-02T16:09:41","modified_gmt":"2026-02-02T15:09:41","slug":"vortraege","status":"publish","type":"page","link":"https:\/\/didaktik-der-bildenden-kuenste.de\/visualempowerment\/vortraege\/","title":{"rendered":"VORTR\u00c4GE"},"content":{"rendered":"\n<p style=\"margin-top:0;margin-right:var(--wp--preset--spacing--30);margin-bottom:0;margin-left:var(--wp--preset--spacing--30)\"><a href=\"https:\/\/didaktik-der-bildenden-kuenste.de\/visualempowerment\/403-2\/\"><strong>Einf\u00fchrung<\/strong><br>Marley Schlarb<\/a><\/p>\n\n\n\n<p style=\"margin-right:var(--wp--preset--spacing--30);margin-left:var(--wp--preset--spacing--30)\"><a href=\"https:\/\/didaktik-der-bildenden-kuenste.de\/visualempowerment\/ungehorsame-koerperbilder-queer-feministische-videokunst-in-den-1970er-jahren-und-heute\/\"><strong>Ungehorsame K\u00f6rper(bilder) &#8211; Queer-Feministische Videokunst in den 1970er Jahren und heute<\/strong><br>Alisa Kronberger <\/a><\/p>\n\n\n\n<p style=\"margin-right:var(--wp--preset--spacing--30);margin-left:var(--wp--preset--spacing--30)\"><a href=\"https:\/\/didaktik-der-bildenden-kuenste.de\/visualempowerment\/313-2\/\"><strong>Wenn aus Entweder-Oder Sowohl-als-auch werden darf &#8211; Lernprozesse im Umgang mit verk\u00f6rperten Normen in meiner kritischen Kunstvermittlungspraxis<\/strong><br>Danja Erni<\/a><\/p>\n\n\n\n<p style=\"margin-right:var(--wp--preset--spacing--30);margin-left:var(--wp--preset--spacing--30)\"><a href=\"https:\/\/didaktik-der-bildenden-kuenste.de\/visualempowerment\/315-2\/\"><strong>Aus der Unterrichtspraxis: Gender &#8211; Kunst &#8211; St\u00fccke <\/strong><br>Christine Biehler<\/a><\/p>\n","protected":false},"excerpt":{"rendered":"<p>Einf\u00fchrungMarley Schlarb Ungehorsame K\u00f6rper(bilder) &#8211; Queer-Feministische Videokunst in den 1970er Jahren und heuteAlisa Kronberger Wenn aus Entweder-Oder Sowohl-als-auch werden darf &#8211; Lernprozesse im Umgang mit verk\u00f6rperten Normen in meiner kritischen KunstvermittlungspraxisDanja Erni Aus der Unterrichtspraxis: Gender &#8211; Kunst &#8211; St\u00fccke Christine Biehler<\/p>\n","protected":false},"author":12,"featured_media":0,"parent":0,"menu_order":0,"comment_status":"closed","ping_status":"closed","template":"","meta":{"footnotes":""},"class_list":["post-190","page","type-page","status-publish","hentry"],"yoast_head":"<!-- This site is optimized with the Yoast SEO plugin v26.8 - https:\/\/yoast.com\/product\/yoast-seo-wordpress\/ -->\n<title>VORTR\u00c4GE - Visual Empowerment. Kunstp\u00e4dagogische Tagung an der Kunstakademie D\u00fcsseldorf<\/title>\n<meta name=\"robots\" content=\"index, follow, max-snippet:-1, max-image-preview:large, max-video-preview:-1\" \/>\n<link rel=\"canonical\" href=\"https:\/\/didaktik-der-bildenden-kuenste.de\/visualempowerment\/vortraege\/\" \/>\n<meta property=\"og:locale\" content=\"de_DE\" \/>\n<meta property=\"og:type\" content=\"article\" \/>\n<meta property=\"og:title\" content=\"VORTR\u00c4GE - Visual Empowerment. Kunstp\u00e4dagogische Tagung an der Kunstakademie D\u00fcsseldorf\" \/>\n<meta property=\"og:description\" content=\"Einf\u00fchrungMarley Schlarb Ungehorsame K\u00f6rper(bilder) &#8211; Queer-Feministische Videokunst in den 1970er Jahren und heuteAlisa Kronberger Wenn aus Entweder-Oder Sowohl-als-auch werden darf &#8211; Lernprozesse im Umgang mit verk\u00f6rperten Normen in meiner kritischen KunstvermittlungspraxisDanja Erni Aus der Unterrichtspraxis: Gender &#8211; Kunst &#8211; St\u00fccke Christine Biehler\" \/>\n<meta property=\"og:url\" content=\"https:\/\/didaktik-der-bildenden-kuenste.de\/visualempowerment\/vortraege\/\" \/>\n<meta property=\"og:site_name\" content=\"Visual Empowerment. Kunstp\u00e4dagogische Tagung an der Kunstakademie D\u00fcsseldorf\" \/>\n<meta property=\"article:modified_time\" content=\"2026-02-02T15:09:41+00:00\" \/>\n<meta name=\"twitter:card\" content=\"summary_large_image\" \/>\n<meta name=\"twitter:label1\" content=\"Gesch\u00e4tzte Lesezeit\" \/>\n\t<meta name=\"twitter:data1\" content=\"1\u00a0Minute\" \/>\n<script type=\"application\/ld+json\" class=\"yoast-schema-graph\">{\"@context\":\"https:\/\/schema.org\",\"@graph\":[{\"@type\":\"WebPage\",\"@id\":\"https:\/\/didaktik-der-bildenden-kuenste.de\/visualempowerment\/vortraege\/\",\"url\":\"https:\/\/didaktik-der-bildenden-kuenste.de\/visualempowerment\/vortraege\/\",\"name\":\"VORTR\u00c4GE - Visual Empowerment. Kunstp\u00e4dagogische Tagung an der Kunstakademie D\u00fcsseldorf\",\"isPartOf\":{\"@id\":\"https:\/\/didaktik-der-bildenden-kuenste.de\/visualempowerment\/#website\"},\"datePublished\":\"2025-01-13T12:33:09+00:00\",\"dateModified\":\"2026-02-02T15:09:41+00:00\",\"breadcrumb\":{\"@id\":\"https:\/\/didaktik-der-bildenden-kuenste.de\/visualempowerment\/vortraege\/#breadcrumb\"},\"inLanguage\":\"de\",\"potentialAction\":[{\"@type\":\"ReadAction\",\"target\":[\"https:\/\/didaktik-der-bildenden-kuenste.de\/visualempowerment\/vortraege\/\"]}]},{\"@type\":\"BreadcrumbList\",\"@id\":\"https:\/\/didaktik-der-bildenden-kuenste.de\/visualempowerment\/vortraege\/#breadcrumb\",\"itemListElement\":[{\"@type\":\"ListItem\",\"position\":1,\"name\":\"VISUAL EMPOWERMENT\",\"item\":\"https:\/\/didaktik-der-bildenden-kuenste.de\/visualempowerment\/\"},{\"@type\":\"ListItem\",\"position\":2,\"name\":\"VORTR\u00c4GE\"}]},{\"@type\":\"WebSite\",\"@id\":\"https:\/\/didaktik-der-bildenden-kuenste.de\/visualempowerment\/#website\",\"url\":\"https:\/\/didaktik-der-bildenden-kuenste.de\/visualempowerment\/\",\"name\":\"Visual Empowerment. Kunstp\u00e4dagogische Tagung an der Kunstakademie D\u00fcsseldorf\",\"description\":\"\",\"potentialAction\":[{\"@type\":\"SearchAction\",\"target\":{\"@type\":\"EntryPoint\",\"urlTemplate\":\"https:\/\/didaktik-der-bildenden-kuenste.de\/visualempowerment\/?s={search_term_string}\"},\"query-input\":{\"@type\":\"PropertyValueSpecification\",\"valueRequired\":true,\"valueName\":\"search_term_string\"}}],\"inLanguage\":\"de\"}]}<\/script>\n<!-- \/ Yoast SEO plugin. -->","yoast_head_json":{"title":"VORTR\u00c4GE - Visual Empowerment. Kunstp\u00e4dagogische Tagung an der Kunstakademie D\u00fcsseldorf","robots":{"index":"index","follow":"follow","max-snippet":"max-snippet:-1","max-image-preview":"max-image-preview:large","max-video-preview":"max-video-preview:-1"},"canonical":"https:\/\/didaktik-der-bildenden-kuenste.de\/visualempowerment\/vortraege\/","og_locale":"de_DE","og_type":"article","og_title":"VORTR\u00c4GE - Visual Empowerment. Kunstp\u00e4dagogische Tagung an der Kunstakademie D\u00fcsseldorf","og_description":"Einf\u00fchrungMarley Schlarb Ungehorsame K\u00f6rper(bilder) &#8211; Queer-Feministische Videokunst in den 1970er Jahren und heuteAlisa Kronberger Wenn aus Entweder-Oder Sowohl-als-auch werden darf &#8211; Lernprozesse im Umgang mit verk\u00f6rperten Normen in meiner kritischen KunstvermittlungspraxisDanja Erni Aus der Unterrichtspraxis: Gender &#8211; Kunst &#8211; St\u00fccke Christine Biehler","og_url":"https:\/\/didaktik-der-bildenden-kuenste.de\/visualempowerment\/vortraege\/","og_site_name":"Visual Empowerment. Kunstp\u00e4dagogische Tagung an der Kunstakademie D\u00fcsseldorf","article_modified_time":"2026-02-02T15:09:41+00:00","twitter_card":"summary_large_image","twitter_misc":{"Gesch\u00e4tzte Lesezeit":"1\u00a0Minute"},"schema":{"@context":"https:\/\/schema.org","@graph":[{"@type":"WebPage","@id":"https:\/\/didaktik-der-bildenden-kuenste.de\/visualempowerment\/vortraege\/","url":"https:\/\/didaktik-der-bildenden-kuenste.de\/visualempowerment\/vortraege\/","name":"VORTR\u00c4GE - Visual Empowerment. Kunstp\u00e4dagogische Tagung an der Kunstakademie D\u00fcsseldorf","isPartOf":{"@id":"https:\/\/didaktik-der-bildenden-kuenste.de\/visualempowerment\/#website"},"datePublished":"2025-01-13T12:33:09+00:00","dateModified":"2026-02-02T15:09:41+00:00","breadcrumb":{"@id":"https:\/\/didaktik-der-bildenden-kuenste.de\/visualempowerment\/vortraege\/#breadcrumb"},"inLanguage":"de","potentialAction":[{"@type":"ReadAction","target":["https:\/\/didaktik-der-bildenden-kuenste.de\/visualempowerment\/vortraege\/"]}]},{"@type":"BreadcrumbList","@id":"https:\/\/didaktik-der-bildenden-kuenste.de\/visualempowerment\/vortraege\/#breadcrumb","itemListElement":[{"@type":"ListItem","position":1,"name":"VISUAL EMPOWERMENT","item":"https:\/\/didaktik-der-bildenden-kuenste.de\/visualempowerment\/"},{"@type":"ListItem","position":2,"name":"VORTR\u00c4GE"}]},{"@type":"WebSite","@id":"https:\/\/didaktik-der-bildenden-kuenste.de\/visualempowerment\/#website","url":"https:\/\/didaktik-der-bildenden-kuenste.de\/visualempowerment\/","name":"Visual Empowerment. Kunstp\u00e4dagogische Tagung an der Kunstakademie D\u00fcsseldorf","description":"","potentialAction":[{"@type":"SearchAction","target":{"@type":"EntryPoint","urlTemplate":"https:\/\/didaktik-der-bildenden-kuenste.de\/visualempowerment\/?s={search_term_string}"},"query-input":{"@type":"PropertyValueSpecification","valueRequired":true,"valueName":"search_term_string"}}],"inLanguage":"de"}]}},"_links":{"self":[{"href":"https:\/\/didaktik-der-bildenden-kuenste.de\/visualempowerment\/wp-json\/wp\/v2\/pages\/190","targetHints":{"allow":["GET"]}}],"collection":[{"href":"https:\/\/didaktik-der-bildenden-kuenste.de\/visualempowerment\/wp-json\/wp\/v2\/pages"}],"about":[{"href":"https:\/\/didaktik-der-bildenden-kuenste.de\/visualempowerment\/wp-json\/wp\/v2\/types\/page"}],"author":[{"embeddable":true,"href":"https:\/\/didaktik-der-bildenden-kuenste.de\/visualempowerment\/wp-json\/wp\/v2\/users\/12"}],"replies":[{"embeddable":true,"href":"https:\/\/didaktik-der-bildenden-kuenste.de\/visualempowerment\/wp-json\/wp\/v2\/comments?post=190"}],"version-history":[{"count":12,"href":"https:\/\/didaktik-der-bildenden-kuenste.de\/visualempowerment\/wp-json\/wp\/v2\/pages\/190\/revisions"}],"predecessor-version":[{"id":549,"href":"https:\/\/didaktik-der-bildenden-kuenste.de\/visualempowerment\/wp-json\/wp\/v2\/pages\/190\/revisions\/549"}],"wp:attachment":[{"href":"https:\/\/didaktik-der-bildenden-kuenste.de\/visualempowerment\/wp-json\/wp\/v2\/media?parent=190"}],"curies":[{"name":"wp","href":"https:\/\/api.w.org\/{rel}","templated":true}]}}

VORTRÄGE

<p style="margin-top:0;margin-right:var(--wp--preset--spacing--30);margin-bottom:0;margin-left:var(--wp--preset--spacing--30)"><a href="https://didaktik-der-bildenden-kuenste.de/visualempowerment/403-2/"><strong>Einführung</strong><br>Marley Schlarb</a></p>



<p style="margin-right:var(--wp--preset--spacing--30);margin-left:var(--wp--preset--spacing--30)"><a href="https://didaktik-der-bildenden-kuenste.de/visualempowerment/ungehorsame-koerperbilder-queer-feministische-videokunst-in-den-1970er-jahren-und-heute/"><strong>Ungehorsame Körper(bilder) &#8211; Queer-Feministische Videokunst in den 1970er Jahren und heute</strong><br>Alisa Kronberger </a></p>



<p style="margin-right:var(--wp--preset--spacing--30);margin-left:var(--wp--preset--spacing--30)"><a href="https://didaktik-der-bildenden-kuenste.de/visualempowerment/313-2/"><strong>Wenn aus Entweder-Oder Sowohl-als-auch werden darf &#8211; Lernprozesse im Umgang mit verkörperten Normen in meiner kritischen Kunstvermittlungspraxis</strong><br>Danja Erni</a></p>



<p style="margin-right:var(--wp--preset--spacing--30);margin-left:var(--wp--preset--spacing--30)"><a href="https://didaktik-der-bildenden-kuenste.de/visualempowerment/315-2/"><strong>Aus der Unterrichtspraxis: Gender &#8211; Kunst &#8211; Stücke </strong><br>Christine Biehler</a></p>

<p>EinführungMarley Schlarb Ungehorsame Körper(bilder) &#8211; Queer-Feministische Videokunst in den 1970er Jahren und heuteAlisa Kronberger Wenn aus Entweder-Oder Sowohl-als-auch werden darf &#8211; Lernprozesse im Umgang mit verkörperten Normen in meiner kritischen KunstvermittlungspraxisDanja Erni Aus der Unterrichtspraxis: Gender &#8211; Kunst &#8211; Stücke Christine Biehler</p>

<!-- This site is optimized with the Yoast SEO plugin v26.8 - https://yoast.com/product/yoast-seo-wordpress/ -->
<title>VORTRÄGE - Visual Empowerment. Kunstpädagogische Tagung an der Kunstakademie Düsseldorf</title>
<meta name="robots" content="index, follow, max-snippet:-1, max-image-preview:large, max-video-preview:-1" />
<link rel="canonical" href="https://didaktik-der-bildenden-kuenste.de/visualempowerment/vortraege/" />
<meta property="og:locale" content="de_DE" />
<meta property="og:type" content="article" />
<meta property="og:title" content="VORTRÄGE - Visual Empowerment. Kunstpädagogische Tagung an der Kunstakademie Düsseldorf" />
<meta property="og:description" content="EinführungMarley Schlarb Ungehorsame Körper(bilder) &#8211; Queer-Feministische Videokunst in den 1970er Jahren und heuteAlisa Kronberger Wenn aus Entweder-Oder Sowohl-als-auch werden darf &#8211; Lernprozesse im Umgang mit verkörperten Normen in meiner kritischen KunstvermittlungspraxisDanja Erni Aus der Unterrichtspraxis: Gender &#8211; Kunst &#8211; Stücke Christine Biehler" />
<meta property="og:url" content="https://didaktik-der-bildenden-kuenste.de/visualempowerment/vortraege/" />
<meta property="og:site_name" content="Visual Empowerment. Kunstpädagogische Tagung an der Kunstakademie Düsseldorf" />
<meta property="article:modified_time" content="2026-02-02T15:09:41+00:00" />
<meta name="twitter:card" content="summary_large_image" />
<meta name="twitter:label1" content="Geschätzte Lesezeit" />
	<meta name="twitter:data1" content="1 Minute" />
<script type="application/ld+json" class="yoast-schema-graph">{"@context":"https://schema.org","@graph":[{"@type":"WebPage","@id":"https://didaktik-der-bildenden-kuenste.de/visualempowerment/vortraege/","url":"https://didaktik-der-bildenden-kuenste.de/visualempowerment/vortraege/","name":"VORTRÄGE - Visual Empowerment. Kunstpädagogische Tagung an der Kunstakademie Düsseldorf","isPartOf":{"@id":"https://didaktik-der-bildenden-kuenste.de/visualempowerment/#website"},"datePublished":"2025-01-13T12:33:09+00:00","dateModified":"2026-02-02T15:09:41+00:00","breadcrumb":{"@id":"https://didaktik-der-bildenden-kuenste.de/visualempowerment/vortraege/#breadcrumb"},"inLanguage":"de","potentialAction":[{"@type":"ReadAction","target":["https://didaktik-der-bildenden-kuenste.de/visualempowerment/vortraege/"]}]},{"@type":"BreadcrumbList","@id":"https://didaktik-der-bildenden-kuenste.de/visualempowerment/vortraege/#breadcrumb","itemListElement":[{"@type":"ListItem","position":1,"name":"VISUAL EMPOWERMENT","item":"https://didaktik-der-bildenden-kuenste.de/visualempowerment/"},{"@type":"ListItem","position":2,"name":"VORTRÄGE"}]},{"@type":"WebSite","@id":"https://didaktik-der-bildenden-kuenste.de/visualempowerment/#website","url":"https://didaktik-der-bildenden-kuenste.de/visualempowerment/","name":"Visual Empowerment. Kunstpädagogische Tagung an der Kunstakademie Düsseldorf","description":"","potentialAction":[{"@type":"SearchAction","target":{"@type":"EntryPoint","urlTemplate":"https://didaktik-der-bildenden-kuenste.de/visualempowerment/?s={search_term_string}"},"query-input":{"@type":"PropertyValueSpecification","valueRequired":true,"valueName":"search_term_string"}}],"inLanguage":"de"}]}</script>
<!-- / Yoast SEO plugin. -->

VORTRÄGE - Visual Empowerment. Kunstpädagogische Tagung an der Kunstakademie Düsseldorf

EinführungMarley Schlarb Ungehorsame Körper(bilder) &#8211; Queer-Feministische Videokunst in den 1970er Jahren und heuteAlisa Kronberger Wenn aus Entweder-Oder Sowohl-als-auch werden darf &#8211; Lernprozesse im Umgang mit verkörperten Normen in meiner kritischen KunstvermittlungspraxisDanja Erni Aus der Unterrichtspraxis: Gender &#8211; Kunst &#8211; Stücke Christine Biehler

Visual Empowerment. Kunstpädagogische Tagung an der Kunstakademie Düsseldorf
