{"id":304,"date":"2025-02-03T12:05:57","date_gmt":"2025-02-03T11:05:57","guid":{"rendered":"http:\/\/didaktik-der-bildenden-kuenste.de\/visualempowerment\/?page_id=304"},"modified":"2026-01-21T09:16:08","modified_gmt":"2026-01-21T08:16:08","slug":"ungehorsame-koerperbilder-queer-feministische-videokunst-in-den-1970er-jahren-und-heute","status":"publish","type":"page","link":"https:\/\/didaktik-der-bildenden-kuenste.de\/visualempowerment\/vortraege\/ungehorsame-koerperbilder-queer-feministische-videokunst-in-den-1970er-jahren-und-heute\/","title":{"rendered":"Ungehorsame K\u00f6rper(bilder)"},"content":{"rendered":"\n<p class=\"has-large-font-size\"><strong>Ungehorsame K\u00f6rper(bilder) <\/strong><br><strong>\u2013 Queer-Feministische Videokunst in den 1970er Jahren und heute<\/strong><\/p>\n\n\n\n<p>Der Vortrag&nbsp;&nbsp;widmet&nbsp;&nbsp;sich&nbsp;&nbsp;Fragen&nbsp;&nbsp;von aktuellen&nbsp;&nbsp;feministischen&nbsp;&nbsp;und&nbsp;&nbsp;queeren&nbsp;&nbsp;Ans\u00e4tzen&nbsp;&nbsp;in&nbsp;&nbsp;der&nbsp;&nbsp;Video(-Performance)-Kunst, die mit ihren vielf\u00e4ltigen \u00e4sthetischen Strategien an die Anf\u00e4nge feministischer Videokunst in den 1970er Jahren zur\u00fcckdenken lassen. Zugleich lassen sie aber auch erkennen, dass sie nicht einfach blo\u00df als Neuauflage(n) von Videokunst-Geschichte(n) zu begreifen sind. Anhand von Beispielen (queer-)feministischer Videokunst stellt der Vortrag den Zusammenhang von Genderkonstruktionen und Medienformen in den Fokus. Geleitet von der Behauptung einer besonderen historischen N\u00e4he zwischen Video(kunst) und Feminismus, die im Vortrag dargestellt und theoretisch reflektiert wird, soll herausgearbeitet werden, wie neue Medientechnologien die Dekonstruktion traditioneller K\u00f6rperbilder bef\u00f6rdern. Ausgangspunkt des Vortrags sind die Videokunst-Experimente feministischer K\u00fcnstlerinnen der 1970er Jahre und ihre Dekonstruktionen und Neukompositionen von K\u00f6rperlichkeit. Anhand von Beispielen werden sowohl die spezifischen \u00c4sthetiken und wiederkehrenden Motive, als auch die theoretischen Dimensionen vorgef\u00fchrt.&nbsp;<\/p>\n\n\n\n<p>_____________________________<\/p>\n\n\n\n<p class=\"has-large-font-size\"><strong>Alisa Kronberger<\/strong><\/p>\n\n\n\n<p>Alisa Kronberger (Dr. phil.) ist wissenschaftliche Mitarbeiterin (PostDoc) am Institut f\u00fcr Medienwissenschaft der Ruhr-Universit\u00e4t Bochum und assoziiertes Mitglied des Sonderforschungsbereichs Virtuelle Lebenswelten. Ihre medien-, kunst- und kulturwissenschaftlichen Forschungsinteressen liegen vor allem im Bereich der (\u00f6ko-)feministischen (Medien-)Theorien, der Medien\u00f6kologie und -philosophie sowie im diskursiven Feld des Neuen Materialismus. Im Wintersemester 2024\/25 war sie Fellow am Erich Auerbach Institute for Advanced Studies der Universit\u00e4t zu K\u00f6ln und im Sommersemester 2025 wird sie die Professur f\u00fcr Mediengeschichte und Kommunikationstheorie an der RUV vertreten.<\/p>\n","protected":false},"excerpt":{"rendered":"<p>Ungehorsame K\u00f6rper(bilder) \u2013 Queer-Feministische Videokunst in den 1970er Jahren und heute Der Vortrag&nbsp;&nbsp;widmet&nbsp;&nbsp;sich&nbsp;&nbsp;Fragen&nbsp;&nbsp;von aktuellen&nbsp;&nbsp;feministischen&nbsp;&nbsp;und&nbsp;&nbsp;queeren&nbsp;&nbsp;Ans\u00e4tzen&nbsp;&nbsp;in&nbsp;&nbsp;der&nbsp;&nbsp;Video(-Performance)-Kunst, die mit ihren vielf\u00e4ltigen \u00e4sthetischen Strategien an die Anf\u00e4nge feministischer Videokunst in den 1970er Jahren zur\u00fcckdenken lassen. Zugleich lassen sie aber auch erkennen, dass sie nicht einfach blo\u00df als Neuauflage(n) von Videokunst-Geschichte(n) zu begreifen sind. Anhand von Beispielen (queer-)feministischer Videokunst stellt [&hellip;]<\/p>\n","protected":false},"author":12,"featured_media":0,"parent":190,"menu_order":0,"comment_status":"closed","ping_status":"closed","template":"page-no-title","meta":{"footnotes":""},"class_list":["post-304","page","type-page","status-publish","hentry"],"yoast_head":"<!-- This site is optimized with the Yoast SEO plugin v26.8 - https:\/\/yoast.com\/product\/yoast-seo-wordpress\/ -->\n<title>Ungehorsame K\u00f6rper(bilder) - Visual Empowerment. Kunstp\u00e4dagogische Tagung an der Kunstakademie D\u00fcsseldorf<\/title>\n<meta name=\"robots\" content=\"index, follow, max-snippet:-1, max-image-preview:large, max-video-preview:-1\" \/>\n<link rel=\"canonical\" href=\"https:\/\/didaktik-der-bildenden-kuenste.de\/visualempowerment\/vortraege\/ungehorsame-koerperbilder-queer-feministische-videokunst-in-den-1970er-jahren-und-heute\/\" \/>\n<meta property=\"og:locale\" content=\"de_DE\" \/>\n<meta property=\"og:type\" content=\"article\" \/>\n<meta property=\"og:title\" content=\"Ungehorsame K\u00f6rper(bilder) - Visual Empowerment. Kunstp\u00e4dagogische Tagung an der Kunstakademie D\u00fcsseldorf\" \/>\n<meta property=\"og:description\" content=\"Ungehorsame K\u00f6rper(bilder) \u2013 Queer-Feministische Videokunst in den 1970er Jahren und heute Der Vortrag&nbsp;&nbsp;widmet&nbsp;&nbsp;sich&nbsp;&nbsp;Fragen&nbsp;&nbsp;von aktuellen&nbsp;&nbsp;feministischen&nbsp;&nbsp;und&nbsp;&nbsp;queeren&nbsp;&nbsp;Ans\u00e4tzen&nbsp;&nbsp;in&nbsp;&nbsp;der&nbsp;&nbsp;Video(-Performance)-Kunst, die mit ihren vielf\u00e4ltigen \u00e4sthetischen Strategien an die Anf\u00e4nge feministischer Videokunst in den 1970er Jahren zur\u00fcckdenken lassen. Zugleich lassen sie aber auch erkennen, dass sie nicht einfach blo\u00df als Neuauflage(n) von Videokunst-Geschichte(n) zu begreifen sind. Anhand von Beispielen (queer-)feministischer Videokunst stellt [&hellip;]\" \/>\n<meta property=\"og:url\" content=\"https:\/\/didaktik-der-bildenden-kuenste.de\/visualempowerment\/vortraege\/ungehorsame-koerperbilder-queer-feministische-videokunst-in-den-1970er-jahren-und-heute\/\" \/>\n<meta property=\"og:site_name\" content=\"Visual Empowerment. Kunstp\u00e4dagogische Tagung an der Kunstakademie D\u00fcsseldorf\" \/>\n<meta property=\"article:modified_time\" content=\"2026-01-21T08:16:08+00:00\" \/>\n<meta name=\"twitter:card\" content=\"summary_large_image\" \/>\n<meta name=\"twitter:label1\" content=\"Gesch\u00e4tzte Lesezeit\" \/>\n\t<meta name=\"twitter:data1\" content=\"1\u00a0Minute\" \/>\n<script type=\"application\/ld+json\" class=\"yoast-schema-graph\">{\"@context\":\"https:\/\/schema.org\",\"@graph\":[{\"@type\":\"WebPage\",\"@id\":\"https:\/\/didaktik-der-bildenden-kuenste.de\/visualempowerment\/vortraege\/ungehorsame-koerperbilder-queer-feministische-videokunst-in-den-1970er-jahren-und-heute\/\",\"url\":\"https:\/\/didaktik-der-bildenden-kuenste.de\/visualempowerment\/vortraege\/ungehorsame-koerperbilder-queer-feministische-videokunst-in-den-1970er-jahren-und-heute\/\",\"name\":\"Ungehorsame K\u00f6rper(bilder) - Visual Empowerment. Kunstp\u00e4dagogische Tagung an der Kunstakademie D\u00fcsseldorf\",\"isPartOf\":{\"@id\":\"https:\/\/didaktik-der-bildenden-kuenste.de\/visualempowerment\/#website\"},\"datePublished\":\"2025-02-03T11:05:57+00:00\",\"dateModified\":\"2026-01-21T08:16:08+00:00\",\"breadcrumb\":{\"@id\":\"https:\/\/didaktik-der-bildenden-kuenste.de\/visualempowerment\/vortraege\/ungehorsame-koerperbilder-queer-feministische-videokunst-in-den-1970er-jahren-und-heute\/#breadcrumb\"},\"inLanguage\":\"de\",\"potentialAction\":[{\"@type\":\"ReadAction\",\"target\":[\"https:\/\/didaktik-der-bildenden-kuenste.de\/visualempowerment\/vortraege\/ungehorsame-koerperbilder-queer-feministische-videokunst-in-den-1970er-jahren-und-heute\/\"]}]},{\"@type\":\"BreadcrumbList\",\"@id\":\"https:\/\/didaktik-der-bildenden-kuenste.de\/visualempowerment\/vortraege\/ungehorsame-koerperbilder-queer-feministische-videokunst-in-den-1970er-jahren-und-heute\/#breadcrumb\",\"itemListElement\":[{\"@type\":\"ListItem\",\"position\":1,\"name\":\"VISUAL EMPOWERMENT\",\"item\":\"https:\/\/didaktik-der-bildenden-kuenste.de\/visualempowerment\/\"},{\"@type\":\"ListItem\",\"position\":2,\"name\":\"VORTR\u00c4GE\",\"item\":\"https:\/\/didaktik-der-bildenden-kuenste.de\/visualempowerment\/vortraege\/\"},{\"@type\":\"ListItem\",\"position\":3,\"name\":\"Ungehorsame K\u00f6rper(bilder)\"}]},{\"@type\":\"WebSite\",\"@id\":\"https:\/\/didaktik-der-bildenden-kuenste.de\/visualempowerment\/#website\",\"url\":\"https:\/\/didaktik-der-bildenden-kuenste.de\/visualempowerment\/\",\"name\":\"Visual Empowerment. Kunstp\u00e4dagogische Tagung an der Kunstakademie D\u00fcsseldorf\",\"description\":\"\",\"potentialAction\":[{\"@type\":\"SearchAction\",\"target\":{\"@type\":\"EntryPoint\",\"urlTemplate\":\"https:\/\/didaktik-der-bildenden-kuenste.de\/visualempowerment\/?s={search_term_string}\"},\"query-input\":{\"@type\":\"PropertyValueSpecification\",\"valueRequired\":true,\"valueName\":\"search_term_string\"}}],\"inLanguage\":\"de\"}]}<\/script>\n<!-- \/ Yoast SEO plugin. -->","yoast_head_json":{"title":"Ungehorsame K\u00f6rper(bilder) - Visual Empowerment. Kunstp\u00e4dagogische Tagung an der Kunstakademie D\u00fcsseldorf","robots":{"index":"index","follow":"follow","max-snippet":"max-snippet:-1","max-image-preview":"max-image-preview:large","max-video-preview":"max-video-preview:-1"},"canonical":"https:\/\/didaktik-der-bildenden-kuenste.de\/visualempowerment\/vortraege\/ungehorsame-koerperbilder-queer-feministische-videokunst-in-den-1970er-jahren-und-heute\/","og_locale":"de_DE","og_type":"article","og_title":"Ungehorsame K\u00f6rper(bilder) - Visual Empowerment. Kunstp\u00e4dagogische Tagung an der Kunstakademie D\u00fcsseldorf","og_description":"Ungehorsame K\u00f6rper(bilder) \u2013 Queer-Feministische Videokunst in den 1970er Jahren und heute Der Vortrag&nbsp;&nbsp;widmet&nbsp;&nbsp;sich&nbsp;&nbsp;Fragen&nbsp;&nbsp;von aktuellen&nbsp;&nbsp;feministischen&nbsp;&nbsp;und&nbsp;&nbsp;queeren&nbsp;&nbsp;Ans\u00e4tzen&nbsp;&nbsp;in&nbsp;&nbsp;der&nbsp;&nbsp;Video(-Performance)-Kunst, die mit ihren vielf\u00e4ltigen \u00e4sthetischen Strategien an die Anf\u00e4nge feministischer Videokunst in den 1970er Jahren zur\u00fcckdenken lassen. Zugleich lassen sie aber auch erkennen, dass sie nicht einfach blo\u00df als Neuauflage(n) von Videokunst-Geschichte(n) zu begreifen sind. Anhand von Beispielen (queer-)feministischer Videokunst stellt [&hellip;]","og_url":"https:\/\/didaktik-der-bildenden-kuenste.de\/visualempowerment\/vortraege\/ungehorsame-koerperbilder-queer-feministische-videokunst-in-den-1970er-jahren-und-heute\/","og_site_name":"Visual Empowerment. Kunstp\u00e4dagogische Tagung an der Kunstakademie D\u00fcsseldorf","article_modified_time":"2026-01-21T08:16:08+00:00","twitter_card":"summary_large_image","twitter_misc":{"Gesch\u00e4tzte Lesezeit":"1\u00a0Minute"},"schema":{"@context":"https:\/\/schema.org","@graph":[{"@type":"WebPage","@id":"https:\/\/didaktik-der-bildenden-kuenste.de\/visualempowerment\/vortraege\/ungehorsame-koerperbilder-queer-feministische-videokunst-in-den-1970er-jahren-und-heute\/","url":"https:\/\/didaktik-der-bildenden-kuenste.de\/visualempowerment\/vortraege\/ungehorsame-koerperbilder-queer-feministische-videokunst-in-den-1970er-jahren-und-heute\/","name":"Ungehorsame K\u00f6rper(bilder) - Visual Empowerment. Kunstp\u00e4dagogische Tagung an der Kunstakademie D\u00fcsseldorf","isPartOf":{"@id":"https:\/\/didaktik-der-bildenden-kuenste.de\/visualempowerment\/#website"},"datePublished":"2025-02-03T11:05:57+00:00","dateModified":"2026-01-21T08:16:08+00:00","breadcrumb":{"@id":"https:\/\/didaktik-der-bildenden-kuenste.de\/visualempowerment\/vortraege\/ungehorsame-koerperbilder-queer-feministische-videokunst-in-den-1970er-jahren-und-heute\/#breadcrumb"},"inLanguage":"de","potentialAction":[{"@type":"ReadAction","target":["https:\/\/didaktik-der-bildenden-kuenste.de\/visualempowerment\/vortraege\/ungehorsame-koerperbilder-queer-feministische-videokunst-in-den-1970er-jahren-und-heute\/"]}]},{"@type":"BreadcrumbList","@id":"https:\/\/didaktik-der-bildenden-kuenste.de\/visualempowerment\/vortraege\/ungehorsame-koerperbilder-queer-feministische-videokunst-in-den-1970er-jahren-und-heute\/#breadcrumb","itemListElement":[{"@type":"ListItem","position":1,"name":"VISUAL EMPOWERMENT","item":"https:\/\/didaktik-der-bildenden-kuenste.de\/visualempowerment\/"},{"@type":"ListItem","position":2,"name":"VORTR\u00c4GE","item":"https:\/\/didaktik-der-bildenden-kuenste.de\/visualempowerment\/vortraege\/"},{"@type":"ListItem","position":3,"name":"Ungehorsame K\u00f6rper(bilder)"}]},{"@type":"WebSite","@id":"https:\/\/didaktik-der-bildenden-kuenste.de\/visualempowerment\/#website","url":"https:\/\/didaktik-der-bildenden-kuenste.de\/visualempowerment\/","name":"Visual Empowerment. Kunstp\u00e4dagogische Tagung an der Kunstakademie D\u00fcsseldorf","description":"","potentialAction":[{"@type":"SearchAction","target":{"@type":"EntryPoint","urlTemplate":"https:\/\/didaktik-der-bildenden-kuenste.de\/visualempowerment\/?s={search_term_string}"},"query-input":{"@type":"PropertyValueSpecification","valueRequired":true,"valueName":"search_term_string"}}],"inLanguage":"de"}]}},"_links":{"self":[{"href":"https:\/\/didaktik-der-bildenden-kuenste.de\/visualempowerment\/wp-json\/wp\/v2\/pages\/304","targetHints":{"allow":["GET"]}}],"collection":[{"href":"https:\/\/didaktik-der-bildenden-kuenste.de\/visualempowerment\/wp-json\/wp\/v2\/pages"}],"about":[{"href":"https:\/\/didaktik-der-bildenden-kuenste.de\/visualempowerment\/wp-json\/wp\/v2\/types\/page"}],"author":[{"embeddable":true,"href":"https:\/\/didaktik-der-bildenden-kuenste.de\/visualempowerment\/wp-json\/wp\/v2\/users\/12"}],"replies":[{"embeddable":true,"href":"https:\/\/didaktik-der-bildenden-kuenste.de\/visualempowerment\/wp-json\/wp\/v2\/comments?post=304"}],"version-history":[{"count":10,"href":"https:\/\/didaktik-der-bildenden-kuenste.de\/visualempowerment\/wp-json\/wp\/v2\/pages\/304\/revisions"}],"predecessor-version":[{"id":456,"href":"https:\/\/didaktik-der-bildenden-kuenste.de\/visualempowerment\/wp-json\/wp\/v2\/pages\/304\/revisions\/456"}],"up":[{"embeddable":true,"href":"https:\/\/didaktik-der-bildenden-kuenste.de\/visualempowerment\/wp-json\/wp\/v2\/pages\/190"}],"wp:attachment":[{"href":"https:\/\/didaktik-der-bildenden-kuenste.de\/visualempowerment\/wp-json\/wp\/v2\/media?parent=304"}],"curies":[{"name":"wp","href":"https:\/\/api.w.org\/{rel}","templated":true}]}}