{"id":313,"date":"2025-02-03T12:12:12","date_gmt":"2025-02-03T11:12:12","guid":{"rendered":"http:\/\/didaktik-der-bildenden-kuenste.de\/visualempowerment\/?page_id=313"},"modified":"2026-01-22T10:50:23","modified_gmt":"2026-01-22T09:50:23","slug":"313-2","status":"publish","type":"page","link":"https:\/\/didaktik-der-bildenden-kuenste.de\/visualempowerment\/vortraege\/313-2\/","title":{"rendered":"Wenn aus Entweder-Oder Sowohl-als-auch werden darf"},"content":{"rendered":"\n<p class=\"has-large-font-size\"><strong>Wenn aus Entweder-Oder Sowohl-als-auch werden darf <\/strong><br><strong>\u2013 Lernprozesse im Umgang mit verk\u00f6rperten Normen in meiner kritischen Kunstvermittlungspraxis<\/strong><\/p>\n\n\n\n<p>2011 habe ich als Wissenschaftliche* Mitarbeitende* des\u00a0<a class=\"\" href=\"https:\/\/www.zhdk.ch\/forschung\/ehemalige-forschungsinstitute-7626\/iae\/ueber-das-institut-for-art-education-967\">Institute for Art Education<\/a>\u00a0und\u00a0<a class=\"\" href=\"http:\/\/www.danjaerni.com\/vermitteln\/kso.html\">Kunstlehrperson auf der Sekundarstufe I+II<\/a>\u00a0im Rahmen des Netzwerkmoduls \u201eQueer und DiY im Kunstunterricht\u201c die beiden Texte\u00a0\u00ab<a class=\"\" href=\"https:\/\/blog.zhdk.ch\/iaejournal\/files\/2011\/07\/IAE_Materialien-zum-Selbststudium.pdf\">Zweiflerei\u00bb (Dekonstruktion von Geschlecht)<\/a>\u00a0und\u00a0<a class=\"\" href=\"https:\/\/blog.zhdk.ch\/iaejournal\/files\/2017\/10\/Danja-Erni-Text_n%C2%B03.pdf\">\u00abSchwierige Themen\u00bb im Bildnerischen Gestaltung-Unterricht<\/a>\u00a0verfasst. Rund 15 Jahre sp\u00e4ter werfe ich einen Blick zur\u00fcck und beschreibe, wie sich meine k\u00fcnstlerische Bildungspraxis seither ver\u00e4ndert hat und welche Lernprozesse, Akteur*innen und Materialien meinen Blick auf ein\u00a0<a class=\"\" href=\"https:\/\/aligblok.de\/wp-content\/uploads\/2017\/04\/Netzwerkwochen_Web_NEU.pdf\"><em>Queeren<\/em><\/a>\u00a0von Kunstunterricht heute informieren.\u00a0<\/p>\n\n\n\n<p>______________________<\/p>\n\n\n\n<p class=\"has-large-font-size\"><strong>Danja Erni<\/strong><\/p>\n\n\n\n<p><strong class=\"\">Danja Erni<\/strong>&nbsp;\u00fcbt sich in Langsamkeit und verbringt gerne Zeit mit Pflanzen. Mag unterschiedliche Arten der Kontaktaufnahme und des Austauschs und lernt dazu in Laut- oder Schriftsprache, mit Geb\u00e4rden, Emotionen, in Bewegung und \u00fcber Ber\u00fchrung. Sie* besch\u00e4ftigt sich \u2013 meist in Teams \u2013 mit Fragen zu Diskriminierungskritik und Intersektionalit\u00e4t zwischen Kunst, Bildung und Aktivismus aus kritisch&nbsp;<em class=\"\">wei\u00dfer<\/em>, queer-feministischer und anti-ableistischer Perspektive.&nbsp;<a class=\"\" href=\"http:\/\/www.danjaerni.com\/\">www.danjaerni.com<\/a><\/p>\n","protected":false},"excerpt":{"rendered":"<p>Wenn aus Entweder-Oder Sowohl-als-auch werden darf \u2013 Lernprozesse im Umgang mit verk\u00f6rperten Normen in meiner kritischen Kunstvermittlungspraxis 2011 habe ich als Wissenschaftliche* Mitarbeitende* des\u00a0Institute for Art Education\u00a0und\u00a0Kunstlehrperson auf der Sekundarstufe I+II\u00a0im Rahmen des Netzwerkmoduls \u201eQueer und DiY im Kunstunterricht\u201c die beiden Texte\u00a0\u00abZweiflerei\u00bb (Dekonstruktion von Geschlecht)\u00a0und\u00a0\u00abSchwierige Themen\u00bb im Bildnerischen Gestaltung-Unterricht\u00a0verfasst. Rund 15 Jahre sp\u00e4ter werfe ich [&hellip;]<\/p>\n","protected":false},"author":12,"featured_media":0,"parent":190,"menu_order":0,"comment_status":"closed","ping_status":"closed","template":"page-no-title","meta":{"footnotes":""},"class_list":["post-313","page","type-page","status-publish","hentry"],"yoast_head":"<!-- This site is optimized with the Yoast SEO plugin v26.8 - https:\/\/yoast.com\/product\/yoast-seo-wordpress\/ -->\n<title>Wenn aus Entweder-Oder Sowohl-als-auch werden darf - Visual Empowerment. Kunstp\u00e4dagogische Tagung an der Kunstakademie D\u00fcsseldorf<\/title>\n<meta name=\"robots\" content=\"index, follow, max-snippet:-1, max-image-preview:large, max-video-preview:-1\" \/>\n<link rel=\"canonical\" href=\"https:\/\/didaktik-der-bildenden-kuenste.de\/visualempowerment\/vortraege\/313-2\/\" \/>\n<meta property=\"og:locale\" content=\"de_DE\" \/>\n<meta property=\"og:type\" content=\"article\" \/>\n<meta property=\"og:title\" content=\"Wenn aus Entweder-Oder Sowohl-als-auch werden darf - Visual Empowerment. Kunstp\u00e4dagogische Tagung an der Kunstakademie D\u00fcsseldorf\" \/>\n<meta property=\"og:description\" content=\"Wenn aus Entweder-Oder Sowohl-als-auch werden darf \u2013 Lernprozesse im Umgang mit verk\u00f6rperten Normen in meiner kritischen Kunstvermittlungspraxis 2011 habe ich als Wissenschaftliche* Mitarbeitende* des\u00a0Institute for Art Education\u00a0und\u00a0Kunstlehrperson auf der Sekundarstufe I+II\u00a0im Rahmen des Netzwerkmoduls \u201eQueer und DiY im Kunstunterricht\u201c die beiden Texte\u00a0\u00abZweiflerei\u00bb (Dekonstruktion von Geschlecht)\u00a0und\u00a0\u00abSchwierige Themen\u00bb im Bildnerischen Gestaltung-Unterricht\u00a0verfasst. Rund 15 Jahre sp\u00e4ter werfe ich [&hellip;]\" \/>\n<meta property=\"og:url\" content=\"https:\/\/didaktik-der-bildenden-kuenste.de\/visualempowerment\/vortraege\/313-2\/\" \/>\n<meta property=\"og:site_name\" content=\"Visual Empowerment. Kunstp\u00e4dagogische Tagung an der Kunstakademie D\u00fcsseldorf\" \/>\n<meta property=\"article:modified_time\" content=\"2026-01-22T09:50:23+00:00\" \/>\n<meta name=\"twitter:card\" content=\"summary_large_image\" \/>\n<meta name=\"twitter:label1\" content=\"Gesch\u00e4tzte Lesezeit\" \/>\n\t<meta name=\"twitter:data1\" content=\"1\u00a0Minute\" \/>\n<script type=\"application\/ld+json\" class=\"yoast-schema-graph\">{\"@context\":\"https:\/\/schema.org\",\"@graph\":[{\"@type\":\"WebPage\",\"@id\":\"https:\/\/didaktik-der-bildenden-kuenste.de\/visualempowerment\/vortraege\/313-2\/\",\"url\":\"https:\/\/didaktik-der-bildenden-kuenste.de\/visualempowerment\/vortraege\/313-2\/\",\"name\":\"Wenn aus Entweder-Oder Sowohl-als-auch werden darf - Visual Empowerment. Kunstp\u00e4dagogische Tagung an der Kunstakademie D\u00fcsseldorf\",\"isPartOf\":{\"@id\":\"https:\/\/didaktik-der-bildenden-kuenste.de\/visualempowerment\/#website\"},\"datePublished\":\"2025-02-03T11:12:12+00:00\",\"dateModified\":\"2026-01-22T09:50:23+00:00\",\"breadcrumb\":{\"@id\":\"https:\/\/didaktik-der-bildenden-kuenste.de\/visualempowerment\/vortraege\/313-2\/#breadcrumb\"},\"inLanguage\":\"de\",\"potentialAction\":[{\"@type\":\"ReadAction\",\"target\":[\"https:\/\/didaktik-der-bildenden-kuenste.de\/visualempowerment\/vortraege\/313-2\/\"]}]},{\"@type\":\"BreadcrumbList\",\"@id\":\"https:\/\/didaktik-der-bildenden-kuenste.de\/visualempowerment\/vortraege\/313-2\/#breadcrumb\",\"itemListElement\":[{\"@type\":\"ListItem\",\"position\":1,\"name\":\"VISUAL EMPOWERMENT\",\"item\":\"https:\/\/didaktik-der-bildenden-kuenste.de\/visualempowerment\/\"},{\"@type\":\"ListItem\",\"position\":2,\"name\":\"VORTR\u00c4GE\",\"item\":\"https:\/\/didaktik-der-bildenden-kuenste.de\/visualempowerment\/vortraege\/\"},{\"@type\":\"ListItem\",\"position\":3,\"name\":\"Wenn aus Entweder-Oder Sowohl-als-auch werden darf\"}]},{\"@type\":\"WebSite\",\"@id\":\"https:\/\/didaktik-der-bildenden-kuenste.de\/visualempowerment\/#website\",\"url\":\"https:\/\/didaktik-der-bildenden-kuenste.de\/visualempowerment\/\",\"name\":\"Visual Empowerment. Kunstp\u00e4dagogische Tagung an der Kunstakademie D\u00fcsseldorf\",\"description\":\"\",\"potentialAction\":[{\"@type\":\"SearchAction\",\"target\":{\"@type\":\"EntryPoint\",\"urlTemplate\":\"https:\/\/didaktik-der-bildenden-kuenste.de\/visualempowerment\/?s={search_term_string}\"},\"query-input\":{\"@type\":\"PropertyValueSpecification\",\"valueRequired\":true,\"valueName\":\"search_term_string\"}}],\"inLanguage\":\"de\"}]}<\/script>\n<!-- \/ Yoast SEO plugin. -->","yoast_head_json":{"title":"Wenn aus Entweder-Oder Sowohl-als-auch werden darf - Visual Empowerment. Kunstp\u00e4dagogische Tagung an der Kunstakademie D\u00fcsseldorf","robots":{"index":"index","follow":"follow","max-snippet":"max-snippet:-1","max-image-preview":"max-image-preview:large","max-video-preview":"max-video-preview:-1"},"canonical":"https:\/\/didaktik-der-bildenden-kuenste.de\/visualempowerment\/vortraege\/313-2\/","og_locale":"de_DE","og_type":"article","og_title":"Wenn aus Entweder-Oder Sowohl-als-auch werden darf - Visual Empowerment. Kunstp\u00e4dagogische Tagung an der Kunstakademie D\u00fcsseldorf","og_description":"Wenn aus Entweder-Oder Sowohl-als-auch werden darf \u2013 Lernprozesse im Umgang mit verk\u00f6rperten Normen in meiner kritischen Kunstvermittlungspraxis 2011 habe ich als Wissenschaftliche* Mitarbeitende* des\u00a0Institute for Art Education\u00a0und\u00a0Kunstlehrperson auf der Sekundarstufe I+II\u00a0im Rahmen des Netzwerkmoduls \u201eQueer und DiY im Kunstunterricht\u201c die beiden Texte\u00a0\u00abZweiflerei\u00bb (Dekonstruktion von Geschlecht)\u00a0und\u00a0\u00abSchwierige Themen\u00bb im Bildnerischen Gestaltung-Unterricht\u00a0verfasst. Rund 15 Jahre sp\u00e4ter werfe ich [&hellip;]","og_url":"https:\/\/didaktik-der-bildenden-kuenste.de\/visualempowerment\/vortraege\/313-2\/","og_site_name":"Visual Empowerment. Kunstp\u00e4dagogische Tagung an der Kunstakademie D\u00fcsseldorf","article_modified_time":"2026-01-22T09:50:23+00:00","twitter_card":"summary_large_image","twitter_misc":{"Gesch\u00e4tzte Lesezeit":"1\u00a0Minute"},"schema":{"@context":"https:\/\/schema.org","@graph":[{"@type":"WebPage","@id":"https:\/\/didaktik-der-bildenden-kuenste.de\/visualempowerment\/vortraege\/313-2\/","url":"https:\/\/didaktik-der-bildenden-kuenste.de\/visualempowerment\/vortraege\/313-2\/","name":"Wenn aus Entweder-Oder Sowohl-als-auch werden darf - Visual Empowerment. Kunstp\u00e4dagogische Tagung an der Kunstakademie D\u00fcsseldorf","isPartOf":{"@id":"https:\/\/didaktik-der-bildenden-kuenste.de\/visualempowerment\/#website"},"datePublished":"2025-02-03T11:12:12+00:00","dateModified":"2026-01-22T09:50:23+00:00","breadcrumb":{"@id":"https:\/\/didaktik-der-bildenden-kuenste.de\/visualempowerment\/vortraege\/313-2\/#breadcrumb"},"inLanguage":"de","potentialAction":[{"@type":"ReadAction","target":["https:\/\/didaktik-der-bildenden-kuenste.de\/visualempowerment\/vortraege\/313-2\/"]}]},{"@type":"BreadcrumbList","@id":"https:\/\/didaktik-der-bildenden-kuenste.de\/visualempowerment\/vortraege\/313-2\/#breadcrumb","itemListElement":[{"@type":"ListItem","position":1,"name":"VISUAL EMPOWERMENT","item":"https:\/\/didaktik-der-bildenden-kuenste.de\/visualempowerment\/"},{"@type":"ListItem","position":2,"name":"VORTR\u00c4GE","item":"https:\/\/didaktik-der-bildenden-kuenste.de\/visualempowerment\/vortraege\/"},{"@type":"ListItem","position":3,"name":"Wenn aus Entweder-Oder Sowohl-als-auch werden darf"}]},{"@type":"WebSite","@id":"https:\/\/didaktik-der-bildenden-kuenste.de\/visualempowerment\/#website","url":"https:\/\/didaktik-der-bildenden-kuenste.de\/visualempowerment\/","name":"Visual Empowerment. Kunstp\u00e4dagogische Tagung an der Kunstakademie D\u00fcsseldorf","description":"","potentialAction":[{"@type":"SearchAction","target":{"@type":"EntryPoint","urlTemplate":"https:\/\/didaktik-der-bildenden-kuenste.de\/visualempowerment\/?s={search_term_string}"},"query-input":{"@type":"PropertyValueSpecification","valueRequired":true,"valueName":"search_term_string"}}],"inLanguage":"de"}]}},"_links":{"self":[{"href":"https:\/\/didaktik-der-bildenden-kuenste.de\/visualempowerment\/wp-json\/wp\/v2\/pages\/313","targetHints":{"allow":["GET"]}}],"collection":[{"href":"https:\/\/didaktik-der-bildenden-kuenste.de\/visualempowerment\/wp-json\/wp\/v2\/pages"}],"about":[{"href":"https:\/\/didaktik-der-bildenden-kuenste.de\/visualempowerment\/wp-json\/wp\/v2\/types\/page"}],"author":[{"embeddable":true,"href":"https:\/\/didaktik-der-bildenden-kuenste.de\/visualempowerment\/wp-json\/wp\/v2\/users\/12"}],"replies":[{"embeddable":true,"href":"https:\/\/didaktik-der-bildenden-kuenste.de\/visualempowerment\/wp-json\/wp\/v2\/comments?post=313"}],"version-history":[{"count":5,"href":"https:\/\/didaktik-der-bildenden-kuenste.de\/visualempowerment\/wp-json\/wp\/v2\/pages\/313\/revisions"}],"predecessor-version":[{"id":464,"href":"https:\/\/didaktik-der-bildenden-kuenste.de\/visualempowerment\/wp-json\/wp\/v2\/pages\/313\/revisions\/464"}],"up":[{"embeddable":true,"href":"https:\/\/didaktik-der-bildenden-kuenste.de\/visualempowerment\/wp-json\/wp\/v2\/pages\/190"}],"wp:attachment":[{"href":"https:\/\/didaktik-der-bildenden-kuenste.de\/visualempowerment\/wp-json\/wp\/v2\/media?parent=313"}],"curies":[{"name":"wp","href":"https:\/\/api.w.org\/{rel}","templated":true}]}}

<p class="has-large-font-size"><strong>Wenn aus Entweder-Oder Sowohl-als-auch werden darf </strong><br><strong>– Lernprozesse im Umgang mit verkörperten Normen in meiner kritischen Kunstvermittlungspraxis</strong></p>



<p>2011 habe ich als Wissenschaftliche* Mitarbeitende* des <a class="" href="https://www.zhdk.ch/forschung/ehemalige-forschungsinstitute-7626/iae/ueber-das-institut-for-art-education-967">Institute for Art Education</a> und <a class="" href="http://www.danjaerni.com/vermitteln/kso.html">Kunstlehrperson auf der Sekundarstufe I+II</a> im Rahmen des Netzwerkmoduls „Queer und DiY im Kunstunterricht“ die beiden Texte «<a class="" href="https://blog.zhdk.ch/iaejournal/files/2011/07/IAE_Materialien-zum-Selbststudium.pdf">Zweiflerei» (Dekonstruktion von Geschlecht)</a> und <a class="" href="https://blog.zhdk.ch/iaejournal/files/2017/10/Danja-Erni-Text_n%C2%B03.pdf">«Schwierige Themen» im Bildnerischen Gestaltung-Unterricht</a> verfasst. Rund 15 Jahre später werfe ich einen Blick zurück und beschreibe, wie sich meine künstlerische Bildungspraxis seither verändert hat und welche Lernprozesse, Akteur*innen und Materialien meinen Blick auf ein <a class="" href="https://aligblok.de/wp-content/uploads/2017/04/Netzwerkwochen_Web_NEU.pdf"><em>Queeren</em></a> von Kunstunterricht heute informieren. </p>



<p>______________________</p>



<p class="has-large-font-size"><strong>Danja Erni</strong></p>



<p><strong class="">Danja Erni</strong>&nbsp;übt sich in Langsamkeit und verbringt gerne Zeit mit Pflanzen. Mag unterschiedliche Arten der Kontaktaufnahme und des Austauschs und lernt dazu in Laut- oder Schriftsprache, mit Gebärden, Emotionen, in Bewegung und über Berührung. Sie* beschäftigt sich – meist in Teams – mit Fragen zu Diskriminierungskritik und Intersektionalität zwischen Kunst, Bildung und Aktivismus aus kritisch&nbsp;<em class="">weißer</em>, queer-feministischer und anti-ableistischer Perspektive.&nbsp;<a class="" href="http://www.danjaerni.com/">www.danjaerni.com</a></p>

<p>Wenn aus Entweder-Oder Sowohl-als-auch werden darf – Lernprozesse im Umgang mit verkörperten Normen in meiner kritischen Kunstvermittlungspraxis 2011 habe ich als Wissenschaftliche* Mitarbeitende* des Institute for Art Education und Kunstlehrperson auf der Sekundarstufe I+II im Rahmen des Netzwerkmoduls „Queer und DiY im Kunstunterricht“ die beiden Texte «Zweiflerei» (Dekonstruktion von Geschlecht) und «Schwierige Themen» im Bildnerischen Gestaltung-Unterricht verfasst. Rund 15 Jahre später werfe ich [&hellip;]</p>

<!-- This site is optimized with the Yoast SEO plugin v26.8 - https://yoast.com/product/yoast-seo-wordpress/ -->
<title>Wenn aus Entweder-Oder Sowohl-als-auch werden darf - Visual Empowerment. Kunstpädagogische Tagung an der Kunstakademie Düsseldorf</title>
<meta name="robots" content="index, follow, max-snippet:-1, max-image-preview:large, max-video-preview:-1" />
<link rel="canonical" href="https://didaktik-der-bildenden-kuenste.de/visualempowerment/vortraege/313-2/" />
<meta property="og:locale" content="de_DE" />
<meta property="og:type" content="article" />
<meta property="og:title" content="Wenn aus Entweder-Oder Sowohl-als-auch werden darf - Visual Empowerment. Kunstpädagogische Tagung an der Kunstakademie Düsseldorf" />
<meta property="og:description" content="Wenn aus Entweder-Oder Sowohl-als-auch werden darf – Lernprozesse im Umgang mit verkörperten Normen in meiner kritischen Kunstvermittlungspraxis 2011 habe ich als Wissenschaftliche* Mitarbeitende* des Institute for Art Education und Kunstlehrperson auf der Sekundarstufe I+II im Rahmen des Netzwerkmoduls „Queer und DiY im Kunstunterricht“ die beiden Texte «Zweiflerei» (Dekonstruktion von Geschlecht) und «Schwierige Themen» im Bildnerischen Gestaltung-Unterricht verfasst. Rund 15 Jahre später werfe ich [&hellip;]" />
<meta property="og:url" content="https://didaktik-der-bildenden-kuenste.de/visualempowerment/vortraege/313-2/" />
<meta property="og:site_name" content="Visual Empowerment. Kunstpädagogische Tagung an der Kunstakademie Düsseldorf" />
<meta property="article:modified_time" content="2026-01-22T09:50:23+00:00" />
<meta name="twitter:card" content="summary_large_image" />
<meta name="twitter:label1" content="Geschätzte Lesezeit" />
	<meta name="twitter:data1" content="1 Minute" />
<script type="application/ld+json" class="yoast-schema-graph">{"@context":"https://schema.org","@graph":[{"@type":"WebPage","@id":"https://didaktik-der-bildenden-kuenste.de/visualempowerment/vortraege/313-2/","url":"https://didaktik-der-bildenden-kuenste.de/visualempowerment/vortraege/313-2/","name":"Wenn aus Entweder-Oder Sowohl-als-auch werden darf - Visual Empowerment. Kunstpädagogische Tagung an der Kunstakademie Düsseldorf","isPartOf":{"@id":"https://didaktik-der-bildenden-kuenste.de/visualempowerment/#website"},"datePublished":"2025-02-03T11:12:12+00:00","dateModified":"2026-01-22T09:50:23+00:00","breadcrumb":{"@id":"https://didaktik-der-bildenden-kuenste.de/visualempowerment/vortraege/313-2/#breadcrumb"},"inLanguage":"de","potentialAction":[{"@type":"ReadAction","target":["https://didaktik-der-bildenden-kuenste.de/visualempowerment/vortraege/313-2/"]}]},{"@type":"BreadcrumbList","@id":"https://didaktik-der-bildenden-kuenste.de/visualempowerment/vortraege/313-2/#breadcrumb","itemListElement":[{"@type":"ListItem","position":1,"name":"VISUAL EMPOWERMENT","item":"https://didaktik-der-bildenden-kuenste.de/visualempowerment/"},{"@type":"ListItem","position":2,"name":"VORTRÄGE","item":"https://didaktik-der-bildenden-kuenste.de/visualempowerment/vortraege/"},{"@type":"ListItem","position":3,"name":"Wenn aus Entweder-Oder Sowohl-als-auch werden darf"}]},{"@type":"WebSite","@id":"https://didaktik-der-bildenden-kuenste.de/visualempowerment/#website","url":"https://didaktik-der-bildenden-kuenste.de/visualempowerment/","name":"Visual Empowerment. Kunstpädagogische Tagung an der Kunstakademie Düsseldorf","description":"","potentialAction":[{"@type":"SearchAction","target":{"@type":"EntryPoint","urlTemplate":"https://didaktik-der-bildenden-kuenste.de/visualempowerment/?s={search_term_string}"},"query-input":{"@type":"PropertyValueSpecification","valueRequired":true,"valueName":"search_term_string"}}],"inLanguage":"de"}]}</script>
<!-- / Yoast SEO plugin. -->

Wenn aus Entweder-Oder Sowohl-als-auch werden darf - Visual Empowerment. Kunstpädagogische Tagung an der Kunstakademie Düsseldorf

Wenn aus Entweder-Oder Sowohl-als-auch werden darf – Lernprozesse im Umgang mit verkörperten Normen in meiner kritischen Kunstvermittlungspraxis 2011 habe ich als Wissenschaftliche* Mitarbeitende* des Institute for Art Education und Kunstlehrperson auf der Sekundarstufe I+II im Rahmen des Netzwerkmoduls „Queer und DiY im Kunstunterricht“ die beiden Texte «Zweiflerei» (Dekonstruktion von Geschlecht) und «Schwierige Themen» im Bildnerischen Gestaltung-Unterricht verfasst. Rund 15 Jahre später werfe ich [&hellip;]

Visual Empowerment. Kunstpädagogische Tagung an der Kunstakademie Düsseldorf

VORTRÄGE
