{"id":315,"date":"2025-02-03T12:17:36","date_gmt":"2025-02-03T11:17:36","guid":{"rendered":"http:\/\/didaktik-der-bildenden-kuenste.de\/visualempowerment\/?page_id=315"},"modified":"2026-01-21T09:12:41","modified_gmt":"2026-01-21T08:12:41","slug":"315-2","status":"publish","type":"page","link":"https:\/\/didaktik-der-bildenden-kuenste.de\/visualempowerment\/vortraege\/315-2\/","title":{"rendered":"Aus der Unterrichtspraxis: Gender \u2013 Kunst \u2013 St\u00fccke"},"content":{"rendered":"\n<p class=\"has-large-font-size\"><strong>Aus der Unterrichtspraxis: <\/strong><br><strong>Gender \u2013 Kunst \u2013 St\u00fccke<\/strong><\/p>\n\n\n\n<p>Was hat ein Schrei aus einer \u00fcber den Kopf gest\u00fclpten Kiste, Wunschgeschichten handgeschrieben auf Papierr\u00f6cken, \u00fcbermalte Grimassen-Fotos, ein wei\u00dfer Spitzen-BH \u00fcber einem Jogginganzug eines tanzenden Jungen oder das Verschmelzen des eigenen Gesichts mit einem Schachk\u00f6nig in einer Collage miteinander zu tun?<\/p>\n\n\n\n<p>Sie sind Gender\u2013 Kunst \u2013 St\u00fccke: Material, Ergebnisse oder Momente eines Kunstunterrichts, der auf Prozesse setzt und der implizit oder explizit versucht, stereotype Vorstellungen von Geschlecht und statische Vorstellungen von Identit\u00e4t lustvoll aufzuweichen oder zu transformieren. Das Spiel m\u00fcndet in die akkurate Arbeit am k\u00fcnstlerischen Ergebnis &#8211; ob Fotoinszenierung, Performance, Film oder Objekt. Hier spielt dann nicht das Thema die erste Rolle, erst recht nicht seine Darstellung, sondern die Herstellung und die Arbeit an der Form steht im Fokus, einer Form, die ambivalente Erz\u00e4hlungen m\u00f6glich machen soll.<\/p>\n\n\n\n<p>Einige Beispiele aus der eigenen Unterrichtspraxis in Ober- und Mittelstufe an einem Gymnasium werden im Vortrag vorgestellt und unter den Aspekten Gender, Diversit\u00e4t und K\u00f6rperlichkeit diskutiert.<\/p>\n\n\n\n<p>Man kann sich fragen: Wie k\u00f6nnen altersbedingte Scham oder Unsicherheiten von der Freude an der Entdeckung und \u00dcberschreitung verdr\u00e4ngt werden? Warum gelingt diese provozierte Bewegung im Kunstunterricht manchmal nicht? Sind die Methoden des Dekonstruierens von stereotypen Geschlechterbildern in einem Alter ad\u00e4quat, das von Bed\u00fcrfnissen nach Orientierung und Gewissheiten gepr\u00e4gt ist?\u00a0<\/p>\n\n\n\n<p>Was sind die personellen und r\u00e4umlichen Voraussetzungen f\u00fcr diese Projekte? Wo st\u00f6\u00dft das aufgekl\u00e4rte Selbstverst\u00e4ndnis der Lehrenden trotz viel Wohlwollen an seine Grenzen?<\/p>\n\n\n\n<p>Wie gelingt es f\u00fcr alle einen Raum der Freiheit und Intimit\u00e4t herzustellen, insbesondere f\u00fcr diejenigen Sch\u00fcler*innen, die nicht das Privileg eines in dieser Hinsicht offenen Elternhauses genie\u00dfen durften?<\/p>\n\n\n\n<p>Die Projekte zeigen: Ein genderfluider Ansatz gelingt dann, wenn die Methoden der Dekonstruktion herausfordernd, der Sog des entstehenden Bildes stark genug und das Probehandeln in einem Schutzraum stattfindet und von einem Augenzwinkern begleitet wird.<\/p>\n\n\n\n<p>_______________________<\/p>\n\n\n\n<p class=\"has-large-font-size\"><strong>Christine Biehler <\/strong><\/p>\n\n\n\n<p><strong>Christine Biehler&nbsp;<\/strong>(*1964 in Landau\/Pfalz)<strong>&nbsp;<\/strong>ist Bildende K\u00fcnstlerin und Kunstvermittlerin und arbeitet in der N\u00e4he von Frankfurt am Main. Seit 30 Jahren stellt sie europaweit aus und bekam zahlreiche Preise und Stipendien. Der Schwerpunkt ihrer bildnerischen Arbeit sind ortsspezifische Rauminstallationen und prozessuale Skulpturen.<\/p>\n\n\n\n<p>In ihrer p\u00e4dagogischen Arbeit an diversen Universit\u00e4ten und einem Gymnasium sind ebenfalls Kontextreflexion und Performativit\u00e4t die leitenden Parameter.<\/p>\n","protected":false},"excerpt":{"rendered":"<p>Aus der Unterrichtspraxis: Gender \u2013 Kunst \u2013 St\u00fccke Was hat ein Schrei aus einer \u00fcber den Kopf gest\u00fclpten Kiste, Wunschgeschichten handgeschrieben auf Papierr\u00f6cken, \u00fcbermalte Grimassen-Fotos, ein wei\u00dfer Spitzen-BH \u00fcber einem Jogginganzug eines tanzenden Jungen oder das Verschmelzen des eigenen Gesichts mit einem Schachk\u00f6nig in einer Collage miteinander zu tun? Sie sind Gender\u2013 Kunst \u2013 St\u00fccke: [&hellip;]<\/p>\n","protected":false},"author":12,"featured_media":0,"parent":190,"menu_order":0,"comment_status":"closed","ping_status":"closed","template":"page-no-title","meta":{"footnotes":""},"class_list":["post-315","page","type-page","status-publish","hentry"],"yoast_head":"<!-- This site is optimized with the Yoast SEO plugin v26.8 - https:\/\/yoast.com\/product\/yoast-seo-wordpress\/ -->\n<title>Aus der Unterrichtspraxis: Gender \u2013 Kunst \u2013 St\u00fccke - Visual Empowerment. Kunstp\u00e4dagogische Tagung an der Kunstakademie D\u00fcsseldorf<\/title>\n<meta name=\"robots\" content=\"index, follow, max-snippet:-1, max-image-preview:large, max-video-preview:-1\" \/>\n<link rel=\"canonical\" href=\"https:\/\/didaktik-der-bildenden-kuenste.de\/visualempowerment\/vortraege\/315-2\/\" \/>\n<meta property=\"og:locale\" content=\"de_DE\" \/>\n<meta property=\"og:type\" content=\"article\" \/>\n<meta property=\"og:title\" content=\"Aus der Unterrichtspraxis: Gender \u2013 Kunst \u2013 St\u00fccke - Visual Empowerment. Kunstp\u00e4dagogische Tagung an der Kunstakademie D\u00fcsseldorf\" \/>\n<meta property=\"og:description\" content=\"Aus der Unterrichtspraxis: Gender \u2013 Kunst \u2013 St\u00fccke Was hat ein Schrei aus einer \u00fcber den Kopf gest\u00fclpten Kiste, Wunschgeschichten handgeschrieben auf Papierr\u00f6cken, \u00fcbermalte Grimassen-Fotos, ein wei\u00dfer Spitzen-BH \u00fcber einem Jogginganzug eines tanzenden Jungen oder das Verschmelzen des eigenen Gesichts mit einem Schachk\u00f6nig in einer Collage miteinander zu tun? Sie sind Gender\u2013 Kunst \u2013 St\u00fccke: [&hellip;]\" \/>\n<meta property=\"og:url\" content=\"https:\/\/didaktik-der-bildenden-kuenste.de\/visualempowerment\/vortraege\/315-2\/\" \/>\n<meta property=\"og:site_name\" content=\"Visual Empowerment. Kunstp\u00e4dagogische Tagung an der Kunstakademie D\u00fcsseldorf\" \/>\n<meta property=\"article:modified_time\" content=\"2026-01-21T08:12:41+00:00\" \/>\n<meta name=\"twitter:card\" content=\"summary_large_image\" \/>\n<meta name=\"twitter:label1\" content=\"Gesch\u00e4tzte Lesezeit\" \/>\n\t<meta name=\"twitter:data1\" content=\"2\u00a0Minuten\" \/>\n<script type=\"application\/ld+json\" class=\"yoast-schema-graph\">{\"@context\":\"https:\/\/schema.org\",\"@graph\":[{\"@type\":\"WebPage\",\"@id\":\"https:\/\/didaktik-der-bildenden-kuenste.de\/visualempowerment\/vortraege\/315-2\/\",\"url\":\"https:\/\/didaktik-der-bildenden-kuenste.de\/visualempowerment\/vortraege\/315-2\/\",\"name\":\"Aus der Unterrichtspraxis: Gender \u2013 Kunst \u2013 St\u00fccke - Visual Empowerment. Kunstp\u00e4dagogische Tagung an der Kunstakademie D\u00fcsseldorf\",\"isPartOf\":{\"@id\":\"https:\/\/didaktik-der-bildenden-kuenste.de\/visualempowerment\/#website\"},\"datePublished\":\"2025-02-03T11:17:36+00:00\",\"dateModified\":\"2026-01-21T08:12:41+00:00\",\"breadcrumb\":{\"@id\":\"https:\/\/didaktik-der-bildenden-kuenste.de\/visualempowerment\/vortraege\/315-2\/#breadcrumb\"},\"inLanguage\":\"de\",\"potentialAction\":[{\"@type\":\"ReadAction\",\"target\":[\"https:\/\/didaktik-der-bildenden-kuenste.de\/visualempowerment\/vortraege\/315-2\/\"]}]},{\"@type\":\"BreadcrumbList\",\"@id\":\"https:\/\/didaktik-der-bildenden-kuenste.de\/visualempowerment\/vortraege\/315-2\/#breadcrumb\",\"itemListElement\":[{\"@type\":\"ListItem\",\"position\":1,\"name\":\"VISUAL EMPOWERMENT\",\"item\":\"https:\/\/didaktik-der-bildenden-kuenste.de\/visualempowerment\/\"},{\"@type\":\"ListItem\",\"position\":2,\"name\":\"VORTR\u00c4GE\",\"item\":\"https:\/\/didaktik-der-bildenden-kuenste.de\/visualempowerment\/vortraege\/\"},{\"@type\":\"ListItem\",\"position\":3,\"name\":\"Aus der Unterrichtspraxis: Gender \u2013 Kunst \u2013 St\u00fccke\"}]},{\"@type\":\"WebSite\",\"@id\":\"https:\/\/didaktik-der-bildenden-kuenste.de\/visualempowerment\/#website\",\"url\":\"https:\/\/didaktik-der-bildenden-kuenste.de\/visualempowerment\/\",\"name\":\"Visual Empowerment. Kunstp\u00e4dagogische Tagung an der Kunstakademie D\u00fcsseldorf\",\"description\":\"\",\"potentialAction\":[{\"@type\":\"SearchAction\",\"target\":{\"@type\":\"EntryPoint\",\"urlTemplate\":\"https:\/\/didaktik-der-bildenden-kuenste.de\/visualempowerment\/?s={search_term_string}\"},\"query-input\":{\"@type\":\"PropertyValueSpecification\",\"valueRequired\":true,\"valueName\":\"search_term_string\"}}],\"inLanguage\":\"de\"}]}<\/script>\n<!-- \/ Yoast SEO plugin. -->","yoast_head_json":{"title":"Aus der Unterrichtspraxis: Gender \u2013 Kunst \u2013 St\u00fccke - Visual Empowerment. Kunstp\u00e4dagogische Tagung an der Kunstakademie D\u00fcsseldorf","robots":{"index":"index","follow":"follow","max-snippet":"max-snippet:-1","max-image-preview":"max-image-preview:large","max-video-preview":"max-video-preview:-1"},"canonical":"https:\/\/didaktik-der-bildenden-kuenste.de\/visualempowerment\/vortraege\/315-2\/","og_locale":"de_DE","og_type":"article","og_title":"Aus der Unterrichtspraxis: Gender \u2013 Kunst \u2013 St\u00fccke - Visual Empowerment. Kunstp\u00e4dagogische Tagung an der Kunstakademie D\u00fcsseldorf","og_description":"Aus der Unterrichtspraxis: Gender \u2013 Kunst \u2013 St\u00fccke Was hat ein Schrei aus einer \u00fcber den Kopf gest\u00fclpten Kiste, Wunschgeschichten handgeschrieben auf Papierr\u00f6cken, \u00fcbermalte Grimassen-Fotos, ein wei\u00dfer Spitzen-BH \u00fcber einem Jogginganzug eines tanzenden Jungen oder das Verschmelzen des eigenen Gesichts mit einem Schachk\u00f6nig in einer Collage miteinander zu tun? Sie sind Gender\u2013 Kunst \u2013 St\u00fccke: [&hellip;]","og_url":"https:\/\/didaktik-der-bildenden-kuenste.de\/visualempowerment\/vortraege\/315-2\/","og_site_name":"Visual Empowerment. Kunstp\u00e4dagogische Tagung an der Kunstakademie D\u00fcsseldorf","article_modified_time":"2026-01-21T08:12:41+00:00","twitter_card":"summary_large_image","twitter_misc":{"Gesch\u00e4tzte Lesezeit":"2\u00a0Minuten"},"schema":{"@context":"https:\/\/schema.org","@graph":[{"@type":"WebPage","@id":"https:\/\/didaktik-der-bildenden-kuenste.de\/visualempowerment\/vortraege\/315-2\/","url":"https:\/\/didaktik-der-bildenden-kuenste.de\/visualempowerment\/vortraege\/315-2\/","name":"Aus der Unterrichtspraxis: Gender \u2013 Kunst \u2013 St\u00fccke - Visual Empowerment. Kunstp\u00e4dagogische Tagung an der Kunstakademie D\u00fcsseldorf","isPartOf":{"@id":"https:\/\/didaktik-der-bildenden-kuenste.de\/visualempowerment\/#website"},"datePublished":"2025-02-03T11:17:36+00:00","dateModified":"2026-01-21T08:12:41+00:00","breadcrumb":{"@id":"https:\/\/didaktik-der-bildenden-kuenste.de\/visualempowerment\/vortraege\/315-2\/#breadcrumb"},"inLanguage":"de","potentialAction":[{"@type":"ReadAction","target":["https:\/\/didaktik-der-bildenden-kuenste.de\/visualempowerment\/vortraege\/315-2\/"]}]},{"@type":"BreadcrumbList","@id":"https:\/\/didaktik-der-bildenden-kuenste.de\/visualempowerment\/vortraege\/315-2\/#breadcrumb","itemListElement":[{"@type":"ListItem","position":1,"name":"VISUAL EMPOWERMENT","item":"https:\/\/didaktik-der-bildenden-kuenste.de\/visualempowerment\/"},{"@type":"ListItem","position":2,"name":"VORTR\u00c4GE","item":"https:\/\/didaktik-der-bildenden-kuenste.de\/visualempowerment\/vortraege\/"},{"@type":"ListItem","position":3,"name":"Aus der Unterrichtspraxis: Gender \u2013 Kunst \u2013 St\u00fccke"}]},{"@type":"WebSite","@id":"https:\/\/didaktik-der-bildenden-kuenste.de\/visualempowerment\/#website","url":"https:\/\/didaktik-der-bildenden-kuenste.de\/visualempowerment\/","name":"Visual Empowerment. Kunstp\u00e4dagogische Tagung an der Kunstakademie D\u00fcsseldorf","description":"","potentialAction":[{"@type":"SearchAction","target":{"@type":"EntryPoint","urlTemplate":"https:\/\/didaktik-der-bildenden-kuenste.de\/visualempowerment\/?s={search_term_string}"},"query-input":{"@type":"PropertyValueSpecification","valueRequired":true,"valueName":"search_term_string"}}],"inLanguage":"de"}]}},"_links":{"self":[{"href":"https:\/\/didaktik-der-bildenden-kuenste.de\/visualempowerment\/wp-json\/wp\/v2\/pages\/315","targetHints":{"allow":["GET"]}}],"collection":[{"href":"https:\/\/didaktik-der-bildenden-kuenste.de\/visualempowerment\/wp-json\/wp\/v2\/pages"}],"about":[{"href":"https:\/\/didaktik-der-bildenden-kuenste.de\/visualempowerment\/wp-json\/wp\/v2\/types\/page"}],"author":[{"embeddable":true,"href":"https:\/\/didaktik-der-bildenden-kuenste.de\/visualempowerment\/wp-json\/wp\/v2\/users\/12"}],"replies":[{"embeddable":true,"href":"https:\/\/didaktik-der-bildenden-kuenste.de\/visualempowerment\/wp-json\/wp\/v2\/comments?post=315"}],"version-history":[{"count":7,"href":"https:\/\/didaktik-der-bildenden-kuenste.de\/visualempowerment\/wp-json\/wp\/v2\/pages\/315\/revisions"}],"predecessor-version":[{"id":449,"href":"https:\/\/didaktik-der-bildenden-kuenste.de\/visualempowerment\/wp-json\/wp\/v2\/pages\/315\/revisions\/449"}],"up":[{"embeddable":true,"href":"https:\/\/didaktik-der-bildenden-kuenste.de\/visualempowerment\/wp-json\/wp\/v2\/pages\/190"}],"wp:attachment":[{"href":"https:\/\/didaktik-der-bildenden-kuenste.de\/visualempowerment\/wp-json\/wp\/v2\/media?parent=315"}],"curies":[{"name":"wp","href":"https:\/\/api.w.org\/{rel}","templated":true}]}}

Aus der Unterrichtspraxis: Gender – Kunst – Stücke

<p class="has-large-font-size"><strong>Aus der Unterrichtspraxis: </strong><br><strong>Gender – Kunst – Stücke</strong></p>



<p>Was hat ein Schrei aus einer über den Kopf gestülpten Kiste, Wunschgeschichten handgeschrieben auf Papierröcken, übermalte Grimassen-Fotos, ein weißer Spitzen-BH über einem Jogginganzug eines tanzenden Jungen oder das Verschmelzen des eigenen Gesichts mit einem Schachkönig in einer Collage miteinander zu tun?</p>



<p>Sie sind Gender– Kunst – Stücke: Material, Ergebnisse oder Momente eines Kunstunterrichts, der auf Prozesse setzt und der implizit oder explizit versucht, stereotype Vorstellungen von Geschlecht und statische Vorstellungen von Identität lustvoll aufzuweichen oder zu transformieren. Das Spiel mündet in die akkurate Arbeit am künstlerischen Ergebnis &#8211; ob Fotoinszenierung, Performance, Film oder Objekt. Hier spielt dann nicht das Thema die erste Rolle, erst recht nicht seine Darstellung, sondern die Herstellung und die Arbeit an der Form steht im Fokus, einer Form, die ambivalente Erzählungen möglich machen soll.</p>



<p>Einige Beispiele aus der eigenen Unterrichtspraxis in Ober- und Mittelstufe an einem Gymnasium werden im Vortrag vorgestellt und unter den Aspekten Gender, Diversität und Körperlichkeit diskutiert.</p>



<p>Man kann sich fragen: Wie können altersbedingte Scham oder Unsicherheiten von der Freude an der Entdeckung und Überschreitung verdrängt werden? Warum gelingt diese provozierte Bewegung im Kunstunterricht manchmal nicht? Sind die Methoden des Dekonstruierens von stereotypen Geschlechterbildern in einem Alter adäquat, das von Bedürfnissen nach Orientierung und Gewissheiten geprägt ist? </p>



<p>Was sind die personellen und räumlichen Voraussetzungen für diese Projekte? Wo stößt das aufgeklärte Selbstverständnis der Lehrenden trotz viel Wohlwollen an seine Grenzen?</p>



<p>Wie gelingt es für alle einen Raum der Freiheit und Intimität herzustellen, insbesondere für diejenigen Schüler*innen, die nicht das Privileg eines in dieser Hinsicht offenen Elternhauses genießen durften?</p>



<p>Die Projekte zeigen: Ein genderfluider Ansatz gelingt dann, wenn die Methoden der Dekonstruktion herausfordernd, der Sog des entstehenden Bildes stark genug und das Probehandeln in einem Schutzraum stattfindet und von einem Augenzwinkern begleitet wird.</p>



<p>_______________________</p>



<p class="has-large-font-size"><strong>Christine Biehler </strong></p>



<p><strong>Christine Biehler&nbsp;</strong>(*1964 in Landau/Pfalz)<strong>&nbsp;</strong>ist Bildende Künstlerin und Kunstvermittlerin und arbeitet in der Nähe von Frankfurt am Main. Seit 30 Jahren stellt sie europaweit aus und bekam zahlreiche Preise und Stipendien. Der Schwerpunkt ihrer bildnerischen Arbeit sind ortsspezifische Rauminstallationen und prozessuale Skulpturen.</p>



<p>In ihrer pädagogischen Arbeit an diversen Universitäten und einem Gymnasium sind ebenfalls Kontextreflexion und Performativität die leitenden Parameter.</p>

<p>Aus der Unterrichtspraxis: Gender – Kunst – Stücke Was hat ein Schrei aus einer über den Kopf gestülpten Kiste, Wunschgeschichten handgeschrieben auf Papierröcken, übermalte Grimassen-Fotos, ein weißer Spitzen-BH über einem Jogginganzug eines tanzenden Jungen oder das Verschmelzen des eigenen Gesichts mit einem Schachkönig in einer Collage miteinander zu tun? Sie sind Gender– Kunst – Stücke: [&hellip;]</p>

<!-- This site is optimized with the Yoast SEO plugin v26.8 - https://yoast.com/product/yoast-seo-wordpress/ -->
<title>Aus der Unterrichtspraxis: Gender – Kunst – Stücke - Visual Empowerment. Kunstpädagogische Tagung an der Kunstakademie Düsseldorf</title>
<meta name="robots" content="index, follow, max-snippet:-1, max-image-preview:large, max-video-preview:-1" />
<link rel="canonical" href="https://didaktik-der-bildenden-kuenste.de/visualempowerment/vortraege/315-2/" />
<meta property="og:locale" content="de_DE" />
<meta property="og:type" content="article" />
<meta property="og:title" content="Aus der Unterrichtspraxis: Gender – Kunst – Stücke - Visual Empowerment. Kunstpädagogische Tagung an der Kunstakademie Düsseldorf" />
<meta property="og:description" content="Aus der Unterrichtspraxis: Gender – Kunst – Stücke Was hat ein Schrei aus einer über den Kopf gestülpten Kiste, Wunschgeschichten handgeschrieben auf Papierröcken, übermalte Grimassen-Fotos, ein weißer Spitzen-BH über einem Jogginganzug eines tanzenden Jungen oder das Verschmelzen des eigenen Gesichts mit einem Schachkönig in einer Collage miteinander zu tun? Sie sind Gender– Kunst – Stücke: [&hellip;]" />
<meta property="og:url" content="https://didaktik-der-bildenden-kuenste.de/visualempowerment/vortraege/315-2/" />
<meta property="og:site_name" content="Visual Empowerment. Kunstpädagogische Tagung an der Kunstakademie Düsseldorf" />
<meta property="article:modified_time" content="2026-01-21T08:12:41+00:00" />
<meta name="twitter:card" content="summary_large_image" />
<meta name="twitter:label1" content="Geschätzte Lesezeit" />
	<meta name="twitter:data1" content="2 Minuten" />
<script type="application/ld+json" class="yoast-schema-graph">{"@context":"https://schema.org","@graph":[{"@type":"WebPage","@id":"https://didaktik-der-bildenden-kuenste.de/visualempowerment/vortraege/315-2/","url":"https://didaktik-der-bildenden-kuenste.de/visualempowerment/vortraege/315-2/","name":"Aus der Unterrichtspraxis: Gender – Kunst – Stücke - Visual Empowerment. Kunstpädagogische Tagung an der Kunstakademie Düsseldorf","isPartOf":{"@id":"https://didaktik-der-bildenden-kuenste.de/visualempowerment/#website"},"datePublished":"2025-02-03T11:17:36+00:00","dateModified":"2026-01-21T08:12:41+00:00","breadcrumb":{"@id":"https://didaktik-der-bildenden-kuenste.de/visualempowerment/vortraege/315-2/#breadcrumb"},"inLanguage":"de","potentialAction":[{"@type":"ReadAction","target":["https://didaktik-der-bildenden-kuenste.de/visualempowerment/vortraege/315-2/"]}]},{"@type":"BreadcrumbList","@id":"https://didaktik-der-bildenden-kuenste.de/visualempowerment/vortraege/315-2/#breadcrumb","itemListElement":[{"@type":"ListItem","position":1,"name":"VISUAL EMPOWERMENT","item":"https://didaktik-der-bildenden-kuenste.de/visualempowerment/"},{"@type":"ListItem","position":2,"name":"VORTRÄGE","item":"https://didaktik-der-bildenden-kuenste.de/visualempowerment/vortraege/"},{"@type":"ListItem","position":3,"name":"Aus der Unterrichtspraxis: Gender – Kunst – Stücke"}]},{"@type":"WebSite","@id":"https://didaktik-der-bildenden-kuenste.de/visualempowerment/#website","url":"https://didaktik-der-bildenden-kuenste.de/visualempowerment/","name":"Visual Empowerment. Kunstpädagogische Tagung an der Kunstakademie Düsseldorf","description":"","potentialAction":[{"@type":"SearchAction","target":{"@type":"EntryPoint","urlTemplate":"https://didaktik-der-bildenden-kuenste.de/visualempowerment/?s={search_term_string}"},"query-input":{"@type":"PropertyValueSpecification","valueRequired":true,"valueName":"search_term_string"}}],"inLanguage":"de"}]}</script>
<!-- / Yoast SEO plugin. -->

Aus der Unterrichtspraxis: Gender – Kunst – Stücke - Visual Empowerment. Kunstpädagogische Tagung an der Kunstakademie Düsseldorf

Aus der Unterrichtspraxis: Gender – Kunst – Stücke Was hat ein Schrei aus einer über den Kopf gestülpten Kiste, Wunschgeschichten handgeschrieben auf Papierröcken, übermalte Grimassen-Fotos, ein weißer Spitzen-BH über einem Jogginganzug eines tanzenden Jungen oder das Verschmelzen des eigenen Gesichts mit einem Schachkönig in einer Collage miteinander zu tun? Sie sind Gender– Kunst – Stücke: [&hellip;]

Visual Empowerment. Kunstpädagogische Tagung an der Kunstakademie Düsseldorf

VORTRÄGE
