{"id":353,"date":"2025-03-20T09:40:23","date_gmt":"2025-03-20T08:40:23","guid":{"rendered":"https:\/\/didaktik-der-bildenden-kuenste.de\/visualempowerment\/?page_id=353"},"modified":"2026-01-19T16:29:09","modified_gmt":"2026-01-19T15:29:09","slug":"materialsammlung","status":"publish","type":"page","link":"https:\/\/didaktik-der-bildenden-kuenste.de\/visualempowerment\/materialsammlung\/","title":{"rendered":"MATERIALSAMMLUNG"},"content":{"rendered":"","protected":true},"excerpt":{"rendered":"","protected":true},"author":12,"featured_media":0,"parent":0,"menu_order":0,"comment_status":"closed","ping_status":"closed","template":"","meta":{"footnotes":""},"class_list":["post-353","page","type-page","status-publish","post-password-required","hentry"],"yoast_head":"<!-- This site is optimized with the Yoast SEO plugin v26.8 - https:\/\/yoast.com\/product\/yoast-seo-wordpress\/ -->\n<title>MATERIALSAMMLUNG - Visual Empowerment. Kunstp\u00e4dagogische Tagung an der Kunstakademie D\u00fcsseldorf<\/title>\n<meta name=\"robots\" content=\"index, follow, max-snippet:-1, max-image-preview:large, max-video-preview:-1\" \/>\n<link rel=\"canonical\" href=\"https:\/\/didaktik-der-bildenden-kuenste.de\/visualempowerment\/materialsammlung\/\" \/>\n<meta property=\"og:locale\" content=\"de_DE\" \/>\n<meta property=\"og:type\" content=\"article\" \/>\n<meta property=\"og:title\" content=\"MATERIALSAMMLUNG - Visual Empowerment. Kunstp\u00e4dagogische Tagung an der Kunstakademie D\u00fcsseldorf\" \/>\n<meta property=\"og:description\" content=\"Es gibt keinen Textauszug, da dies ein gesch\u00fctzter Beitrag ist.\" \/>\n<meta property=\"og:url\" content=\"https:\/\/didaktik-der-bildenden-kuenste.de\/visualempowerment\/materialsammlung\/\" \/>\n<meta property=\"og:site_name\" content=\"Visual Empowerment. Kunstp\u00e4dagogische Tagung an der Kunstakademie D\u00fcsseldorf\" \/>\n<meta property=\"article:modified_time\" content=\"2026-01-19T15:29:09+00:00\" \/>\n<meta name=\"twitter:card\" content=\"summary_large_image\" \/>\n<script type=\"application\/ld+json\" class=\"yoast-schema-graph\">{\"@context\":\"https:\/\/schema.org\",\"@graph\":[{\"@type\":\"WebPage\",\"@id\":\"https:\/\/didaktik-der-bildenden-kuenste.de\/visualempowerment\/materialsammlung\/\",\"url\":\"https:\/\/didaktik-der-bildenden-kuenste.de\/visualempowerment\/materialsammlung\/\",\"name\":\"MATERIALSAMMLUNG - Visual Empowerment. Kunstp\u00e4dagogische Tagung an der Kunstakademie D\u00fcsseldorf\",\"isPartOf\":{\"@id\":\"https:\/\/didaktik-der-bildenden-kuenste.de\/visualempowerment\/#website\"},\"datePublished\":\"2025-03-20T08:40:23+00:00\",\"dateModified\":\"2026-01-19T15:29:09+00:00\",\"breadcrumb\":{\"@id\":\"https:\/\/didaktik-der-bildenden-kuenste.de\/visualempowerment\/materialsammlung\/#breadcrumb\"},\"inLanguage\":\"de\"},{\"@type\":\"WebSite\",\"@id\":\"https:\/\/didaktik-der-bildenden-kuenste.de\/visualempowerment\/#website\",\"url\":\"https:\/\/didaktik-der-bildenden-kuenste.de\/visualempowerment\/\",\"name\":\"Visual Empowerment. Kunstp\u00e4dagogische Tagung an der Kunstakademie D\u00fcsseldorf\",\"description\":\"\",\"potentialAction\":[{\"@type\":\"SearchAction\",\"target\":{\"@type\":\"EntryPoint\",\"urlTemplate\":\"https:\/\/didaktik-der-bildenden-kuenste.de\/visualempowerment\/?s={search_term_string}\"},\"query-input\":{\"@type\":\"PropertyValueSpecification\",\"valueRequired\":true,\"valueName\":\"search_term_string\"}}],\"inLanguage\":\"de\"}]}<\/script>\n<!-- \/ Yoast SEO plugin. -->","yoast_head_json":{"title":"MATERIALSAMMLUNG - Visual Empowerment. Kunstp\u00e4dagogische Tagung an der Kunstakademie D\u00fcsseldorf","robots":{"index":"index","follow":"follow","max-snippet":"max-snippet:-1","max-image-preview":"max-image-preview:large","max-video-preview":"max-video-preview:-1"},"canonical":"https:\/\/didaktik-der-bildenden-kuenste.de\/visualempowerment\/materialsammlung\/","og_locale":"de_DE","og_type":"article","og_title":"MATERIALSAMMLUNG - Visual Empowerment. Kunstp\u00e4dagogische Tagung an der Kunstakademie D\u00fcsseldorf","og_description":"Es gibt keinen Textauszug, da dies ein gesch\u00fctzter Beitrag ist.","og_url":"https:\/\/didaktik-der-bildenden-kuenste.de\/visualempowerment\/materialsammlung\/","og_site_name":"Visual Empowerment. Kunstp\u00e4dagogische Tagung an der Kunstakademie D\u00fcsseldorf","article_modified_time":"2026-01-19T15:29:09+00:00","twitter_card":"summary_large_image","schema":{"@context":"https:\/\/schema.org","@graph":[{"@type":"WebPage","@id":"https:\/\/didaktik-der-bildenden-kuenste.de\/visualempowerment\/materialsammlung\/","url":"https:\/\/didaktik-der-bildenden-kuenste.de\/visualempowerment\/materialsammlung\/","name":"MATERIALSAMMLUNG - Visual Empowerment. Kunstp\u00e4dagogische Tagung an der Kunstakademie D\u00fcsseldorf","isPartOf":{"@id":"https:\/\/didaktik-der-bildenden-kuenste.de\/visualempowerment\/#website"},"datePublished":"2025-03-20T08:40:23+00:00","dateModified":"2026-01-19T15:29:09+00:00","breadcrumb":{"@id":"https:\/\/didaktik-der-bildenden-kuenste.de\/visualempowerment\/materialsammlung\/#breadcrumb"},"inLanguage":"de"},{"@type":"WebSite","@id":"https:\/\/didaktik-der-bildenden-kuenste.de\/visualempowerment\/#website","url":"https:\/\/didaktik-der-bildenden-kuenste.de\/visualempowerment\/","name":"Visual Empowerment. Kunstp\u00e4dagogische Tagung an der Kunstakademie D\u00fcsseldorf","description":"","potentialAction":[{"@type":"SearchAction","target":{"@type":"EntryPoint","urlTemplate":"https:\/\/didaktik-der-bildenden-kuenste.de\/visualempowerment\/?s={search_term_string}"},"query-input":{"@type":"PropertyValueSpecification","valueRequired":true,"valueName":"search_term_string"}}],"inLanguage":"de"}]}},"_links":{"self":[{"href":"https:\/\/didaktik-der-bildenden-kuenste.de\/visualempowerment\/wp-json\/wp\/v2\/pages\/353","targetHints":{"allow":["GET"]}}],"collection":[{"href":"https:\/\/didaktik-der-bildenden-kuenste.de\/visualempowerment\/wp-json\/wp\/v2\/pages"}],"about":[{"href":"https:\/\/didaktik-der-bildenden-kuenste.de\/visualempowerment\/wp-json\/wp\/v2\/types\/page"}],"author":[{"embeddable":true,"href":"https:\/\/didaktik-der-bildenden-kuenste.de\/visualempowerment\/wp-json\/wp\/v2\/users\/12"}],"replies":[{"embeddable":true,"href":"https:\/\/didaktik-der-bildenden-kuenste.de\/visualempowerment\/wp-json\/wp\/v2\/comments?post=353"}],"version-history":[{"count":20,"href":"https:\/\/didaktik-der-bildenden-kuenste.de\/visualempowerment\/wp-json\/wp\/v2\/pages\/353\/revisions"}],"predecessor-version":[{"id":436,"href":"https:\/\/didaktik-der-bildenden-kuenste.de\/visualempowerment\/wp-json\/wp\/v2\/pages\/353\/revisions\/436"}],"wp:attachment":[{"href":"https:\/\/didaktik-der-bildenden-kuenste.de\/visualempowerment\/wp-json\/wp\/v2\/media?parent=353"}],"curies":[{"name":"wp","href":"https:\/\/api.w.org\/{rel}","templated":true}]}}

<!-- This site is optimized with the Yoast SEO plugin v26.8 - https://yoast.com/product/yoast-seo-wordpress/ -->
<title>MATERIALSAMMLUNG - Visual Empowerment. Kunstpädagogische Tagung an der Kunstakademie Düsseldorf</title>
<meta name="robots" content="index, follow, max-snippet:-1, max-image-preview:large, max-video-preview:-1" />
<link rel="canonical" href="https://didaktik-der-bildenden-kuenste.de/visualempowerment/materialsammlung/" />
<meta property="og:locale" content="de_DE" />
<meta property="og:type" content="article" />
<meta property="og:title" content="MATERIALSAMMLUNG - Visual Empowerment. Kunstpädagogische Tagung an der Kunstakademie Düsseldorf" />
<meta property="og:description" content="Es gibt keinen Textauszug, da dies ein geschützter Beitrag ist." />
<meta property="og:url" content="https://didaktik-der-bildenden-kuenste.de/visualempowerment/materialsammlung/" />
<meta property="og:site_name" content="Visual Empowerment. Kunstpädagogische Tagung an der Kunstakademie Düsseldorf" />
<meta property="article:modified_time" content="2026-01-19T15:29:09+00:00" />
<meta name="twitter:card" content="summary_large_image" />
<script type="application/ld+json" class="yoast-schema-graph">{"@context":"https://schema.org","@graph":[{"@type":"WebPage","@id":"https://didaktik-der-bildenden-kuenste.de/visualempowerment/materialsammlung/","url":"https://didaktik-der-bildenden-kuenste.de/visualempowerment/materialsammlung/","name":"MATERIALSAMMLUNG - Visual Empowerment. Kunstpädagogische Tagung an der Kunstakademie Düsseldorf","isPartOf":{"@id":"https://didaktik-der-bildenden-kuenste.de/visualempowerment/#website"},"datePublished":"2025-03-20T08:40:23+00:00","dateModified":"2026-01-19T15:29:09+00:00","breadcrumb":{"@id":"https://didaktik-der-bildenden-kuenste.de/visualempowerment/materialsammlung/#breadcrumb"},"inLanguage":"de"},{"@type":"WebSite","@id":"https://didaktik-der-bildenden-kuenste.de/visualempowerment/#website","url":"https://didaktik-der-bildenden-kuenste.de/visualempowerment/","name":"Visual Empowerment. Kunstpädagogische Tagung an der Kunstakademie Düsseldorf","description":"","potentialAction":[{"@type":"SearchAction","target":{"@type":"EntryPoint","urlTemplate":"https://didaktik-der-bildenden-kuenste.de/visualempowerment/?s={search_term_string}"},"query-input":{"@type":"PropertyValueSpecification","valueRequired":true,"valueName":"search_term_string"}}],"inLanguage":"de"}]}</script>
<!-- / Yoast SEO plugin. -->

MATERIALSAMMLUNG - Visual Empowerment. Kunstpädagogische Tagung an der Kunstakademie Düsseldorf

Es gibt keinen Textauszug, da dies ein geschützter Beitrag ist.

Visual Empowerment. Kunstpädagogische Tagung an der Kunstakademie Düsseldorf
